Nov 01 12:12:58.208 INFO testing danieldk/conllx-utils against 1.30.0 for beta-1.31-1
Nov 01 12:12:58.209 INFO running `"docker" "create" "-v" "/mnt/big/crater/work/local/target-dirs/beta-1.31-1/worker-5/1.30.0:/target:rw,Z" "-v" "/mnt/big/crater/work/local/test-source/worker-5/beta-1.31-1/1.30.0:/source:ro,Z" "-v" "/mnt/big/crater/work/local/cargo-home:/cargo-home:ro,Z" "-v" "/mnt/big/crater/work/local/rustup-home:/rustup-home:ro,Z" "-e" "USER_ID=1000" "-e" "SOURCE_DIR=/source" "-e" "USER_ID=1000" "-e" "CMD=cargo +1.30.0 build --frozen" "-e" "CARGO_TARGET_DIR=/target" "-e" "CARGO_INCREMENTAL=0" "-e" "RUST_BACKTRACE=full" "-e" "RUSTFLAGS=--cap-lints=warn" "-e" "CARGO_HOME=/cargo-home" "-e" "RUSTUP_HOME=/rustup-home" "-m" "1536M" "--network" "none" "crater"`
Nov 01 12:12:58.716 INFO blam! 75db00d4451e39a16cfd0535af31b5241f8b8db33d8119b3b1337ab9fe182d1c
Nov 01 12:12:58.727 INFO running `"docker" "start" "-a" "75db00d4451e39a16cfd0535af31b5241f8b8db33d8119b3b1337ab9fe182d1c"`
Nov 01 12:13:00.203 INFO kablam! usermod: no changes
Nov 01 12:13:00.457 INFO kablam!    Compiling lazy-init v0.3.0
Nov 01 12:13:00.457 INFO kablam!    Compiling stdinout v0.4.0
Nov 01 12:13:00.457 INFO kablam!    Compiling maplit v0.1.6
Nov 01 12:13:00.457 INFO kablam!    Compiling petgraph v0.4.12
Nov 01 12:13:00.457 INFO kablam!    Compiling itertools v0.6.5
Nov 01 12:13:00.457 INFO kablam!    Compiling reservoir v0.2.0
Nov 01 12:13:00.495 INFO kablam!    Compiling flate2 v0.2.20
Nov 01 12:13:05.055 INFO kablam! error[E0034]: multiple applicable items in scope
Nov 01 12:13:05.055 INFO kablam!     --> /cargo-home/registry/src/github.com-1ecc6299db9ec823/petgraph-0.4.12/src/graph_impl/stable_graph/mod.rs:1171:19
Nov 01 12:13:05.055 INFO kablam!      |
Nov 01 12:13:05.055 INFO kablam! 1171 |         self.iter.find_map(|(i, node)| {
Nov 01 12:13:05.055 INFO kablam!      |                   ^^^^^^^^ multiple `find_map` found
Nov 01 12:13:05.055 INFO kablam!      |
Nov 01 12:13:05.055 INFO kablam! note: candidate #1 is defined in an impl of the trait `iter_utils::IterUtilsExt` for the type `_`
Nov 01 12:13:05.055 INFO kablam!     --> /cargo-home/registry/src/github.com-1ecc6299db9ec823/petgraph-0.4.12/src/iter_utils.rs:5:5
Nov 01 12:13:05.055 INFO kablam!      |
Nov 01 12:13:05.055 INFO kablam! 5    | /     fn find_map<F, R>(&mut self, mut f: F) -> Option<R>
Nov 01 12:13:05.055 INFO kablam! 6    | |         where F: FnMut(Self::Item) -> Option<R>
Nov 01 12:13:05.055 INFO kablam! 7    | |     {
Nov 01 12:13:05.055 INFO kablam! 8    | |         while let Some(elt) = self.next() {
Nov 01 12:13:05.055 INFO kablam! ...    |
Nov 01 12:13:05.055 INFO kablam! 13   | |         None
Nov 01 12:13:05.055 INFO kablam! 14   | |     }
Nov 01 12:13:05.055 INFO kablam!      | |_____^
Nov 01 12:13:05.055 INFO kablam!      = note: candidate #2 is defined in an impl of the trait `std::iter::Iterator` for the type `std::iter::Enumerate<_>`
Nov 01 12:13:05.055 INFO kablam! 
Nov 01 12:13:05.071 INFO kablam! error[E0034]: multiple applicable items in scope
Nov 01 12:13:05.071 INFO kablam!     --> /cargo-home/registry/src/github.com-1ecc6299db9ec823/petgraph-0.4.12/src/graph_impl/stable_graph/mod.rs:1363:19
Nov 01 12:13:05.071 INFO kablam!      |
Nov 01 12:13:05.071 INFO kablam! 1363 |         self.iter.find_map(|(i, edge)|
Nov 01 12:13:05.071 INFO kablam!      |                   ^^^^^^^^ multiple `find_map` found
Nov 01 12:13:05.071 INFO kablam!      |
Nov 01 12:13:05.071 INFO kablam! note: candidate #1 is defined in an impl of the trait `iter_utils::IterUtilsExt` for the type `_`
Nov 01 12:13:05.071 INFO kablam!     --> /cargo-home/registry/src/github.com-1ecc6299db9ec823/petgraph-0.4.12/src/iter_utils.rs:5:5
Nov 01 12:13:05.071 INFO kablam!      |
Nov 01 12:13:05.071 INFO kablam! 5    | /     fn find_map<F, R>(&mut self, mut f: F) -> Option<R>
Nov 01 12:13:05.071 INFO kablam! 6    | |         where F: FnMut(Self::Item) -> Option<R>
Nov 01 12:13:05.071 INFO kablam! 7    | |     {
Nov 01 12:13:05.071 INFO kablam! 8    | |         while let Some(elt) = self.next() {
Nov 01 12:13:05.071 INFO kablam! ...    |
Nov 01 12:13:05.071 INFO kablam! 13   | |         None
Nov 01 12:13:05.071 INFO kablam! 14   | |     }
Nov 01 12:13:05.071 INFO kablam!      | |_____^
Nov 01 12:13:05.071 INFO kablam!      = note: candidate #2 is defined in an impl of the trait `std::iter::Iterator` for the type `std::iter::Enumerate<_>`
Nov 01 12:13:05.071 INFO kablam! 
Nov 01 12:13:05.079 INFO kablam! error[E0034]: multiple applicable items in scope
Nov 01 12:13:05.079 INFO kablam!     --> /cargo-home/registry/src/github.com-1ecc6299db9ec823/petgraph-0.4.12/src/graph_impl/stable_graph/mod.rs:1527:19
Nov 01 12:13:05.079 INFO kablam!      |
Nov 01 12:13:05.079 INFO kablam! 1527 |         self.iter.find_map(|(i, node)| {
Nov 01 12:13:05.079 INFO kablam!      |                   ^^^^^^^^ multiple `find_map` found
Nov 01 12:13:05.079 INFO kablam!      |
Nov 01 12:13:05.079 INFO kablam! note: candidate #1 is defined in an impl of the trait `iter_utils::IterUtilsExt` for the type `_`
Nov 01 12:13:05.079 INFO kablam!     --> /cargo-home/registry/src/github.com-1ecc6299db9ec823/petgraph-0.4.12/src/iter_utils.rs:5:5
Nov 01 12:13:05.079 INFO kablam!      |
Nov 01 12:13:05.079 INFO kablam! 5    | /     fn find_map<F, R>(&mut self, mut f: F) -> Option<R>
Nov 01 12:13:05.079 INFO kablam! 6    | |         where F: FnMut(Self::Item) -> Option<R>
Nov 01 12:13:05.079 INFO kablam! 7    | |     {
Nov 01 12:13:05.079 INFO kablam! 8    | |         while let Some(elt) = self.next() {
Nov 01 12:13:05.079 INFO kablam! ...    |
Nov 01 12:13:05.079 INFO kablam! 13   | |         None
Nov 01 12:13:05.079 INFO kablam! 14   | |     }
Nov 01 12:13:05.079 INFO kablam!      | |_____^
Nov 01 12:13:05.079 INFO kablam!      = note: candidate #2 is defined in an impl of the trait `std::iter::Iterator` for the type `std::iter::Enumerate<_>`
Nov 01 12:13:05.079 INFO kablam! 
Nov 01 12:13:05.087 INFO kablam! error[E0034]: multiple applicable items in scope
Nov 01 12:13:05.087 INFO kablam!     --> /cargo-home/registry/src/github.com-1ecc6299db9ec823/petgraph-0.4.12/src/graph_impl/stable_graph/mod.rs:1573:19
Nov 01 12:13:05.087 INFO kablam!      |
Nov 01 12:13:05.087 INFO kablam! 1573 |         self.iter.find_map(|(i, node)| {
Nov 01 12:13:05.087 INFO kablam!      |                   ^^^^^^^^ multiple `find_map` found
Nov 01 12:13:05.087 INFO kablam!      |
Nov 01 12:13:05.087 INFO kablam! note: candidate #1 is defined in an impl of the trait `iter_utils::IterUtilsExt` for the type `_`
Nov 01 12:13:05.087 INFO kablam!     --> /cargo-home/registry/src/github.com-1ecc6299db9ec823/petgraph-0.4.12/src/iter_utils.rs:5:5
Nov 01 12:13:05.087 INFO kablam!      |
Nov 01 12:13:05.087 INFO kablam! 5    | /     fn find_map<F, R>(&mut self, mut f: F) -> Option<R>
Nov 01 12:13:05.087 INFO kablam! 6    | |         where F: FnMut(Self::Item) -> Option<R>
Nov 01 12:13:05.087 INFO kablam! 7    | |     {
Nov 01 12:13:05.087 INFO kablam! 8    | |         while let Some(elt) = self.next() {
Nov 01 12:13:05.087 INFO kablam! ...    |
Nov 01 12:13:05.087 INFO kablam! 13   | |         None
Nov 01 12:13:05.087 INFO kablam! 14   | |     }
Nov 01 12:13:05.087 INFO kablam!      | |_____^
Nov 01 12:13:05.087 INFO kablam!      = note: candidate #2 is defined in an impl of the trait `std::iter::Iterator` for the type `std::iter::Enumerate<_>`
Nov 01 12:13:05.087 INFO kablam! 
Nov 01 12:13:05.320 INFO kablam! error: aborting due to 4 previous errors
Nov 01 12:13:05.320 INFO kablam! 
Nov 01 12:13:05.320 INFO kablam! For more information about this error, try `rustc --explain E0034`.
Nov 01 12:13:05.330 INFO kablam! error: Could not compile `petgraph`.
Nov 01 12:13:05.330 INFO kablam! 
Nov 01 12:13:05.330 INFO kablam! To learn more, run the command again with --verbose.
Nov 01 12:13:05.332 INFO kablam! su: No module specific data is present
Nov 01 12:13:05.828 INFO running `"docker" "rm" "-f" "75db00d4451e39a16cfd0535af31b5241f8b8db33d8119b3b1337ab9fe182d1c"`
Nov 01 12:13:05.947 INFO blam! 75db00d4451e39a16cfd0535af31b5241f8b8db33d8119b3b1337ab9fe182d1c
