Nov 01 13:08:52.473 INFO testing christiansakai/app against 1.30.0 for beta-1.31-1
Nov 01 13:08:52.473 INFO running `"docker" "create" "-v" "/mnt/big/crater/work/local/target-dirs/beta-1.31-1/worker-6/1.30.0:/target:rw,Z" "-v" "/mnt/big/crater/work/local/test-source/worker-6/beta-1.31-1/1.30.0:/source:ro,Z" "-v" "/mnt/big/crater/work/local/cargo-home:/cargo-home:ro,Z" "-v" "/mnt/big/crater/work/local/rustup-home:/rustup-home:ro,Z" "-e" "USER_ID=1000" "-e" "SOURCE_DIR=/source" "-e" "USER_ID=1000" "-e" "CMD=cargo +1.30.0 build --frozen" "-e" "CARGO_TARGET_DIR=/target" "-e" "CARGO_INCREMENTAL=0" "-e" "RUST_BACKTRACE=full" "-e" "RUSTFLAGS=--cap-lints=warn" "-e" "CARGO_HOME=/cargo-home" "-e" "RUSTUP_HOME=/rustup-home" "-m" "1536M" "--network" "none" "crater"`
Nov 01 13:08:52.871 INFO blam! 9554ff48c8b649e036d488670f342d762e50656a53903e57f52f5988c7db0ec1
Nov 01 13:08:52.873 INFO running `"docker" "start" "-a" "9554ff48c8b649e036d488670f342d762e50656a53903e57f52f5988c7db0ec1"`
Nov 01 13:08:54.127 INFO kablam! usermod: no changes
Nov 01 13:08:54.415 INFO kablam!    Compiling memchr v2.1.0
Nov 01 13:08:54.419 INFO kablam!    Compiling pear_codegen v0.0.20
Nov 01 13:08:54.420 INFO kablam!    Compiling rocket v0.3.17
Nov 01 13:08:54.420 INFO kablam!    Compiling rocket_codegen v0.3.17
Nov 01 13:08:54.420 INFO kablam!    Compiling ring v0.11.0
Nov 01 13:08:54.838 INFO kablam! error: failed to run custom build command for `pear_codegen v0.0.20`
Nov 01 13:08:54.843 INFO kablam! process didn't exit successfully: `/target/debug/build/pear_codegen-f065481c891cbf91/build-script-build` (exit code: 101)
Nov 01 13:08:54.843 INFO kablam! --- stderr
Nov 01 13:08:54.843 INFO kablam! [1;31mError:[0m [37mPear requires a nightly or dev version of Rust.[0m
Nov 01 13:08:54.843 INFO kablam! [37mInstalled version is:[0m [33m1.30.0 (2018-10-24)[0m. [37mMinimum required:[0m [33m1.30.0-nightly (2018-08-23)[0m.
Nov 01 13:08:54.843 INFO kablam! thread 'main' panicked at 'Aborting compilation due to incompatible compiler.', /cargo-home/registry/src/github.com-1ecc6299db9ec823/pear_codegen-0.0.20/build.rs:31:13
Nov 01 13:08:54.843 INFO kablam! stack backtrace:
Nov 01 13:08:54.843 INFO kablam!    0:     0x55be4a83953e - std::sys::unix::backtrace::tracing::imp::unwind_backtrace::hf5316c67202e23c8
Nov 01 13:08:54.843 INFO kablam!                                at libstd/sys/unix/backtrace/tracing/gcc_s.rs:49
Nov 01 13:08:54.843 INFO kablam!    1:     0x55be4a82ab66 - std::sys_common::backtrace::print::h3068ed2a6dc7ac86
Nov 01 13:08:54.843 INFO kablam!                                at libstd/sys_common/backtrace.rs:71
Nov 01 13:08:54.843 INFO kablam!                                at libstd/sys_common/backtrace.rs:59
Nov 01 13:08:54.843 INFO kablam!    2:     0x55be4a82945d - std::panicking::default_hook::{{closure}}::h1b9d29cc09d41897
Nov 01 13:08:54.843 INFO kablam!                                at libstd/panicking.rs:211
Nov 01 13:08:54.843 INFO kablam!    3:     0x55be4a8291d0 - std::panicking::default_hook::h3a27b204a313406b
Nov 01 13:08:54.843 INFO kablam!                                at libstd/panicking.rs:227
Nov 01 13:08:54.843 INFO kablam!    4:     0x55be4a829a5c - std::panicking::rust_panic_with_hook::h0e12cb2fc86d00fa
Nov 01 13:08:54.843 INFO kablam!                                at libstd/panicking.rs:477
Nov 01 13:08:54.843 INFO kablam!    5:     0x55be4a80ca1f - std::panicking::begin_panic::hece7245abde801b1
Nov 01 13:08:54.843 INFO kablam!                                at libstd/panicking.rs:411
Nov 01 13:08:54.843 INFO kablam!    6:     0x55be4a80ab5a - build_script_build::main::h100eb028fd225bc3
Nov 01 13:08:54.843 INFO kablam!                                at /cargo-home/registry/src/github.com-1ecc6299db9ec823/pear_codegen-0.0.20/build.rs:31
Nov 01 13:08:54.843 INFO kablam!    7:     0x55be4a80d30f - std::rt::lang_start::{{closure}}::h58893cc0f2f8c464
Nov 01 13:08:54.843 INFO kablam!                                at libstd/rt.rs:74
Nov 01 13:08:54.843 INFO kablam!    8:     0x55be4a829502 - std::panicking::try::do_call::h572dc6f90deb1a4d
Nov 01 13:08:54.843 INFO kablam!                                at libstd/rt.rs:59
Nov 01 13:08:54.843 INFO kablam!                                at libstd/panicking.rs:310
Nov 01 13:08:54.843 INFO kablam!    9:     0x55be4a84a469 - __rust_maybe_catch_panic
Nov 01 13:08:54.843 INFO kablam!                                at libpanic_unwind/lib.rs:103
Nov 01 13:08:54.843 INFO kablam!   10:     0x55be4a834535 - std::rt::lang_start_internal::hce01021c3c1cf20d
Nov 01 13:08:54.843 INFO kablam!                                at libstd/panicking.rs:289
Nov 01 13:08:54.843 INFO kablam!                                at libstd/panic.rs:392
Nov 01 13:08:54.843 INFO kablam!                                at libstd/rt.rs:58
Nov 01 13:08:54.843 INFO kablam!   11:     0x55be4a80d2e7 - std::rt::lang_start::h50bb3dde35acaf71
Nov 01 13:08:54.843 INFO kablam!                                at libstd/rt.rs:74
Nov 01 13:08:54.843 INFO kablam!   12:     0x55be4a80ba09 - main
Nov 01 13:08:54.843 INFO kablam!   13:     0x7effb5e3182f - __libc_start_main
Nov 01 13:08:54.843 INFO kablam!   14:     0x55be4a80a448 - _start
Nov 01 13:08:54.843 INFO kablam!   15:                0x0 - <unknown>
Nov 01 13:08:54.843 INFO kablam! 
Nov 01 13:08:54.843 INFO kablam! warning: build failed, waiting for other jobs to finish...
Nov 01 13:08:54.843 INFO kablam! error: failed to run custom build command for `rocket v0.3.17`
Nov 01 13:08:54.843 INFO kablam! process didn't exit successfully: `/target/debug/build/rocket-6d353c63f1f09831/build-script-build` (exit code: 101)
Nov 01 13:08:54.843 INFO kablam! --- stderr
Nov 01 13:08:54.843 INFO kablam! [1;31mError:[0m [37mRocket requires a nightly or dev version of Rust.[0m
Nov 01 13:08:54.843 INFO kablam! [37mInstalled version is:[0m [33m1.30.0 (2018-10-24)[0m. [37mMinimum required:[0m [33m1.27.0-nightly (2018-04-26)[0m.
Nov 01 13:08:54.843 INFO kablam! [34mSee the getting started guide ([0m[37mhttps://rocket.rs/guide/getting-started/[0m[34m) for more information.[0m
Nov 01 13:08:54.843 INFO kablam! thread 'main' panicked at 'Aborting compilation due to incompatible compiler.', /cargo-home/registry/src/github.com-1ecc6299db9ec823/rocket-0.3.17/build.rs:38:13
Nov 01 13:08:54.844 INFO kablam! stack backtrace:
Nov 01 13:08:54.844 INFO kablam!    0:     0x5595f424776e - std::sys::unix::backtrace::tracing::imp::unwind_backtrace::hf5316c67202e23c8
Nov 01 13:08:54.844 INFO kablam!                                at libstd/sys/unix/backtrace/tracing/gcc_s.rs:49
Nov 01 13:08:54.844 INFO kablam!    1:     0x5595f4238d96 - std::sys_common::backtrace::print::h3068ed2a6dc7ac86
Nov 01 13:08:54.844 INFO kablam!                                at libstd/sys_common/backtrace.rs:71
Nov 01 13:08:54.844 INFO kablam!                                at libstd/sys_common/backtrace.rs:59
Nov 01 13:08:54.844 INFO kablam!    2:     0x5595f423768d - std::panicking::default_hook::{{closure}}::h1b9d29cc09d41897
Nov 01 13:08:54.844 INFO kablam!                                at libstd/panicking.rs:211
Nov 01 13:08:54.844 INFO kablam!    3:     0x5595f4237400 - std::panicking::default_hook::h3a27b204a313406b
Nov 01 13:08:54.844 INFO kablam!                                at libstd/panicking.rs:227
Nov 01 13:08:54.844 INFO kablam!    4:     0x5595f4237c8c - std::panicking::rust_panic_with_hook::h0e12cb2fc86d00fa
Nov 01 13:08:54.844 INFO kablam!                                at libstd/panicking.rs:477
Nov 01 13:08:54.844 INFO kablam!    5:     0x5595f421ac4f - std::panicking::begin_panic::h6f76a9aa2200ec68
Nov 01 13:08:54.844 INFO kablam!                                at libstd/panicking.rs:411
Nov 01 13:08:54.844 INFO kablam!    6:     0x5595f4218d93 - build_script_build::main::hbdc2e7f0601811f1
Nov 01 13:08:54.844 INFO kablam!                                at /cargo-home/registry/src/github.com-1ecc6299db9ec823/rocket-0.3.17/build.rs:38
Nov 01 13:08:54.844 INFO kablam!    7:     0x5595f421b53f - std::rt::lang_start::{{closure}}::he5f3ef7254d2e862
Nov 01 13:08:54.844 INFO kablam!                                at libstd/rt.rs:74
Nov 01 13:08:54.844 INFO kablam!    8:     0x5595f4237732 - std::panicking::try::do_call::h572dc6f90deb1a4d
Nov 01 13:08:54.844 INFO kablam!                                at libstd/rt.rs:59
Nov 01 13:08:54.844 INFO kablam!                                at libstd/panicking.rs:310
Nov 01 13:08:54.844 INFO kablam!    9:     0x5595f4258699 - __rust_maybe_catch_panic
Nov 01 13:08:54.844 INFO kablam!                                at libpanic_unwind/lib.rs:103
Nov 01 13:08:54.844 INFO kablam!   10:     0x5595f4242765 - std::rt::lang_start_internal::hce01021c3c1cf20d
Nov 01 13:08:54.844 INFO kablam!                                at libstd/panicking.rs:289
Nov 01 13:08:54.844 INFO kablam!                                at libstd/panic.rs:392
Nov 01 13:08:54.844 INFO kablam!                                at libstd/rt.rs:58
Nov 01 13:08:54.844 INFO kablam!   11:     0x5595f421b517 - std::rt::lang_start::hd42ba4a60edfcdb8
Nov 01 13:08:54.844 INFO kablam!                                at libstd/rt.rs:74
Nov 01 13:08:54.844 INFO kablam!   12:     0x5595f4219c39 - main
Nov 01 13:08:54.844 INFO kablam!   13:     0x7f089d1fa82f - __libc_start_main
Nov 01 13:08:54.844 INFO kablam!   14:     0x5595f4218448 - _start
Nov 01 13:08:54.844 INFO kablam!   15:                0x0 - <unknown>
Nov 01 13:08:54.844 INFO kablam! 
Nov 01 13:08:54.844 INFO kablam! warning: build failed, waiting for other jobs to finish...
Nov 01 13:08:54.858 INFO kablam! error: failed to run custom build command for `rocket_codegen v0.3.17`
Nov 01 13:08:54.858 INFO kablam! process didn't exit successfully: `/target/debug/build/rocket_codegen-065296a954a0eadc/build-script-build` (exit code: 101)
Nov 01 13:08:54.858 INFO kablam! --- stderr
Nov 01 13:08:54.858 INFO kablam! [1;31mError:[0m [37mRocket requires a nightly or dev version of Rust.[0m
Nov 01 13:08:54.858 INFO kablam! [37mInstalled version is:[0m [33m1.30.0 (2018-10-24)[0m. [37mMinimum required:[0m [33m1.30.0-nightly (2018-08-23)[0m.
Nov 01 13:08:54.858 INFO kablam! [34mSee the getting started guide ([0m[37mhttps://rocket.rs/guide/getting-started/[0m[34m) for more information.[0m
Nov 01 13:08:54.858 INFO kablam! thread 'main' panicked at 'Aborting compilation due to incompatible compiler.', /cargo-home/registry/src/github.com-1ecc6299db9ec823/rocket_codegen-0.3.17/build.rs:38:17
Nov 01 13:08:54.858 INFO kablam! stack backtrace:
Nov 01 13:08:54.858 INFO kablam!    0:     0x564e45ede75e - std::sys::unix::backtrace::tracing::imp::unwind_backtrace::hf5316c67202e23c8
Nov 01 13:08:54.858 INFO kablam!                                at libstd/sys/unix/backtrace/tracing/gcc_s.rs:49
Nov 01 13:08:54.858 INFO kablam!    1:     0x564e45ecfd86 - std::sys_common::backtrace::print::h3068ed2a6dc7ac86
Nov 01 13:08:54.858 INFO kablam!                                at libstd/sys_common/backtrace.rs:71
Nov 01 13:08:54.858 INFO kablam!                                at libstd/sys_common/backtrace.rs:59
Nov 01 13:08:54.858 INFO kablam!    2:     0x564e45ece67d - std::panicking::default_hook::{{closure}}::h1b9d29cc09d41897
Nov 01 13:08:54.858 INFO kablam!                                at libstd/panicking.rs:211
Nov 01 13:08:54.858 INFO kablam!    3:     0x564e45ece3f0 - std::panicking::default_hook::h3a27b204a313406b
Nov 01 13:08:54.858 INFO kablam!                                at libstd/panicking.rs:227
Nov 01 13:08:54.858 INFO kablam!    4:     0x564e45ecec7c - std::panicking::rust_panic_with_hook::h0e12cb2fc86d00fa
Nov 01 13:08:54.858 INFO kablam!                                at libstd/panicking.rs:477
Nov 01 13:08:54.858 INFO kablam!    5:     0x564e45eb1c3f - std::panicking::begin_panic::hddc647c8bfe12209
Nov 01 13:08:54.858 INFO kablam!                                at libstd/panicking.rs:411
Nov 01 13:08:54.858 INFO kablam!    6:     0x564e45eafd92 - build_script_build::main::hca575570882e1283
Nov 01 13:08:54.858 INFO kablam!                                at /cargo-home/registry/src/github.com-1ecc6299db9ec823/rocket_codegen-0.3.17/build.rs:38
Nov 01 13:08:54.858 INFO kablam!    7:     0x564e45eb252f - std::rt::lang_start::{{closure}}::hc1d08fec889ab574
Nov 01 13:08:54.858 INFO kablam!                                at libstd/rt.rs:74
Nov 01 13:08:54.858 INFO kablam!    8:     0x564e45ece722 - std::panicking::try::do_call::h572dc6f90deb1a4d
Nov 01 13:08:54.858 INFO kablam!                                at libstd/rt.rs:59
Nov 01 13:08:54.858 INFO kablam!                                at libstd/panicking.rs:310
Nov 01 13:08:54.858 INFO kablam!    9:     0x564e45eef689 - __rust_maybe_catch_panic
Nov 01 13:08:54.858 INFO kablam!                                at libpanic_unwind/lib.rs:103
Nov 01 13:08:54.858 INFO kablam!   10:     0x564e45ed9755 - std::rt::lang_start_internal::hce01021c3c1cf20d
Nov 01 13:08:54.858 INFO kablam!                                at libstd/panicking.rs:289
Nov 01 13:08:54.858 INFO kablam!                                at libstd/panic.rs:392
Nov 01 13:08:54.858 INFO kablam!                                at libstd/rt.rs:58
Nov 01 13:08:54.858 INFO kablam!   11:     0x564e45eb2507 - std::rt::lang_start::h5c29b5ab0953ccbf
Nov 01 13:08:54.858 INFO kablam!                                at libstd/rt.rs:74
Nov 01 13:08:54.858 INFO kablam!   12:     0x564e45eb0c29 - main
Nov 01 13:08:54.858 INFO kablam!   13:     0x7f156a0e982f - __libc_start_main
Nov 01 13:08:54.858 INFO kablam!   14:     0x564e45eaf448 - _start
Nov 01 13:08:54.858 INFO kablam!   15:                0x0 - <unknown>
Nov 01 13:08:54.858 INFO kablam! 
Nov 01 13:08:54.858 INFO kablam! warning: build failed, waiting for other jobs to finish...
Nov 01 13:08:58.195 INFO kablam! error: build failed
Nov 01 13:08:58.195 INFO kablam! su: No module specific data is present
Nov 01 13:08:58.559 INFO running `"docker" "rm" "-f" "9554ff48c8b649e036d488670f342d762e50656a53903e57f52f5988c7db0ec1"`
Nov 01 13:08:58.683 INFO blam! 9554ff48c8b649e036d488670f342d762e50656a53903e57f52f5988c7db0ec1
