Nov 01 13:26:21.052 INFO testing centosadmin/myslowparser against beta-2018-10-30 for beta-1.31-1
Nov 01 13:26:21.052 INFO running `"docker" "create" "-v" "/mnt/big/crater/work/local/target-dirs/beta-1.31-1/worker-3/beta-2018-10-30:/target:rw,Z" "-v" "/mnt/big/crater/work/local/test-source/worker-3/beta-1.31-1/beta-2018-10-30:/source:ro,Z" "-v" "/mnt/big/crater/work/local/cargo-home:/cargo-home:ro,Z" "-v" "/mnt/big/crater/work/local/rustup-home:/rustup-home:ro,Z" "-e" "USER_ID=1000" "-e" "SOURCE_DIR=/source" "-e" "USER_ID=1000" "-e" "CMD=cargo +beta-2018-10-30 build --frozen" "-e" "CARGO_TARGET_DIR=/target" "-e" "CARGO_INCREMENTAL=0" "-e" "RUST_BACKTRACE=full" "-e" "RUSTFLAGS=--cap-lints=warn" "-e" "CARGO_HOME=/cargo-home" "-e" "RUSTUP_HOME=/rustup-home" "-m" "1536M" "--network" "none" "crater"`
Nov 01 13:26:21.439 INFO blam! 46863880ee65bd8cb07e02b9abc6be2b610c0f5ab857b6b73f2295df36912cc9
Nov 01 13:26:21.443 INFO running `"docker" "start" "-a" "46863880ee65bd8cb07e02b9abc6be2b610c0f5ab857b6b73f2295df36912cc9"`
Nov 01 13:26:22.443 INFO kablam! usermod: no changes
Nov 01 13:26:22.711 INFO kablam!    Compiling pear_codegen v0.0.20
Nov 01 13:26:22.712 INFO kablam!    Compiling rocket v0.3.16
Nov 01 13:26:22.712 INFO kablam!    Compiling rocket_codegen v0.3.16
Nov 01 13:26:22.723 INFO kablam!    Compiling toml v0.4.6
Nov 01 13:26:22.723 INFO kablam!    Compiling hyper v0.10.13
Nov 01 13:26:22.723 INFO kablam!    Compiling rayon v0.7.1
Nov 01 13:26:23.120 INFO kablam! error: failed to run custom build command for `rocket v0.3.16`
Nov 01 13:26:23.120 INFO kablam! process didn't exit successfully: `/target/debug/build/rocket-9546155b43cfc76a/build-script-build` (exit code: 101)
Nov 01 13:26:23.120 INFO kablam! --- stderr
Nov 01 13:26:23.120 INFO kablam! [1;31mError:[0m [37mRocket requires a nightly or dev version of Rust.[0m
Nov 01 13:26:23.120 INFO kablam! [37mInstalled version is:[0m [33m1.31.0-beta.1 (2018-10-29)[0m. [37mMinimum required:[0m [33m1.27.0-nightly (2018-04-26)[0m.
Nov 01 13:26:23.120 INFO kablam! [34mSee the getting started guide ([0m[37mhttps://rocket.rs/guide/getting-started/[0m[34m) for more information.[0m
Nov 01 13:26:23.120 INFO kablam! thread 'main' panicked at 'Aborting compilation due to incompatible compiler.', /cargo-home/registry/src/github.com-1ecc6299db9ec823/rocket-0.3.16/build.rs:38:13
Nov 01 13:26:23.120 INFO kablam! stack backtrace:
Nov 01 13:26:23.120 INFO kablam!    0:     0x557b6690025f - std::sys::unix::backtrace::tracing::imp::unwind_backtrace::h3c55afa80a996a32
Nov 01 13:26:23.120 INFO kablam!                                at libstd/sys/unix/backtrace/tracing/gcc_s.rs:49
Nov 01 13:26:23.120 INFO kablam!    1:     0x557b6690bc17 - std::sys_common::backtrace::print::hcef907ea7a07cd40
Nov 01 13:26:23.120 INFO kablam!                                at libstd/sys_common/backtrace.rs:71
Nov 01 13:26:23.120 INFO kablam!                                at libstd/sys_common/backtrace.rs:59
Nov 01 13:26:23.120 INFO kablam!    2:     0x557b66904adf - std::panicking::default_hook::{{closure}}::hf541876c65f36ea7
Nov 01 13:26:23.120 INFO kablam!                                at libstd/panicking.rs:211
Nov 01 13:26:23.120 INFO kablam!    3:     0x557b66904844 - std::panicking::default_hook::h4ecc06b30ae4459d
Nov 01 13:26:23.120 INFO kablam!                                at libstd/panicking.rs:227
Nov 01 13:26:23.120 INFO kablam!    4:     0x557b6690510e - std::panicking::rust_panic_with_hook::h0cc6d9cc9f34a947
Nov 01 13:26:23.120 INFO kablam!                                at libstd/panicking.rs:476
Nov 01 13:26:23.120 INFO kablam!    5:     0x557b668d7ac3 - std::panicking::begin_panic::h24634797a05f62e0
Nov 01 13:26:23.120 INFO kablam!                                at libstd/panicking.rs:410
Nov 01 13:26:23.121 INFO kablam!    6:     0x557b668d5b85 - build_script_build::main::h8dd85931ae60270e
Nov 01 13:26:23.121 INFO kablam!                                at /cargo-home/registry/src/github.com-1ecc6299db9ec823/rocket-0.3.16/build.rs:38
Nov 01 13:26:23.121 INFO kablam!    7:     0x557b668d83af - std::rt::lang_start::{{closure}}::h4a6e04d961ee78fb
Nov 01 13:26:23.121 INFO kablam!                                at libstd/rt.rs:74
Nov 01 13:26:23.121 INFO kablam!    8:     0x557b66904b82 - std::panicking::try::do_call::h203c4989fde7f201
Nov 01 13:26:23.121 INFO kablam!                                at libstd/rt.rs:59
Nov 01 13:26:23.121 INFO kablam!                                at libstd/panicking.rs:310
Nov 01 13:26:23.121 INFO kablam!    9:     0x557b66916e49 - __rust_maybe_catch_panic
Nov 01 13:26:23.121 INFO kablam!                                at libpanic_unwind/lib.rs:102
Nov 01 13:26:23.121 INFO kablam!   10:     0x557b668f497a - std::rt::lang_start_internal::h80fd76ad39d9c8d9
Nov 01 13:26:23.121 INFO kablam!                                at libstd/panicking.rs:289
Nov 01 13:26:23.121 INFO kablam!                                at libstd/panic.rs:392
Nov 01 13:26:23.121 INFO kablam!                                at libstd/rt.rs:58
Nov 01 13:26:23.121 INFO kablam!   11:     0x557b668d8388 - std::rt::lang_start::h91a927b7d6adc1b6
Nov 01 13:26:23.121 INFO kablam!                                at libstd/rt.rs:74
Nov 01 13:26:23.121 INFO kablam!   12:     0x557b668d6a59 - main
Nov 01 13:26:23.121 INFO kablam!   13:     0x7fdd3d96f82f - __libc_start_main
Nov 01 13:26:23.121 INFO kablam!   14:     0x557b668d5228 - _start
Nov 01 13:26:23.121 INFO kablam!   15:                0x0 - <unknown>
Nov 01 13:26:23.121 INFO kablam! 
Nov 01 13:26:23.121 INFO kablam! warning: build failed, waiting for other jobs to finish...
Nov 01 13:26:23.151 INFO kablam! error: failed to run custom build command for `rocket_codegen v0.3.16`
Nov 01 13:26:23.151 INFO kablam! process didn't exit successfully: `/target/debug/build/rocket_codegen-6cf560e53b444db1/build-script-build` (exit code: 101)
Nov 01 13:26:23.151 INFO kablam! --- stderr
Nov 01 13:26:23.151 INFO kablam! [1;31mError:[0m [37mRocket requires a nightly or dev version of Rust.[0m
Nov 01 13:26:23.151 INFO kablam! [37mInstalled version is:[0m [33m1.31.0-beta.1 (2018-10-29)[0m. [37mMinimum required:[0m [33m1.30.0-nightly (2018-08-23)[0m.
Nov 01 13:26:23.151 INFO kablam! [34mSee the getting started guide ([0m[37mhttps://rocket.rs/guide/getting-started/[0m[34m) for more information.[0m
Nov 01 13:26:23.151 INFO kablam! thread 'main' panicked at 'Aborting compilation due to incompatible compiler.', /cargo-home/registry/src/github.com-1ecc6299db9ec823/rocket_codegen-0.3.16/build.rs:38:17
Nov 01 13:26:23.151 INFO kablam! stack backtrace:
Nov 01 13:26:23.151 INFO kablam!    0:     0x558c13f1624f - std::sys::unix::backtrace::tracing::imp::unwind_backtrace::h3c55afa80a996a32
Nov 01 13:26:23.151 INFO kablam!                                at libstd/sys/unix/backtrace/tracing/gcc_s.rs:49
Nov 01 13:26:23.151 INFO kablam!    1:     0x558c13f21c07 - std::sys_common::backtrace::print::hcef907ea7a07cd40
Nov 01 13:26:23.151 INFO kablam!                                at libstd/sys_common/backtrace.rs:71
Nov 01 13:26:23.151 INFO kablam!                                at libstd/sys_common/backtrace.rs:59
Nov 01 13:26:23.151 INFO kablam!    2:     0x558c13f1aacf - std::panicking::default_hook::{{closure}}::hf541876c65f36ea7
Nov 01 13:26:23.151 INFO kablam!                                at libstd/panicking.rs:211
Nov 01 13:26:23.151 INFO kablam!    3:     0x558c13f1a834 - std::panicking::default_hook::h4ecc06b30ae4459d
Nov 01 13:26:23.151 INFO kablam!                                at libstd/panicking.rs:227
Nov 01 13:26:23.151 INFO kablam!    4:     0x558c13f1b0fe - std::panicking::rust_panic_with_hook::h0cc6d9cc9f34a947
Nov 01 13:26:23.151 INFO kablam!                                at libstd/panicking.rs:476
Nov 01 13:26:23.151 INFO kablam!    5:     0x558c13eedab3 - std::panicking::begin_panic::h92b9ad11cdbd0cdc
Nov 01 13:26:23.151 INFO kablam!                                at libstd/panicking.rs:410
Nov 01 13:26:23.151 INFO kablam!    6:     0x558c13eebb84 - build_script_build::main::hc83621e801ff522e
Nov 01 13:26:23.151 INFO kablam!                                at /cargo-home/registry/src/github.com-1ecc6299db9ec823/rocket_codegen-0.3.16/build.rs:38
Nov 01 13:26:23.151 INFO kablam!    7:     0x558c13eee39f - std::rt::lang_start::{{closure}}::h50f7e069571cb423
Nov 01 13:26:23.151 INFO kablam!                                at libstd/rt.rs:74
Nov 01 13:26:23.151 INFO kablam!    8:     0x558c13f1ab72 - std::panicking::try::do_call::h203c4989fde7f201
Nov 01 13:26:23.151 INFO kablam!                                at libstd/rt.rs:59
Nov 01 13:26:23.151 INFO kablam!                                at libstd/panicking.rs:310
Nov 01 13:26:23.151 INFO kablam!    9:     0x558c13f2ce39 - __rust_maybe_catch_panic
Nov 01 13:26:23.151 INFO kablam!                                at libpanic_unwind/lib.rs:102
Nov 01 13:26:23.151 INFO kablam!   10:     0x558c13f0a96a - std::rt::lang_start_internal::h80fd76ad39d9c8d9
Nov 01 13:26:23.151 INFO kablam!                                at libstd/panicking.rs:289
Nov 01 13:26:23.151 INFO kablam!                                at libstd/panic.rs:392
Nov 01 13:26:23.151 INFO kablam!                                at libstd/rt.rs:58
Nov 01 13:26:23.151 INFO kablam!   11:     0x558c13eee378 - std::rt::lang_start::h83a8313eb62a6a50
Nov 01 13:26:23.151 INFO kablam!                                at libstd/rt.rs:74
Nov 01 13:26:23.151 INFO kablam!   12:     0x558c13eeca49 - main
Nov 01 13:26:23.151 INFO kablam!   13:     0x7f9606c3e82f - __libc_start_main
Nov 01 13:26:23.151 INFO kablam!   14:     0x558c13eeb228 - _start
Nov 01 13:26:23.151 INFO kablam!   15:                0x0 - <unknown>
Nov 01 13:26:23.151 INFO kablam! 
Nov 01 13:26:23.151 INFO kablam! warning: build failed, waiting for other jobs to finish...
Nov 01 13:26:23.287 INFO kablam! error: failed to run custom build command for `pear_codegen v0.0.20`
Nov 01 13:26:23.287 INFO kablam! process didn't exit successfully: `/target/debug/build/pear_codegen-0e03c189b0d326bf/build-script-build` (exit code: 101)
Nov 01 13:26:23.287 INFO kablam! --- stderr
Nov 01 13:26:23.287 INFO kablam! [1;31mError:[0m [37mPear requires a nightly or dev version of Rust.[0m
Nov 01 13:26:23.287 INFO kablam! [37mInstalled version is:[0m [33m1.31.0-beta.1 (2018-10-29)[0m. [37mMinimum required:[0m [33m1.30.0-nightly (2018-08-23)[0m.
Nov 01 13:26:23.287 INFO kablam! thread 'main' panicked at 'Aborting compilation due to incompatible compiler.', /cargo-home/registry/src/github.com-1ecc6299db9ec823/pear_codegen-0.0.20/build.rs:31:13
Nov 01 13:26:23.287 INFO kablam! stack backtrace:
Nov 01 13:26:23.287 INFO kablam!    0:     0x56211a22a01f - std::sys::unix::backtrace::tracing::imp::unwind_backtrace::h3c55afa80a996a32
Nov 01 13:26:23.287 INFO kablam!                                at libstd/sys/unix/backtrace/tracing/gcc_s.rs:49
Nov 01 13:26:23.287 INFO kablam!    1:     0x56211a2359d7 - std::sys_common::backtrace::print::hcef907ea7a07cd40
Nov 01 13:26:23.287 INFO kablam!                                at libstd/sys_common/backtrace.rs:71
Nov 01 13:26:23.287 INFO kablam!                                at libstd/sys_common/backtrace.rs:59
Nov 01 13:26:23.287 INFO kablam!    2:     0x56211a22e89f - std::panicking::default_hook::{{closure}}::hf541876c65f36ea7
Nov 01 13:26:23.287 INFO kablam!                                at libstd/panicking.rs:211
Nov 01 13:26:23.287 INFO kablam!    3:     0x56211a22e604 - std::panicking::default_hook::h4ecc06b30ae4459d
Nov 01 13:26:23.287 INFO kablam!                                at libstd/panicking.rs:227
Nov 01 13:26:23.287 INFO kablam!    4:     0x56211a22eece - std::panicking::rust_panic_with_hook::h0cc6d9cc9f34a947
Nov 01 13:26:23.287 INFO kablam!                                at libstd/panicking.rs:476
Nov 01 13:26:23.287 INFO kablam!    5:     0x56211a201883 - std::panicking::begin_panic::h7e40f4e8c5fa6614
Nov 01 13:26:23.287 INFO kablam!                                at libstd/panicking.rs:410
Nov 01 13:26:23.287 INFO kablam!    6:     0x56211a1ff948 - build_script_build::main::h1669b2562a281f0c
Nov 01 13:26:23.287 INFO kablam!                                at /cargo-home/registry/src/github.com-1ecc6299db9ec823/pear_codegen-0.0.20/build.rs:31
Nov 01 13:26:23.287 INFO kablam!    7:     0x56211a20216f - std::rt::lang_start::{{closure}}::h16e132b1dd9ed1a8
Nov 01 13:26:23.287 INFO kablam!                                at libstd/rt.rs:74
Nov 01 13:26:23.287 INFO kablam!    8:     0x56211a22e942 - std::panicking::try::do_call::h203c4989fde7f201
Nov 01 13:26:23.287 INFO kablam!                                at libstd/rt.rs:59
Nov 01 13:26:23.287 INFO kablam!                                at libstd/panicking.rs:310
Nov 01 13:26:23.287 INFO kablam!    9:     0x56211a240c09 - __rust_maybe_catch_panic
Nov 01 13:26:23.287 INFO kablam!                                at libpanic_unwind/lib.rs:102
Nov 01 13:26:23.287 INFO kablam!   10:     0x56211a21e73a - std::rt::lang_start_internal::h80fd76ad39d9c8d9
Nov 01 13:26:23.287 INFO kablam!                                at libstd/panicking.rs:289
Nov 01 13:26:23.287 INFO kablam!                                at libstd/panic.rs:392
Nov 01 13:26:23.287 INFO kablam!                                at libstd/rt.rs:58
Nov 01 13:26:23.287 INFO kablam!   11:     0x56211a202148 - std::rt::lang_start::heb8c1134759eb26f
Nov 01 13:26:23.287 INFO kablam!                                at libstd/rt.rs:74
Nov 01 13:26:23.287 INFO kablam!   12:     0x56211a200819 - main
Nov 01 13:26:23.287 INFO kablam!   13:     0x7f0e0238b82f - __libc_start_main
Nov 01 13:26:23.287 INFO kablam!   14:     0x56211a1ff228 - _start
Nov 01 13:26:23.287 INFO kablam!   15:                0x0 - <unknown>
Nov 01 13:26:23.287 INFO kablam! 
Nov 01 13:26:23.287 INFO kablam! warning: build failed, waiting for other jobs to finish...
Nov 01 13:26:36.748 INFO kablam! error: build failed
Nov 01 13:26:36.750 INFO kablam! su: No module specific data is present
Nov 01 13:26:37.181 INFO running `"docker" "rm" "-f" "46863880ee65bd8cb07e02b9abc6be2b610c0f5ab857b6b73f2295df36912cc9"`
Nov 01 13:26:37.451 INFO blam! 46863880ee65bd8cb07e02b9abc6be2b610c0f5ab857b6b73f2295df36912cc9
