Nov 01 15:29:58.877 INFO testing arathunku/rulsp against 1.30.0 for beta-1.31-1
Nov 01 15:29:58.877 INFO running `"docker" "create" "-v" "/mnt/big/crater/work/local/target-dirs/beta-1.31-1/worker-6/1.30.0:/target:rw,Z" "-v" "/mnt/big/crater/work/local/test-source/worker-6/beta-1.31-1/1.30.0:/source:ro,Z" "-v" "/mnt/big/crater/work/local/cargo-home:/cargo-home:ro,Z" "-v" "/mnt/big/crater/work/local/rustup-home:/rustup-home:ro,Z" "-e" "USER_ID=1000" "-e" "SOURCE_DIR=/source" "-e" "USER_ID=1000" "-e" "CMD=cargo +1.30.0 build --frozen" "-e" "CARGO_TARGET_DIR=/target" "-e" "CARGO_INCREMENTAL=0" "-e" "RUST_BACKTRACE=full" "-e" "RUSTFLAGS=--cap-lints=warn" "-e" "CARGO_HOME=/cargo-home" "-e" "RUSTUP_HOME=/rustup-home" "-m" "1536M" "--network" "none" "crater"`
Nov 01 15:29:59.376 INFO blam! 64de7dcad69faba8a815bcda0e77cd760776aabe2e8eb2c26e8fe658983f3a9b
Nov 01 15:29:59.379 INFO running `"docker" "start" "-a" "64de7dcad69faba8a815bcda0e77cd760776aabe2e8eb2c26e8fe658983f3a9b"`
Nov 01 15:30:00.904 INFO kablam! usermod: no changes
Nov 01 15:30:01.039 INFO kablam!    Compiling regex-syntax v0.3.7
Nov 01 15:30:01.039 INFO kablam!    Compiling memchr v0.1.11
Nov 01 15:30:01.107 INFO kablam!    Compiling thread-id v2.0.0
Nov 01 15:30:02.361 INFO kablam!    Compiling thread_local v0.2.7
Nov 01 15:30:02.560 INFO kablam!    Compiling aho-corasick v0.5.3
Nov 01 15:30:07.581 INFO kablam!    Compiling regex v0.1.77
Nov 01 15:30:16.067 INFO kablam!    Compiling env_logger v0.3.5
Nov 01 15:30:17.491 INFO kablam!    Compiling rulsp v0.1.0 (/source)
Nov 01 15:30:18.599 INFO kablam! error[E0554]: #![feature] may not be used on the stable release channel
Nov 01 15:30:18.599 INFO kablam!  --> src/main.rs:1:1
Nov 01 15:30:18.599 INFO kablam!   |
Nov 01 15:30:18.600 INFO kablam! 1 | #![feature(field_init_shorthand)]
Nov 01 15:30:18.600 INFO kablam!   | ^^^^^^^^^^^^^^^^^^^^^^^^^^^^^^^^^
Nov 01 15:30:18.600 INFO kablam! 
Nov 01 15:30:18.600 INFO kablam! error[E0554]: #![feature] may not be used on the stable release channel
Nov 01 15:30:18.601 INFO kablam!  --> src/main.rs:2:1
Nov 01 15:30:18.601 INFO kablam!   |
Nov 01 15:30:18.601 INFO kablam! 2 | #![feature(test)]
Nov 01 15:30:18.602 INFO kablam!   | ^^^^^^^^^^^^^^^^^
Nov 01 15:30:18.602 INFO kablam! 
Nov 01 15:30:18.602 INFO kablam! error[E0554]: #![feature] may not be used on the stable release channel
Nov 01 15:30:18.603 INFO kablam!  --> src/main.rs:4:1
Nov 01 15:30:18.603 INFO kablam!   |
Nov 01 15:30:18.604 INFO kablam! 4 | #![feature(alloc_system)]
Nov 01 15:30:18.604 INFO kablam!   | ^^^^^^^^^^^^^^^^^^^^^^^^^
Nov 01 15:30:18.605 INFO kablam! 
Nov 01 15:30:18.605 INFO kablam! error: aborting due to 3 previous errors
Nov 01 15:30:18.605 INFO kablam! 
Nov 01 15:30:18.606 INFO kablam! For more information about this error, try `rustc --explain E0554`.
Nov 01 15:30:18.608 INFO kablam! error: Could not compile `rulsp`.
Nov 01 15:30:18.608 INFO kablam! 
Nov 01 15:30:18.609 INFO kablam! To learn more, run the command again with --verbose.
Nov 01 15:30:18.611 INFO kablam! su: No module specific data is present
Nov 01 15:30:19.507 INFO running `"docker" "rm" "-f" "64de7dcad69faba8a815bcda0e77cd760776aabe2e8eb2c26e8fe658983f3a9b"`
Nov 01 15:30:19.803 INFO blam! 64de7dcad69faba8a815bcda0e77cd760776aabe2e8eb2c26e8fe658983f3a9b
