Nov 01 15:46:16.612 INFO testing andreaseg/lang against 1.30.0 for beta-1.31-1
Nov 01 15:46:16.612 INFO running `"docker" "create" "-v" "/mnt/big/crater/work/local/target-dirs/beta-1.31-1/worker-2/1.30.0:/target:rw,Z" "-v" "/mnt/big/crater/work/local/test-source/worker-2/beta-1.31-1/1.30.0:/source:ro,Z" "-v" "/mnt/big/crater/work/local/cargo-home:/cargo-home:ro,Z" "-v" "/mnt/big/crater/work/local/rustup-home:/rustup-home:ro,Z" "-e" "USER_ID=1000" "-e" "SOURCE_DIR=/source" "-e" "USER_ID=1000" "-e" "CMD=cargo +1.30.0 build --frozen" "-e" "CARGO_TARGET_DIR=/target" "-e" "CARGO_INCREMENTAL=0" "-e" "RUST_BACKTRACE=full" "-e" "RUSTFLAGS=--cap-lints=warn" "-e" "CARGO_HOME=/cargo-home" "-e" "RUSTUP_HOME=/rustup-home" "-m" "1536M" "--network" "none" "crater"`
Nov 01 15:46:17.179 INFO blam! debf729b44db1be8d4670e3da3e513bdc2d25f264b45dd2d4b4293fc6cd4c61a
Nov 01 15:46:17.187 INFO running `"docker" "start" "-a" "debf729b44db1be8d4670e3da3e513bdc2d25f264b45dd2d4b4293fc6cd4c61a"`
Nov 01 15:46:18.495 INFO kablam! usermod: no changes
Nov 01 15:46:18.731 INFO kablam!    Compiling num-complex v0.2.0
Nov 01 15:46:18.731 INFO kablam!    Compiling num-bigint v0.2.0
Nov 01 15:46:18.731 INFO kablam!    Compiling num-iter v0.1.37
Nov 01 15:46:18.731 INFO kablam!    Compiling syn v0.15.8
Nov 01 15:46:24.796 INFO kablam!    Compiling num-rational v0.2.1
Nov 01 15:46:26.979 INFO kablam!    Compiling num v0.2.0
Nov 01 15:46:32.464 INFO kablam!    Compiling num-derive v0.2.3
Nov 01 15:46:41.183 INFO kablam!    Compiling lang v0.1.0 (/source)
Nov 01 15:46:42.571 INFO kablam! error[E0432]: unresolved import `self::terminal`
Nov 01 15:46:42.572 INFO kablam!    --> src/visualizer/ast_tree.rs:168:19
Nov 01 15:46:42.572 INFO kablam!     |
Nov 01 15:46:42.572 INFO kablam! 168 |         use self::terminal::Constness as C;
Nov 01 15:46:42.573 INFO kablam!     |                   ^^^^^^^^ Could not find `terminal` in `self`
Nov 01 15:46:42.573 INFO kablam! 
Nov 01 15:46:42.573 INFO kablam! error[E0432]: unresolved import `self::ast::Scope`
Nov 01 15:46:42.574 INFO kablam!    --> src/compiler/parser.rs:203:25
Nov 01 15:46:42.574 INFO kablam!     |
Nov 01 15:46:42.574 INFO kablam! 203 |                       use $error_type as path;
Nov 01 15:46:42.574 INFO kablam!     |                           ^^^^^^^^^^^^^^^^^^^ no `Scope` in `compiler::parser::ast`
Nov 01 15:46:42.575 INFO kablam! ...
Nov 01 15:46:42.575 INFO kablam! 372 | /             expect_tokens!(tokens, self::ast::Scope, "Expected ;",
Nov 01 15:46:42.575 INFO kablam! 373 | |                     (Token::Semicolon => {}),);
Nov 01 15:46:42.576 INFO kablam!     | |_______________________________________________- in this macro invocation
Nov 01 15:46:42.576 INFO kablam! 
Nov 01 15:46:42.576 INFO kablam! error[E0432]: unresolved import `self::ast::Scope`
Nov 01 15:46:42.577 INFO kablam!    --> src/compiler/parser.rs:211:21
Nov 01 15:46:42.577 INFO kablam!     |
Nov 01 15:46:42.577 INFO kablam! 211 |                   use $error_type as path;
Nov 01 15:46:42.577 INFO kablam!     |                       ^^^^^^^^^^^^^^^^^^^ no `Scope` in `compiler::parser::ast`
Nov 01 15:46:42.578 INFO kablam! ...
Nov 01 15:46:42.578 INFO kablam! 372 | /             expect_tokens!(tokens, self::ast::Scope, "Expected ;",
Nov 01 15:46:42.578 INFO kablam! 373 | |                     (Token::Semicolon => {}),);
Nov 01 15:46:42.579 INFO kablam!     | |_______________________________________________- in this macro invocation
Nov 01 15:46:42.579 INFO kablam! 
Nov 01 15:46:42.584 INFO kablam! error[E0433]: failed to resolve. Use of undeclared type or module `terminal`
Nov 01 15:46:42.584 INFO kablam!    --> src/visualizer/ast_tree.rs:166:17
Nov 01 15:46:42.585 INFO kablam!     |
Nov 01 15:46:42.585 INFO kablam! 166 | impl ToHtml for terminal::Constness {
Nov 01 15:46:42.585 INFO kablam!     |                 ^^^^^^^^ Use of undeclared type or module `terminal`
Nov 01 15:46:42.585 INFO kablam! 
Nov 01 15:46:42.617 INFO kablam! error[E0433]: failed to resolve. Use of undeclared type or module `Scope`
Nov 01 15:46:42.618 INFO kablam!    --> src/visualizer/ast_tree.rs:180:13
Nov 01 15:46:42.618 INFO kablam!     |
Nov 01 15:46:42.619 INFO kablam! 180 |             Scope::Closed(v) => {
Nov 01 15:46:42.619 INFO kablam!     |             ^^^^^ Use of undeclared type or module `Scope`
Nov 01 15:46:42.619 INFO kablam! 
Nov 01 15:46:42.620 INFO kablam! error[E0433]: failed to resolve. Use of undeclared type or module `Scope`
Nov 01 15:46:42.620 INFO kablam!    --> src/visualizer/ast_tree.rs:186:13
Nov 01 15:46:42.620 INFO kablam!     |
Nov 01 15:46:42.621 INFO kablam! 186 |             Scope::Open(s) => (*s).to_html(),
Nov 01 15:46:42.621 INFO kablam!     |             ^^^^^ Use of undeclared type or module `Scope`
Nov 01 15:46:42.621 INFO kablam! 
Nov 01 15:46:42.621 INFO kablam! error[E0433]: failed to resolve. Use of undeclared type or module `Scope`
Nov 01 15:46:42.622 INFO kablam!    --> src/visualizer/ast_tree.rs:187:13
Nov 01 15:46:42.622 INFO kablam!     |
Nov 01 15:46:42.622 INFO kablam! 187 |             Scope::Error(e) => e.to_html(),
Nov 01 15:46:42.625 INFO kablam!     |             ^^^^^ Use of undeclared type or module `Scope`
Nov 01 15:46:42.625 INFO kablam! 
Nov 01 15:46:42.625 INFO kablam! error[E0433]: failed to resolve. Use of undeclared type or module `terminal`
Nov 01 15:46:42.626 INFO kablam!    --> src/visualizer/ast_tree.rs:234:17
Nov 01 15:46:42.626 INFO kablam!     |
Nov 01 15:46:42.626 INFO kablam! 234 | impl ToHtml for terminal::Literal {
Nov 01 15:46:42.626 INFO kablam!     |                 ^^^^^^^^ Use of undeclared type or module `terminal`
Nov 01 15:46:42.627 INFO kablam! 
Nov 01 15:46:42.627 INFO kablam! error[E0433]: failed to resolve. Use of undeclared type or module `terminal`
Nov 01 15:46:42.627 INFO kablam!    --> src/visualizer/ast_tree.rs:237:13
Nov 01 15:46:42.628 INFO kablam!     |
Nov 01 15:46:42.628 INFO kablam! 237 |             terminal::Literal::Float(n) => [
Nov 01 15:46:42.628 INFO kablam!     |             ^^^^^^^^ Use of undeclared type or module `terminal`
Nov 01 15:46:42.629 INFO kablam! 
Nov 01 15:46:42.629 INFO kablam! error[E0433]: failed to resolve. Use of undeclared type or module `terminal`
Nov 01 15:46:42.629 INFO kablam!    --> src/visualizer/ast_tree.rs:245:13
Nov 01 15:46:42.629 INFO kablam!     |
Nov 01 15:46:42.630 INFO kablam! 245 |             terminal::Literal::Integer(n) => [
Nov 01 15:46:42.630 INFO kablam!     |             ^^^^^^^^ Use of undeclared type or module `terminal`
Nov 01 15:46:42.630 INFO kablam! 
Nov 01 15:46:42.631 INFO kablam! error[E0433]: failed to resolve. Use of undeclared type or module `terminal`
Nov 01 15:46:42.631 INFO kablam!    --> src/visualizer/ast_tree.rs:253:13
Nov 01 15:46:42.631 INFO kablam!     |
Nov 01 15:46:42.631 INFO kablam! 253 |             terminal::Literal::String(s) => {
Nov 01 15:46:42.632 INFO kablam!     |             ^^^^^^^^ Use of undeclared type or module `terminal`
Nov 01 15:46:42.632 INFO kablam! 
Nov 01 15:46:42.632 INFO kablam! error[E0433]: failed to resolve. Use of undeclared type or module `terminal`
Nov 01 15:46:42.633 INFO kablam!    --> src/visualizer/ast_tree.rs:256:13
Nov 01 15:46:42.633 INFO kablam!     |
Nov 01 15:46:42.633 INFO kablam! 256 |             terminal::Literal::Bool(b) => [
Nov 01 15:46:42.633 INFO kablam!     |             ^^^^^^^^ Use of undeclared type or module `terminal`
Nov 01 15:46:42.634 INFO kablam! 
Nov 01 15:46:42.634 INFO kablam! error[E0412]: cannot find type `Scope` in this scope
Nov 01 15:46:42.634 INFO kablam!    --> src/visualizer/ast_tree.rs:177:17
Nov 01 15:46:42.635 INFO kablam!     |
Nov 01 15:46:42.635 INFO kablam! 177 | impl ToHtml for Scope {
Nov 01 15:46:42.635 INFO kablam!     |                 ^^^^^ not found in this scope
Nov 01 15:46:42.636 INFO kablam! 
Nov 01 15:46:42.636 INFO kablam! error[E0554]: #![feature] may not be used on the stable release channel
Nov 01 15:46:42.636 INFO kablam!  --> src/main.rs:1:1
Nov 01 15:46:42.636 INFO kablam!   |
Nov 01 15:46:42.637 INFO kablam! 1 | #![feature(tool_lints)]
Nov 01 15:46:42.637 INFO kablam!   | ^^^^^^^^^^^^^^^^^^^^^^^
Nov 01 15:46:42.637 INFO kablam! 
Nov 01 15:46:42.637 INFO kablam! error: aborting due to 14 previous errors
Nov 01 15:46:42.637 INFO kablam! 
Nov 01 15:46:42.638 INFO kablam! Some errors occurred: E0412, E0432, E0433, E0554.
Nov 01 15:46:42.638 INFO kablam! For more information about an error, try `rustc --explain E0412`.
Nov 01 15:46:42.647 INFO kablam! error: Could not compile `lang`.
Nov 01 15:46:42.647 INFO kablam! 
Nov 01 15:46:42.648 INFO kablam! To learn more, run the command again with --verbose.
Nov 01 15:46:42.652 INFO kablam! su: No module specific data is present
Nov 01 15:46:43.859 INFO running `"docker" "rm" "-f" "debf729b44db1be8d4670e3da3e513bdc2d25f264b45dd2d4b4293fc6cd4c61a"`
Nov 01 15:46:44.195 INFO blam! debf729b44db1be8d4670e3da3e513bdc2d25f264b45dd2d4b4293fc6cd4c61a
