Nov 01 16:02:25.269 INFO testing alexeyzab/voskhod against 1.30.0 for beta-1.31-1
Nov 01 16:02:25.270 INFO running `"docker" "create" "-v" "/mnt/big/crater/work/local/target-dirs/beta-1.31-1/worker-0/1.30.0:/target:rw,Z" "-v" "/mnt/big/crater/work/local/test-source/worker-0/beta-1.31-1/1.30.0:/source:ro,Z" "-v" "/mnt/big/crater/work/local/cargo-home:/cargo-home:ro,Z" "-v" "/mnt/big/crater/work/local/rustup-home:/rustup-home:ro,Z" "-e" "USER_ID=1000" "-e" "SOURCE_DIR=/source" "-e" "USER_ID=1000" "-e" "CMD=cargo +1.30.0 build --frozen" "-e" "CARGO_TARGET_DIR=/target" "-e" "CARGO_INCREMENTAL=0" "-e" "RUST_BACKTRACE=full" "-e" "RUSTFLAGS=--cap-lints=warn" "-e" "CARGO_HOME=/cargo-home" "-e" "RUSTUP_HOME=/rustup-home" "-m" "1536M" "--network" "none" "crater"`
Nov 01 16:02:25.704 INFO blam! b9bbc1e23234c47179f6595f55f18a310e00a840cfde1a6961cee9bca08184e9
Nov 01 16:02:25.707 INFO running `"docker" "start" "-a" "b9bbc1e23234c47179f6595f55f18a310e00a840cfde1a6961cee9bca08184e9"`
Nov 01 16:02:27.535 INFO kablam! usermod: no changes
Nov 01 16:02:27.900 INFO kablam!    Compiling pear_codegen v0.0.20
Nov 01 16:02:27.907 INFO kablam!    Compiling rocket v0.3.16
Nov 01 16:02:27.908 INFO kablam!    Compiling rocket_codegen v0.3.16
Nov 01 16:02:27.939 INFO kablam!    Compiling fake v1.2.2
Nov 01 16:02:27.940 INFO kablam!    Compiling toml v0.4.6
Nov 01 16:02:27.940 INFO kablam!    Compiling serde_json v1.0.26
Nov 01 16:02:27.941 INFO kablam!    Compiling backtrace v0.3.9
Nov 01 16:02:27.941 INFO kablam!    Compiling chrono v0.4.6
Nov 01 16:02:28.435 INFO kablam! error: failed to run custom build command for `pear_codegen v0.0.20`
Nov 01 16:02:28.435 INFO kablam! process didn't exit successfully: `/target/debug/build/pear_codegen-08de146d174bf17e/build-script-build` (exit code: 101)
Nov 01 16:02:28.436 INFO kablam! --- stderr
Nov 01 16:02:28.436 INFO kablam! [1;31mError:[0m [37mPear requires a nightly or dev version of Rust.[0m
Nov 01 16:02:28.436 INFO kablam! [37mInstalled version is:[0m [33m1.30.0 (2018-10-24)[0m. [37mMinimum required:[0m [33m1.30.0-nightly (2018-08-23)[0m.
Nov 01 16:02:28.436 INFO kablam! thread 'main' panicked at 'Aborting compilation due to incompatible compiler.', /cargo-home/registry/src/github.com-1ecc6299db9ec823/pear_codegen-0.0.20/build.rs:31:13
Nov 01 16:02:28.436 INFO kablam! stack backtrace:
Nov 01 16:02:28.436 INFO kablam!    0:     0x5591331a87de - std::sys::unix::backtrace::tracing::imp::unwind_backtrace::hf5316c67202e23c8
Nov 01 16:02:28.436 INFO kablam!                                at libstd/sys/unix/backtrace/tracing/gcc_s.rs:49
Nov 01 16:02:28.436 INFO kablam!    1:     0x559133199e06 - std::sys_common::backtrace::print::h3068ed2a6dc7ac86
Nov 01 16:02:28.436 INFO kablam!                                at libstd/sys_common/backtrace.rs:71
Nov 01 16:02:28.436 INFO kablam!                                at libstd/sys_common/backtrace.rs:59
Nov 01 16:02:28.436 INFO kablam!    2:     0x5591331986fd - std::panicking::default_hook::{{closure}}::h1b9d29cc09d41897
Nov 01 16:02:28.436 INFO kablam!                                at libstd/panicking.rs:211
Nov 01 16:02:28.436 INFO kablam!    3:     0x559133198470 - std::panicking::default_hook::h3a27b204a313406b
Nov 01 16:02:28.436 INFO kablam!                                at libstd/panicking.rs:227
Nov 01 16:02:28.436 INFO kablam!    4:     0x559133198cfc - std::panicking::rust_panic_with_hook::h0e12cb2fc86d00fa
Nov 01 16:02:28.436 INFO kablam!                                at libstd/panicking.rs:477
Nov 01 16:02:28.436 INFO kablam!    5:     0x55913317c9ff - std::panicking::begin_panic::hbd2af5d55136bf88
Nov 01 16:02:28.436 INFO kablam!                                at libstd/panicking.rs:411
Nov 01 16:02:28.436 INFO kablam!    6:     0x55913317ab3a - build_script_build::main::h946765383e2552ff
Nov 01 16:02:28.436 INFO kablam!                                at /cargo-home/registry/src/github.com-1ecc6299db9ec823/pear_codegen-0.0.20/build.rs:31
Nov 01 16:02:28.436 INFO kablam!    7:     0x55913317d2ef - std::rt::lang_start::{{closure}}::ha8726a4505c071b9
Nov 01 16:02:28.436 INFO kablam!                                at libstd/rt.rs:74
Nov 01 16:02:28.436 INFO kablam!    8:     0x5591331987a2 - std::panicking::try::do_call::h572dc6f90deb1a4d
Nov 01 16:02:28.436 INFO kablam!                                at libstd/rt.rs:59
Nov 01 16:02:28.436 INFO kablam!                                at libstd/panicking.rs:310
Nov 01 16:02:28.436 INFO kablam!    9:     0x5591331b9709 - __rust_maybe_catch_panic
Nov 01 16:02:28.436 INFO kablam!                                at libpanic_unwind/lib.rs:103
Nov 01 16:02:28.436 INFO kablam!   10:     0x5591331a37d5 - std::rt::lang_start_internal::hce01021c3c1cf20d
Nov 01 16:02:28.436 INFO kablam!                                at libstd/panicking.rs:289
Nov 01 16:02:28.436 INFO kablam!                                at libstd/panic.rs:392
Nov 01 16:02:28.436 INFO kablam!                                at libstd/rt.rs:58
Nov 01 16:02:28.436 INFO kablam!   11:     0x55913317d2c7 - std::rt::lang_start::h187ee695f5b7fbeb
Nov 01 16:02:28.436 INFO kablam!                                at libstd/rt.rs:74
Nov 01 16:02:28.436 INFO kablam!   12:     0x55913317b9e9 - main
Nov 01 16:02:28.436 INFO kablam!   13:     0x7fef2a63f82f - __libc_start_main
Nov 01 16:02:28.436 INFO kablam!   14:     0x55913317a428 - _start
Nov 01 16:02:28.436 INFO kablam!   15:                0x0 - <unknown>
Nov 01 16:02:28.436 INFO kablam! 
Nov 01 16:02:28.437 INFO kablam! warning: build failed, waiting for other jobs to finish...
Nov 01 16:02:28.556 INFO kablam! error: failed to run custom build command for `rocket v0.3.16`
Nov 01 16:02:28.556 INFO kablam! process didn't exit successfully: `/target/debug/build/rocket-5852bba5dfc76589/build-script-build` (exit code: 101)
Nov 01 16:02:28.556 INFO kablam! --- stderr
Nov 01 16:02:28.556 INFO kablam! [1;31mError:[0m [37mRocket requires a nightly or dev version of Rust.[0m
Nov 01 16:02:28.556 INFO kablam! [37mInstalled version is:[0m [33m1.30.0 (2018-10-24)[0m. [37mMinimum required:[0m [33m1.27.0-nightly (2018-04-26)[0m.
Nov 01 16:02:28.556 INFO kablam! [34mSee the getting started guide ([0m[37mhttps://rocket.rs/guide/getting-started/[0m[34m) for more information.[0m
Nov 01 16:02:28.556 INFO kablam! thread 'main' panicked at 'Aborting compilation due to incompatible compiler.', /cargo-home/registry/src/github.com-1ecc6299db9ec823/rocket-0.3.16/build.rs:38:13
Nov 01 16:02:28.556 INFO kablam! stack backtrace:
Nov 01 16:02:28.556 INFO kablam!    0:     0x55ca6ac49a0e - std::sys::unix::backtrace::tracing::imp::unwind_backtrace::hf5316c67202e23c8
Nov 01 16:02:28.556 INFO kablam!                                at libstd/sys/unix/backtrace/tracing/gcc_s.rs:49
Nov 01 16:02:28.556 INFO kablam!    1:     0x55ca6ac3b036 - std::sys_common::backtrace::print::h3068ed2a6dc7ac86
Nov 01 16:02:28.556 INFO kablam!                                at libstd/sys_common/backtrace.rs:71
Nov 01 16:02:28.556 INFO kablam!                                at libstd/sys_common/backtrace.rs:59
Nov 01 16:02:28.556 INFO kablam!    2:     0x55ca6ac3992d - std::panicking::default_hook::{{closure}}::h1b9d29cc09d41897
Nov 01 16:02:28.556 INFO kablam!                                at libstd/panicking.rs:211
Nov 01 16:02:28.556 INFO kablam!    3:     0x55ca6ac396a0 - std::panicking::default_hook::h3a27b204a313406b
Nov 01 16:02:28.556 INFO kablam!                                at libstd/panicking.rs:227
Nov 01 16:02:28.556 INFO kablam!    4:     0x55ca6ac39f2c - std::panicking::rust_panic_with_hook::h0e12cb2fc86d00fa
Nov 01 16:02:28.556 INFO kablam!                                at libstd/panicking.rs:477
Nov 01 16:02:28.556 INFO kablam!    5:     0x55ca6ac1dc2f - std::panicking::begin_panic::hde0e552bcc1ca0ba
Nov 01 16:02:28.556 INFO kablam!                                at libstd/panicking.rs:411
Nov 01 16:02:28.556 INFO kablam!    6:     0x55ca6ac1bd73 - build_script_build::main::h5e5583f3a72380bc
Nov 01 16:02:28.556 INFO kablam!                                at /cargo-home/registry/src/github.com-1ecc6299db9ec823/rocket-0.3.16/build.rs:38
Nov 01 16:02:28.556 INFO kablam!    7:     0x55ca6ac1e51f - std::rt::lang_start::{{closure}}::h840839da89cffce0
Nov 01 16:02:28.556 INFO kablam!                                at libstd/rt.rs:74
Nov 01 16:02:28.556 INFO kablam!    8:     0x55ca6ac399d2 - std::panicking::try::do_call::h572dc6f90deb1a4d
Nov 01 16:02:28.556 INFO kablam!                                at libstd/rt.rs:59
Nov 01 16:02:28.556 INFO kablam!                                at libstd/panicking.rs:310
Nov 01 16:02:28.556 INFO kablam!    9:     0x55ca6ac5a939 - __rust_maybe_catch_panic
Nov 01 16:02:28.556 INFO kablam!                                at libpanic_unwind/lib.rs:103
Nov 01 16:02:28.556 INFO kablam!   10:     0x55ca6ac44a05 - std::rt::lang_start_internal::hce01021c3c1cf20d
Nov 01 16:02:28.556 INFO kablam!                                at libstd/panicking.rs:289
Nov 01 16:02:28.556 INFO kablam!                                at libstd/panic.rs:392
Nov 01 16:02:28.556 INFO kablam!                                at libstd/rt.rs:58
Nov 01 16:02:28.556 INFO kablam!   11:     0x55ca6ac1e4f7 - std::rt::lang_start::h156f7b7a5033c1a0
Nov 01 16:02:28.556 INFO kablam!                                at libstd/rt.rs:74
Nov 01 16:02:28.556 INFO kablam!   12:     0x55ca6ac1cc19 - main
Nov 01 16:02:28.556 INFO kablam!   13:     0x7fa11cf1682f - __libc_start_main
Nov 01 16:02:28.556 INFO kablam!   14:     0x55ca6ac1b428 - _start
Nov 01 16:02:28.556 INFO kablam!   15:                0x0 - <unknown>
Nov 01 16:02:28.556 INFO kablam! 
Nov 01 16:02:28.557 INFO kablam! warning: build failed, waiting for other jobs to finish...
Nov 01 16:02:28.600 INFO kablam! error: failed to run custom build command for `rocket_codegen v0.3.16`
Nov 01 16:02:28.600 INFO kablam! process didn't exit successfully: `/target/debug/build/rocket_codegen-79ea5d674a144dcd/build-script-build` (exit code: 101)
Nov 01 16:02:28.600 INFO kablam! --- stderr
Nov 01 16:02:28.600 INFO kablam! [1;31mError:[0m [37mRocket requires a nightly or dev version of Rust.[0m
Nov 01 16:02:28.600 INFO kablam! [37mInstalled version is:[0m [33m1.30.0 (2018-10-24)[0m. [37mMinimum required:[0m [33m1.30.0-nightly (2018-08-23)[0m.
Nov 01 16:02:28.600 INFO kablam! [34mSee the getting started guide ([0m[37mhttps://rocket.rs/guide/getting-started/[0m[34m) for more information.[0m
Nov 01 16:02:28.600 INFO kablam! thread 'main' panicked at 'Aborting compilation due to incompatible compiler.', /cargo-home/registry/src/github.com-1ecc6299db9ec823/rocket_codegen-0.3.16/build.rs:38:17
Nov 01 16:02:28.600 INFO kablam! stack backtrace:
Nov 01 16:02:28.600 INFO kablam!    0:     0x56342dc5d9fe - std::sys::unix::backtrace::tracing::imp::unwind_backtrace::hf5316c67202e23c8
Nov 01 16:02:28.600 INFO kablam!                                at libstd/sys/unix/backtrace/tracing/gcc_s.rs:49
Nov 01 16:02:28.600 INFO kablam!    1:     0x56342dc4f026 - std::sys_common::backtrace::print::h3068ed2a6dc7ac86
Nov 01 16:02:28.600 INFO kablam!                                at libstd/sys_common/backtrace.rs:71
Nov 01 16:02:28.600 INFO kablam!                                at libstd/sys_common/backtrace.rs:59
Nov 01 16:02:28.600 INFO kablam!    2:     0x56342dc4d91d - std::panicking::default_hook::{{closure}}::h1b9d29cc09d41897
Nov 01 16:02:28.600 INFO kablam!                                at libstd/panicking.rs:211
Nov 01 16:02:28.600 INFO kablam!    3:     0x56342dc4d690 - std::panicking::default_hook::h3a27b204a313406b
Nov 01 16:02:28.600 INFO kablam!                                at libstd/panicking.rs:227
Nov 01 16:02:28.600 INFO kablam!    4:     0x56342dc4df1c - std::panicking::rust_panic_with_hook::h0e12cb2fc86d00fa
Nov 01 16:02:28.600 INFO kablam!                                at libstd/panicking.rs:477
Nov 01 16:02:28.600 INFO kablam!    5:     0x56342dc31c1f - std::panicking::begin_panic::h62ce84930b3637fb
Nov 01 16:02:28.600 INFO kablam!                                at libstd/panicking.rs:411
Nov 01 16:02:28.600 INFO kablam!    6:     0x56342dc2fd72 - build_script_build::main::h1178836a11e6aa63
Nov 01 16:02:28.600 INFO kablam!                                at /cargo-home/registry/src/github.com-1ecc6299db9ec823/rocket_codegen-0.3.16/build.rs:38
Nov 01 16:02:28.600 INFO kablam!    7:     0x56342dc3250f - std::rt::lang_start::{{closure}}::h2acd45176ee0f0c2
Nov 01 16:02:28.600 INFO kablam!                                at libstd/rt.rs:74
Nov 01 16:02:28.600 INFO kablam!    8:     0x56342dc4d9c2 - std::panicking::try::do_call::h572dc6f90deb1a4d
Nov 01 16:02:28.600 INFO kablam!                                at libstd/rt.rs:59
Nov 01 16:02:28.600 INFO kablam!                                at libstd/panicking.rs:310
Nov 01 16:02:28.600 INFO kablam!    9:     0x56342dc6e929 - __rust_maybe_catch_panic
Nov 01 16:02:28.600 INFO kablam!                                at libpanic_unwind/lib.rs:103
Nov 01 16:02:28.600 INFO kablam!   10:     0x56342dc589f5 - std::rt::lang_start_internal::hce01021c3c1cf20d
Nov 01 16:02:28.600 INFO kablam!                                at libstd/panicking.rs:289
Nov 01 16:02:28.600 INFO kablam!                                at libstd/panic.rs:392
Nov 01 16:02:28.600 INFO kablam!                                at libstd/rt.rs:58
Nov 01 16:02:28.600 INFO kablam!   11:     0x56342dc324e7 - std::rt::lang_start::h87be2113511fc989
Nov 01 16:02:28.600 INFO kablam!                                at libstd/rt.rs:74
Nov 01 16:02:28.600 INFO kablam!   12:     0x56342dc30c09 - main
Nov 01 16:02:28.600 INFO kablam!   13:     0x7f576383f82f - __libc_start_main
Nov 01 16:02:28.600 INFO kablam!   14:     0x56342dc2f428 - _start
Nov 01 16:02:28.600 INFO kablam!   15:                0x0 - <unknown>
Nov 01 16:02:28.600 INFO kablam! 
Nov 01 16:02:28.601 INFO kablam! warning: build failed, waiting for other jobs to finish...
Nov 01 16:02:42.615 INFO kablam! error: build failed
Nov 01 16:02:42.619 INFO kablam! su: No module specific data is present
Nov 01 16:02:43.955 INFO running `"docker" "rm" "-f" "b9bbc1e23234c47179f6595f55f18a310e00a840cfde1a6961cee9bca08184e9"`
Nov 01 16:02:44.271 INFO blam! b9bbc1e23234c47179f6595f55f18a310e00a840cfde1a6961cee9bca08184e9
