Nov 01 16:18:29.251 INFO testing aisamanra/xargo against 1.30.0 for beta-1.31-1
Nov 01 16:18:29.251 INFO running `"docker" "create" "-v" "/mnt/big/crater/work/local/target-dirs/beta-1.31-1/worker-3/1.30.0:/target:rw,Z" "-v" "/mnt/big/crater/work/local/test-source/worker-3/beta-1.31-1/1.30.0:/source:ro,Z" "-v" "/mnt/big/crater/work/local/cargo-home:/cargo-home:ro,Z" "-v" "/mnt/big/crater/work/local/rustup-home:/rustup-home:ro,Z" "-e" "USER_ID=1000" "-e" "SOURCE_DIR=/source" "-e" "USER_ID=1000" "-e" "CMD=cargo +1.30.0 build --frozen" "-e" "CARGO_TARGET_DIR=/target" "-e" "CARGO_INCREMENTAL=0" "-e" "RUST_BACKTRACE=full" "-e" "RUSTFLAGS=--cap-lints=warn" "-e" "CARGO_HOME=/cargo-home" "-e" "RUSTUP_HOME=/rustup-home" "-m" "1536M" "--network" "none" "crater"`
Nov 01 16:18:29.438 INFO blam! 13471c94bdf2a87fa0129a455f1db19b54ad3855198461584b347ee019b75f07
Nov 01 16:18:29.440 INFO running `"docker" "start" "-a" "13471c94bdf2a87fa0129a455f1db19b54ad3855198461584b347ee019b75f07"`
Nov 01 16:18:29.782 INFO kablam! usermod: no changes
Nov 01 16:18:29.860 INFO kablam!    Compiling semver v0.1.20
Nov 01 16:18:29.860 INFO kablam!    Compiling serde v0.8.21
Nov 01 16:18:29.860 INFO kablam!    Compiling xargo v0.3.8 (/source)
Nov 01 16:18:29.861 INFO kablam!    Compiling walkdir v1.0.3
Nov 01 16:18:29.862 INFO kablam!    Compiling fs2 v0.4.1
Nov 01 16:18:29.863 INFO kablam!    Compiling toml v0.2.1
Nov 01 16:18:29.863 INFO kablam!    Compiling tempdir v0.3.5
Nov 01 16:18:29.863 INFO kablam!    Compiling backtrace-sys v0.1.5
Nov 01 16:18:32.254 INFO kablam!    Compiling backtrace v0.3.0
Nov 01 16:18:32.347 INFO kablam!    Compiling rustc_version v0.1.7
Nov 01 16:18:34.609 INFO kablam!    Compiling error-chain v0.7.2
Nov 01 16:18:38.309 INFO kablam!    Compiling serde_json v0.8.4
Nov 01 16:18:40.930 INFO kablam! warning: lint `unused_doc_comment` has been renamed to `unused_doc_comments`
Nov 01 16:18:40.930 INFO kablam!  --> src/errors.rs:2:10
Nov 01 16:18:40.930 INFO kablam!   |
Nov 01 16:18:40.930 INFO kablam! 2 | #![allow(unused_doc_comment)]
Nov 01 16:18:40.930 INFO kablam!   |          ^^^^^^^^^^^^^^^^^^ help: use the new name: `unused_doc_comments`
Nov 01 16:18:40.930 INFO kablam!   |
Nov 01 16:18:40.930 INFO kablam! note: lint level defined here
Nov 01 16:18:40.930 INFO kablam!  --> src/main.rs:1:9
Nov 01 16:18:40.930 INFO kablam!   |
Nov 01 16:18:40.930 INFO kablam! 1 | #![deny(warnings)]
Nov 01 16:18:40.930 INFO kablam!   |         ^^^^^^^^
Nov 01 16:18:40.930 INFO kablam!   = note: #[warn(renamed_and_removed_lints)] implied by #[warn(warnings)]
Nov 01 16:18:40.930 INFO kablam! 
Nov 01 16:18:41.942 INFO kablam! warning: use of deprecated item 'std::env::home_dir': This function's behavior is unexpected and probably not what you want. Consider using the home_dir function from https://crates.io/crates/dirs instead.
Nov 01 16:18:41.942 INFO kablam!   --> src/xargo.rs:82:9
Nov 01 16:18:41.942 INFO kablam!    |
Nov 01 16:18:41.942 INFO kablam! 82 |         env::home_dir()
Nov 01 16:18:41.942 INFO kablam!    |         ^^^^^^^^^^^^^
Nov 01 16:18:41.942 INFO kablam!    |
Nov 01 16:18:41.942 INFO kablam! note: lint level defined here
Nov 01 16:18:41.942 INFO kablam!   --> src/main.rs:1:9
Nov 01 16:18:41.942 INFO kablam!    |
Nov 01 16:18:41.942 INFO kablam! 1  | #![deny(warnings)]
Nov 01 16:18:41.942 INFO kablam!    |         ^^^^^^^^
Nov 01 16:18:41.942 INFO kablam!    = note: #[warn(deprecated)] implied by #[warn(warnings)]
Nov 01 16:18:41.942 INFO kablam! 
Nov 01 16:18:44.478 INFO kablam!     Finished dev [unoptimized + debuginfo] target(s) in 14.67s
Nov 01 16:18:44.483 INFO kablam! su: No module specific data is present
Nov 01 16:18:45.093 INFO running `"docker" "rm" "-f" "13471c94bdf2a87fa0129a455f1db19b54ad3855198461584b347ee019b75f07"`
Nov 01 16:18:45.395 INFO blam! 13471c94bdf2a87fa0129a455f1db19b54ad3855198461584b347ee019b75f07
Nov 01 16:18:45.406 INFO running `"docker" "create" "-v" "/mnt/big/crater/work/local/target-dirs/beta-1.31-1/worker-3/1.30.0:/target:rw,Z" "-v" "/mnt/big/crater/work/local/test-source/worker-3/beta-1.31-1/1.30.0:/source:ro,Z" "-v" "/mnt/big/crater/work/local/cargo-home:/cargo-home:ro,Z" "-v" "/mnt/big/crater/work/local/rustup-home:/rustup-home:ro,Z" "-e" "USER_ID=1000" "-e" "SOURCE_DIR=/source" "-e" "USER_ID=1000" "-e" "CMD=cargo +1.30.0 test --frozen --no-run" "-e" "CARGO_TARGET_DIR=/target" "-e" "CARGO_INCREMENTAL=0" "-e" "RUST_BACKTRACE=full" "-e" "RUSTFLAGS=--cap-lints=warn" "-e" "CARGO_HOME=/cargo-home" "-e" "RUSTUP_HOME=/rustup-home" "-m" "1536M" "--network" "none" "crater"`
Nov 01 16:18:45.873 INFO blam! c9d75cedbbf791e92e07a223782859e61713e481383abcc5c780b0541bc0b8d1
Nov 01 16:18:45.876 INFO running `"docker" "start" "-a" "c9d75cedbbf791e92e07a223782859e61713e481383abcc5c780b0541bc0b8d1"`
Nov 01 16:18:46.863 INFO kablam! usermod: no changes
Nov 01 16:18:46.967 INFO kablam!    Compiling owning_ref v0.2.2
Nov 01 16:18:46.967 INFO kablam!    Compiling parking_lot_core v0.2.0
Nov 01 16:18:47.559 INFO kablam! error[E0554]: #![feature] may not be used on the stable release channel
Nov 01 16:18:47.559 INFO kablam!   --> /cargo-home/registry/src/github.com-1ecc6299db9ec823/parking_lot_core-0.2.0/src/lib.rs:40:34
Nov 01 16:18:47.559 INFO kablam!    |
Nov 01 16:18:47.559 INFO kablam! 40 | #![cfg_attr(feature = "nightly", feature(const_fn))]
Nov 01 16:18:47.559 INFO kablam!    |                                  ^^^^^^^^^^^^^^^^^^
Nov 01 16:18:47.559 INFO kablam! 
Nov 01 16:18:47.559 INFO kablam! error[E0554]: #![feature] may not be used on the stable release channel
Nov 01 16:18:47.559 INFO kablam!   --> /cargo-home/registry/src/github.com-1ecc6299db9ec823/parking_lot_core-0.2.0/src/lib.rs:41:34
Nov 01 16:18:47.559 INFO kablam!    |
Nov 01 16:18:47.559 INFO kablam! 41 | #![cfg_attr(feature = "nightly", feature(integer_atomics))]
Nov 01 16:18:47.559 INFO kablam!    |                                  ^^^^^^^^^^^^^^^^^^^^^^^^^
Nov 01 16:18:47.559 INFO kablam! 
Nov 01 16:18:47.559 INFO kablam! error[E0554]: #![feature] may not be used on the stable release channel
Nov 01 16:18:47.559 INFO kablam!   --> /cargo-home/registry/src/github.com-1ecc6299db9ec823/parking_lot_core-0.2.0/src/lib.rs:42:34
Nov 01 16:18:47.559 INFO kablam!    |
Nov 01 16:18:47.559 INFO kablam! 42 | #![cfg_attr(feature = "nightly", feature(asm))]
Nov 01 16:18:47.559 INFO kablam!    |                                  ^^^^^^^^^^^^^
Nov 01 16:18:47.559 INFO kablam! 
Nov 01 16:18:47.559 INFO kablam! error: aborting due to 3 previous errors
Nov 01 16:18:47.559 INFO kablam! 
Nov 01 16:18:47.559 INFO kablam! For more information about this error, try `rustc --explain E0554`.
Nov 01 16:18:47.559 INFO kablam! error: Could not compile `parking_lot_core`.
Nov 01 16:18:47.559 INFO kablam! warning: build failed, waiting for other jobs to finish...
Nov 01 16:18:47.583 INFO kablam! error: build failed
Nov 01 16:18:47.583 INFO kablam! su: No module specific data is present
Nov 01 16:18:48.337 INFO running `"docker" "rm" "-f" "c9d75cedbbf791e92e07a223782859e61713e481383abcc5c780b0541bc0b8d1"`
Nov 01 16:18:48.531 INFO blam! c9d75cedbbf791e92e07a223782859e61713e481383abcc5c780b0541bc0b8d1
