Nov 01 16:45:19.981 INFO testing Zyphicx/ecstest against beta-2018-10-30 for beta-1.31-1
Nov 01 16:45:19.981 INFO running `"docker" "create" "-v" "/mnt/big/crater/work/local/target-dirs/beta-1.31-1/worker-1/beta-2018-10-30:/target:rw,Z" "-v" "/mnt/big/crater/work/local/test-source/worker-1/beta-1.31-1/beta-2018-10-30:/source:ro,Z" "-v" "/mnt/big/crater/work/local/cargo-home:/cargo-home:ro,Z" "-v" "/mnt/big/crater/work/local/rustup-home:/rustup-home:ro,Z" "-e" "USER_ID=1000" "-e" "SOURCE_DIR=/source" "-e" "USER_ID=1000" "-e" "CMD=cargo +beta-2018-10-30 build --frozen" "-e" "CARGO_TARGET_DIR=/target" "-e" "CARGO_INCREMENTAL=0" "-e" "RUST_BACKTRACE=full" "-e" "RUSTFLAGS=--cap-lints=warn" "-e" "CARGO_HOME=/cargo-home" "-e" "RUSTUP_HOME=/rustup-home" "-m" "1536M" "--network" "none" "crater"`
Nov 01 16:45:20.503 INFO blam! 9a26cdd35d3b7ce583374338d2cb62f2178fc8badbbd119ec5b56e30ef162d24
Nov 01 16:45:20.505 INFO running `"docker" "start" "-a" "9a26cdd35d3b7ce583374338d2cb62f2178fc8badbbd119ec5b56e30ef162d24"`
Nov 01 16:45:21.828 INFO kablam! usermod: no changes
Nov 01 16:45:21.927 INFO kablam!    Compiling ecstest v0.1.0 (/source)
Nov 01 16:45:22.431 INFO kablam! warning: unused import: `Tag::*`
Nov 01 16:45:22.432 INFO kablam!    --> src/main.rs:159:5
Nov 01 16:45:22.432 INFO kablam!     |
Nov 01 16:45:22.432 INFO kablam! 159 | use Tag::*;
Nov 01 16:45:22.433 INFO kablam!     |     ^^^^^^
Nov 01 16:45:22.433 INFO kablam!     |
Nov 01 16:45:22.433 INFO kablam!     = note: #[warn(unused_imports)] on by default
Nov 01 16:45:22.433 INFO kablam! 
Nov 01 16:45:22.483 INFO kablam! error[E0277]: a collection of type `&Vel` cannot be built from an iterator over elements of type `&Vel`
Nov 01 16:45:22.484 INFO kablam!    --> src/main.rs:94:30
Nov 01 16:45:22.484 INFO kablam!     |
Nov 01 16:45:22.484 INFO kablam! 94  |                             .collect()
Nov 01 16:45:22.485 INFO kablam!     |                              ^^^^^^^ a collection of type `&Vel` cannot be built from `std::iter::Iterator<Item=&Vel>`
Nov 01 16:45:22.485 INFO kablam! ...
Nov 01 16:45:22.485 INFO kablam! 357 |     read!( Tag::HasGravity: Vel ); 
Nov 01 16:45:22.486 INFO kablam!     |     ------------------------------ in this macro invocation
Nov 01 16:45:22.486 INFO kablam!     |
Nov 01 16:45:22.486 INFO kablam!     = help: the trait `std::iter::FromIterator<&Vel>` is not implemented for `&Vel`
Nov 01 16:45:22.487 INFO kablam! 
Nov 01 16:45:22.587 INFO kablam! error[E0308]: mismatched types
Nov 01 16:45:22.588 INFO kablam!    --> src/main.rs:133:67
Nov 01 16:45:22.588 INFO kablam!     |
Nov 01 16:45:22.588 INFO kablam! 133 |                               .map(|x| { let comp: &mut Component = &**world.components.get_mut(&TypeId::of::<$components>())
Nov 01 16:45:22.589 INFO kablam!     |  ___________________________________________________________________^
Nov 01 16:45:22.589 INFO kablam! 134 | |                                                                                      .unwrap()
Nov 01 16:45:22.589 INFO kablam! 135 | |                                                                                      .get_mut(*x) // Get the corresponding component
Nov 01 16:45:22.589 INFO kablam! 136 | |                                                                                      .unwrap();
Nov 01 16:45:22.590 INFO kablam!     | |______________________________________________________________________________________________^ types differ in mutability
Nov 01 16:45:22.590 INFO kablam! ...
Nov 01 16:45:22.590 INFO kablam! 358 |       write!( Tag::HasGravity: Pos );
Nov 01 16:45:22.591 INFO kablam!     |       ------------------------------- in this macro invocation
Nov 01 16:45:22.591 INFO kablam!     |
Nov 01 16:45:22.591 INFO kablam!     = note: expected type `&mut (dyn Component + 'static)`
Nov 01 16:45:22.592 INFO kablam!                found type `&(dyn Component + 'static)`
Nov 01 16:45:22.592 INFO kablam! 
Nov 01 16:45:22.599 INFO kablam! error[E0277]: a collection of type `&mut Pos` cannot be built from an iterator over elements of type `&mut Pos`
Nov 01 16:45:22.599 INFO kablam!    --> src/main.rs:144:30
Nov 01 16:45:22.599 INFO kablam!     |
Nov 01 16:45:22.599 INFO kablam! 144 |                             .collect()
Nov 01 16:45:22.599 INFO kablam!     |                              ^^^^^^^ a collection of type `&mut Pos` cannot be built from `std::iter::Iterator<Item=&mut Pos>`
Nov 01 16:45:22.599 INFO kablam! ...
Nov 01 16:45:22.599 INFO kablam! 358 |     write!( Tag::HasGravity: Pos );
Nov 01 16:45:22.599 INFO kablam!     |     ------------------------------- in this macro invocation
Nov 01 16:45:22.599 INFO kablam!     |
Nov 01 16:45:22.599 INFO kablam!     = help: the trait `std::iter::FromIterator<&mut Pos>` is not implemented for `&mut Pos`
Nov 01 16:45:22.599 INFO kablam! 
Nov 01 16:45:22.643 INFO kablam! error[E0308]: mismatched types
Nov 01 16:45:22.643 INFO kablam!    --> src/main.rs:191:14
Nov 01 16:45:22.643 INFO kablam!     |
Nov 01 16:45:22.643 INFO kablam! 191 |         Some(&self[id as usize])
Nov 01 16:45:22.643 INFO kablam!     |              ^^^^^^^^^^^^^^^^^^ types differ in mutability
Nov 01 16:45:22.643 INFO kablam!     |
Nov 01 16:45:22.643 INFO kablam!     = note: expected type `&mut std::boxed::Box<(dyn Component + 'static)>`
Nov 01 16:45:22.643 INFO kablam!                found type `&std::boxed::Box<(dyn Component + 'static)>`
Nov 01 16:45:22.643 INFO kablam! 
Nov 01 16:45:22.671 INFO kablam! error: aborting due to 4 previous errors
Nov 01 16:45:22.671 INFO kablam! 
Nov 01 16:45:22.671 INFO kablam! Some errors occurred: E0277, E0308.
Nov 01 16:45:22.671 INFO kablam! For more information about an error, try `rustc --explain E0277`.
Nov 01 16:45:22.679 INFO kablam! error: Could not compile `ecstest`.
Nov 01 16:45:22.679 INFO kablam! 
Nov 01 16:45:22.679 INFO kablam! To learn more, run the command again with --verbose.
Nov 01 16:45:22.681 INFO kablam! su: No module specific data is present
Nov 01 16:45:23.371 INFO running `"docker" "rm" "-f" "9a26cdd35d3b7ce583374338d2cb62f2178fc8badbbd119ec5b56e30ef162d24"`
Nov 01 16:45:23.627 INFO blam! 9a26cdd35d3b7ce583374338d2cb62f2178fc8badbbd119ec5b56e30ef162d24
