Nov 01 16:52:35.694 INFO testing YaLTeR/aoc2017 against beta-2018-10-30 for beta-1.31-1
Nov 01 16:52:35.695 INFO running `"docker" "create" "-v" "/mnt/big/crater/work/local/target-dirs/beta-1.31-1/worker-2/beta-2018-10-30:/target:rw,Z" "-v" "/mnt/big/crater/work/local/test-source/worker-2/beta-1.31-1/beta-2018-10-30:/source:ro,Z" "-v" "/mnt/big/crater/work/local/cargo-home:/cargo-home:ro,Z" "-v" "/mnt/big/crater/work/local/rustup-home:/rustup-home:ro,Z" "-e" "USER_ID=1000" "-e" "SOURCE_DIR=/source" "-e" "USER_ID=1000" "-e" "CMD=cargo +beta-2018-10-30 build --frozen" "-e" "CARGO_TARGET_DIR=/target" "-e" "CARGO_INCREMENTAL=0" "-e" "RUST_BACKTRACE=full" "-e" "RUSTFLAGS=--cap-lints=warn" "-e" "CARGO_HOME=/cargo-home" "-e" "RUSTUP_HOME=/rustup-home" "-m" "1536M" "--network" "none" "crater"`
Nov 01 16:52:36.029 INFO blam! 0022ad1247fe7a4b0ccb799fecdb8ddbf30c9956e62cd5763e67e80214aac376
Nov 01 16:52:36.031 INFO running `"docker" "start" "-a" "0022ad1247fe7a4b0ccb799fecdb8ddbf30c9956e62cd5763e67e80214aac376"`
Nov 01 16:52:37.546 INFO kablam! usermod: no changes
Nov 01 16:52:37.631 INFO kablam!    Compiling fixedbitset v0.1.8
Nov 01 16:52:37.631 INFO kablam!    Compiling ordermap v0.3.2
Nov 01 16:52:39.367 INFO kablam!    Compiling petgraph v0.4.10
Nov 01 16:52:41.247 INFO kablam! error[E0034]: multiple applicable items in scope
Nov 01 16:52:41.247 INFO kablam!     --> /cargo-home/registry/src/github.com-1ecc6299db9ec823/petgraph-0.4.10/src/graph_impl/stable_graph/mod.rs:1173:19
Nov 01 16:52:41.247 INFO kablam!      |
Nov 01 16:52:41.247 INFO kablam! 1173 |         self.iter.find_map(|(i, node)| {
Nov 01 16:52:41.247 INFO kablam!      |                   ^^^^^^^^ multiple `find_map` found
Nov 01 16:52:41.247 INFO kablam!      |
Nov 01 16:52:41.247 INFO kablam! note: candidate #1 is defined in an impl of the trait `iter_utils::IterUtilsExt` for the type `_`
Nov 01 16:52:41.247 INFO kablam!     --> /cargo-home/registry/src/github.com-1ecc6299db9ec823/petgraph-0.4.10/src/iter_utils.rs:5:5
Nov 01 16:52:41.247 INFO kablam!      |
Nov 01 16:52:41.247 INFO kablam! 5    | /     fn find_map<F, R>(&mut self, mut f: F) -> Option<R>
Nov 01 16:52:41.247 INFO kablam! 6    | |         where F: FnMut(Self::Item) -> Option<R>
Nov 01 16:52:41.247 INFO kablam! 7    | |     {
Nov 01 16:52:41.247 INFO kablam! 8    | |         while let Some(elt) = self.next() {
Nov 01 16:52:41.247 INFO kablam! ...    |
Nov 01 16:52:41.247 INFO kablam! 13   | |         None
Nov 01 16:52:41.247 INFO kablam! 14   | |     }
Nov 01 16:52:41.247 INFO kablam!      | |_____^
Nov 01 16:52:41.247 INFO kablam!      = note: candidate #2 is defined in an impl of the trait `std::iter::Iterator` for the type `std::iter::Enumerate<_>`
Nov 01 16:52:41.247 INFO kablam! 
Nov 01 16:52:41.255 INFO kablam! error[E0034]: multiple applicable items in scope
Nov 01 16:52:41.255 INFO kablam!     --> /cargo-home/registry/src/github.com-1ecc6299db9ec823/petgraph-0.4.10/src/graph_impl/stable_graph/mod.rs:1365:19
Nov 01 16:52:41.255 INFO kablam!      |
Nov 01 16:52:41.255 INFO kablam! 1365 |         self.iter.find_map(|(i, edge)|
Nov 01 16:52:41.255 INFO kablam!      |                   ^^^^^^^^ multiple `find_map` found
Nov 01 16:52:41.255 INFO kablam!      |
Nov 01 16:52:41.255 INFO kablam! note: candidate #1 is defined in an impl of the trait `iter_utils::IterUtilsExt` for the type `_`
Nov 01 16:52:41.255 INFO kablam!     --> /cargo-home/registry/src/github.com-1ecc6299db9ec823/petgraph-0.4.10/src/iter_utils.rs:5:5
Nov 01 16:52:41.255 INFO kablam!      |
Nov 01 16:52:41.255 INFO kablam! 5    | /     fn find_map<F, R>(&mut self, mut f: F) -> Option<R>
Nov 01 16:52:41.255 INFO kablam! 6    | |         where F: FnMut(Self::Item) -> Option<R>
Nov 01 16:52:41.255 INFO kablam! 7    | |     {
Nov 01 16:52:41.255 INFO kablam! 8    | |         while let Some(elt) = self.next() {
Nov 01 16:52:41.255 INFO kablam! ...    |
Nov 01 16:52:41.255 INFO kablam! 13   | |         None
Nov 01 16:52:41.255 INFO kablam! 14   | |     }
Nov 01 16:52:41.255 INFO kablam!      | |_____^
Nov 01 16:52:41.255 INFO kablam!      = note: candidate #2 is defined in an impl of the trait `std::iter::Iterator` for the type `std::iter::Enumerate<_>`
Nov 01 16:52:41.259 INFO kablam! 
Nov 01 16:52:41.262 INFO kablam! error[E0034]: multiple applicable items in scope
Nov 01 16:52:41.262 INFO kablam!     --> /cargo-home/registry/src/github.com-1ecc6299db9ec823/petgraph-0.4.10/src/graph_impl/stable_graph/mod.rs:1529:19
Nov 01 16:52:41.262 INFO kablam!      |
Nov 01 16:52:41.262 INFO kablam! 1529 |         self.iter.find_map(|(i, node)| {
Nov 01 16:52:41.262 INFO kablam!      |                   ^^^^^^^^ multiple `find_map` found
Nov 01 16:52:41.262 INFO kablam!      |
Nov 01 16:52:41.262 INFO kablam! note: candidate #1 is defined in an impl of the trait `iter_utils::IterUtilsExt` for the type `_`
Nov 01 16:52:41.262 INFO kablam!     --> /cargo-home/registry/src/github.com-1ecc6299db9ec823/petgraph-0.4.10/src/iter_utils.rs:5:5
Nov 01 16:52:41.262 INFO kablam!      |
Nov 01 16:52:41.262 INFO kablam! 5    | /     fn find_map<F, R>(&mut self, mut f: F) -> Option<R>
Nov 01 16:52:41.262 INFO kablam! 6    | |         where F: FnMut(Self::Item) -> Option<R>
Nov 01 16:52:41.262 INFO kablam! 7    | |     {
Nov 01 16:52:41.262 INFO kablam! 8    | |         while let Some(elt) = self.next() {
Nov 01 16:52:41.262 INFO kablam! ...    |
Nov 01 16:52:41.262 INFO kablam! 13   | |         None
Nov 01 16:52:41.262 INFO kablam! 14   | |     }
Nov 01 16:52:41.262 INFO kablam!      | |_____^
Nov 01 16:52:41.262 INFO kablam!      = note: candidate #2 is defined in an impl of the trait `std::iter::Iterator` for the type `std::iter::Enumerate<_>`
Nov 01 16:52:41.264 INFO kablam! 
Nov 01 16:52:41.271 INFO kablam! error[E0034]: multiple applicable items in scope
Nov 01 16:52:41.271 INFO kablam!     --> /cargo-home/registry/src/github.com-1ecc6299db9ec823/petgraph-0.4.10/src/graph_impl/stable_graph/mod.rs:1575:19
Nov 01 16:52:41.271 INFO kablam!      |
Nov 01 16:52:41.271 INFO kablam! 1575 |         self.iter.find_map(|(i, node)| {
Nov 01 16:52:41.271 INFO kablam!      |                   ^^^^^^^^ multiple `find_map` found
Nov 01 16:52:41.271 INFO kablam!      |
Nov 01 16:52:41.271 INFO kablam! note: candidate #1 is defined in an impl of the trait `iter_utils::IterUtilsExt` for the type `_`
Nov 01 16:52:41.271 INFO kablam!     --> /cargo-home/registry/src/github.com-1ecc6299db9ec823/petgraph-0.4.10/src/iter_utils.rs:5:5
Nov 01 16:52:41.271 INFO kablam!      |
Nov 01 16:52:41.271 INFO kablam! 5    | /     fn find_map<F, R>(&mut self, mut f: F) -> Option<R>
Nov 01 16:52:41.271 INFO kablam! 6    | |         where F: FnMut(Self::Item) -> Option<R>
Nov 01 16:52:41.271 INFO kablam! 7    | |     {
Nov 01 16:52:41.271 INFO kablam! 8    | |         while let Some(elt) = self.next() {
Nov 01 16:52:41.271 INFO kablam! ...    |
Nov 01 16:52:41.271 INFO kablam! 13   | |         None
Nov 01 16:52:41.271 INFO kablam! 14   | |     }
Nov 01 16:52:41.271 INFO kablam!      | |_____^
Nov 01 16:52:41.271 INFO kablam!      = note: candidate #2 is defined in an impl of the trait `std::iter::Iterator` for the type `std::iter::Enumerate<_>`
Nov 01 16:52:41.271 INFO kablam! 
Nov 01 16:52:41.555 INFO kablam! error: aborting due to 4 previous errors
Nov 01 16:52:41.555 INFO kablam! 
Nov 01 16:52:41.556 INFO kablam! For more information about this error, try `rustc --explain E0034`.
Nov 01 16:52:41.567 INFO kablam! error: Could not compile `petgraph`.
Nov 01 16:52:41.567 INFO kablam! 
Nov 01 16:52:41.567 INFO kablam! To learn more, run the command again with --verbose.
Nov 01 16:52:41.568 INFO kablam! su: No module specific data is present
Nov 01 16:52:42.179 INFO running `"docker" "rm" "-f" "0022ad1247fe7a4b0ccb799fecdb8ddbf30c9956e62cd5763e67e80214aac376"`
Nov 01 16:52:42.380 INFO blam! 0022ad1247fe7a4b0ccb799fecdb8ddbf30c9956e62cd5763e67e80214aac376
