Nov 01 17:02:17.024 INFO testing Warry/gluon-html against beta-2018-10-30 for beta-1.31-1
Nov 01 17:02:17.024 INFO running `"docker" "create" "-v" "/mnt/big/crater/work/local/target-dirs/beta-1.31-1/worker-0/beta-2018-10-30:/target:rw,Z" "-v" "/mnt/big/crater/work/local/test-source/worker-0/beta-1.31-1/beta-2018-10-30:/source:ro,Z" "-v" "/mnt/big/crater/work/local/cargo-home:/cargo-home:ro,Z" "-v" "/mnt/big/crater/work/local/rustup-home:/rustup-home:ro,Z" "-e" "USER_ID=1000" "-e" "SOURCE_DIR=/source" "-e" "USER_ID=1000" "-e" "CMD=cargo +beta-2018-10-30 build --frozen" "-e" "CARGO_TARGET_DIR=/target" "-e" "CARGO_INCREMENTAL=0" "-e" "RUST_BACKTRACE=full" "-e" "RUSTFLAGS=--cap-lints=warn" "-e" "CARGO_HOME=/cargo-home" "-e" "RUSTUP_HOME=/rustup-home" "-m" "1536M" "--network" "none" "crater"`
Nov 01 17:02:17.492 INFO blam! e39cf77dbb3ff328a7c24cafb6d0d76591a0e19f1c9ba56d94332e8d8ae9a228
Nov 01 17:02:17.494 INFO running `"docker" "start" "-a" "e39cf77dbb3ff328a7c24cafb6d0d76591a0e19f1c9ba56d94332e8d8ae9a228"`
Nov 01 17:02:19.499 INFO kablam! usermod: no changes
Nov 01 17:02:19.971 INFO kablam!    Compiling serde v1.0.66
Nov 01 17:02:19.976 INFO kablam!    Compiling typed-arena v1.4.0
Nov 01 17:02:19.978 INFO kablam!    Compiling anymap v0.12.1
Nov 01 17:02:19.984 INFO kablam!    Compiling collect-mac v0.1.0
Nov 01 17:02:19.986 INFO kablam!    Compiling union-find v0.3.2
Nov 01 17:02:19.989 INFO kablam!    Compiling rpds v0.5.0
Nov 01 17:02:19.992 INFO kablam!    Compiling gluon_vm v0.8.0
Nov 01 17:02:19.994 INFO kablam!    Compiling gluon v0.8.0
Nov 01 17:02:22.231 INFO kablam!    Compiling frunk_core v0.2.0
Nov 01 17:02:22.835 INFO kablam!    Compiling petgraph v0.4.12
Nov 01 17:02:22.967 INFO kablam!    Compiling pretty v0.3.3
Nov 01 17:02:24.362 INFO kablam!    Compiling serde_derive_state_internals v0.4.3
Nov 01 17:02:25.559 INFO kablam!    Compiling string_cache v0.7.3
Nov 01 17:02:34.751 INFO kablam! error[E0034]: multiple applicable items in scope
Nov 01 17:02:34.751 INFO kablam!     --> /cargo-home/registry/src/github.com-1ecc6299db9ec823/petgraph-0.4.12/src/graph_impl/stable_graph/mod.rs:1171:19
Nov 01 17:02:34.751 INFO kablam!      |
Nov 01 17:02:34.751 INFO kablam! 1171 |         self.iter.find_map(|(i, node)| {
Nov 01 17:02:34.751 INFO kablam!      |                   ^^^^^^^^ multiple `find_map` found
Nov 01 17:02:34.751 INFO kablam!      |
Nov 01 17:02:34.752 INFO kablam! note: candidate #1 is defined in an impl of the trait `iter_utils::IterUtilsExt` for the type `_`
Nov 01 17:02:34.759 INFO kablam!     --> /cargo-home/registry/src/github.com-1ecc6299db9ec823/petgraph-0.4.12/src/iter_utils.rs:5:5
Nov 01 17:02:34.759 INFO kablam!      |
Nov 01 17:02:34.759 INFO kablam! 5    | /     fn find_map<F, R>(&mut self, mut f: F) -> Option<R>
Nov 01 17:02:34.759 INFO kablam! 6    | |         where F: FnMut(Self::Item) -> Option<R>
Nov 01 17:02:34.759 INFO kablam! 7    | |     {
Nov 01 17:02:34.759 INFO kablam! 8    | |         while let Some(elt) = self.next() {
Nov 01 17:02:34.759 INFO kablam! ...    |
Nov 01 17:02:34.759 INFO kablam! 13   | |         None
Nov 01 17:02:34.759 INFO kablam! 14   | |     }
Nov 01 17:02:34.759 INFO kablam!      | |_____^
Nov 01 17:02:34.759 INFO kablam!      = note: candidate #2 is defined in an impl of the trait `std::iter::Iterator` for the type `std::iter::Enumerate<_>`
Nov 01 17:02:34.759 INFO kablam! 
Nov 01 17:02:34.895 INFO kablam! error[E0034]: multiple applicable items in scope
Nov 01 17:02:34.895 INFO kablam!     --> /cargo-home/registry/src/github.com-1ecc6299db9ec823/petgraph-0.4.12/src/graph_impl/stable_graph/mod.rs:1363:19
Nov 01 17:02:34.895 INFO kablam!      |
Nov 01 17:02:34.895 INFO kablam! 1363 |         self.iter.find_map(|(i, edge)|
Nov 01 17:02:34.895 INFO kablam!      |                   ^^^^^^^^ multiple `find_map` found
Nov 01 17:02:34.911 INFO kablam!      |
Nov 01 17:02:34.911 INFO kablam! note: candidate #1 is defined in an impl of the trait `iter_utils::IterUtilsExt` for the type `_`
Nov 01 17:02:34.911 INFO kablam!     --> /cargo-home/registry/src/github.com-1ecc6299db9ec823/petgraph-0.4.12/src/iter_utils.rs:5:5
Nov 01 17:02:34.911 INFO kablam!      |
Nov 01 17:02:34.911 INFO kablam! 5    | /     fn find_map<F, R>(&mut self, mut f: F) -> Option<R>
Nov 01 17:02:34.911 INFO kablam! 6    | |         where F: FnMut(Self::Item) -> Option<R>
Nov 01 17:02:34.911 INFO kablam! 7    | |     {
Nov 01 17:02:34.911 INFO kablam! 8    | |         while let Some(elt) = self.next() {
Nov 01 17:02:34.911 INFO kablam! ...    |
Nov 01 17:02:34.911 INFO kablam! 13   | |         None
Nov 01 17:02:34.911 INFO kablam! 14   | |     }
Nov 01 17:02:34.911 INFO kablam!      | |_____^
Nov 01 17:02:34.911 INFO kablam!      = note: candidate #2 is defined in an impl of the trait `std::iter::Iterator` for the type `std::iter::Enumerate<_>`
Nov 01 17:02:34.911 INFO kablam! 
Nov 01 17:02:34.981 INFO kablam! error[E0034]: multiple applicable items in scope
Nov 01 17:02:34.981 INFO kablam!     --> /cargo-home/registry/src/github.com-1ecc6299db9ec823/petgraph-0.4.12/src/graph_impl/stable_graph/mod.rs:1527:19
Nov 01 17:02:34.981 INFO kablam!      |
Nov 01 17:02:34.981 INFO kablam! 1527 |         self.iter.find_map(|(i, node)| {
Nov 01 17:02:34.981 INFO kablam!      |                   ^^^^^^^^ multiple `find_map` found
Nov 01 17:02:34.981 INFO kablam!      |
Nov 01 17:02:34.981 INFO kablam! note: candidate #1 is defined in an impl of the trait `iter_utils::IterUtilsExt` for the type `_`
Nov 01 17:02:34.981 INFO kablam!     --> /cargo-home/registry/src/github.com-1ecc6299db9ec823/petgraph-0.4.12/src/iter_utils.rs:5:5
Nov 01 17:02:34.981 INFO kablam!      |
Nov 01 17:02:34.981 INFO kablam! 5    | /     fn find_map<F, R>(&mut self, mut f: F) -> Option<R>
Nov 01 17:02:34.981 INFO kablam! 6    | |         where F: FnMut(Self::Item) -> Option<R>
Nov 01 17:02:34.981 INFO kablam! 7    | |     {
Nov 01 17:02:34.981 INFO kablam! 8    | |         while let Some(elt) = self.next() {
Nov 01 17:02:34.981 INFO kablam! ...    |
Nov 01 17:02:34.981 INFO kablam! 13   | |         None
Nov 01 17:02:34.981 INFO kablam! 14   | |     }
Nov 01 17:02:34.981 INFO kablam!      | |_____^
Nov 01 17:02:34.981 INFO kablam!      = note: candidate #2 is defined in an impl of the trait `std::iter::Iterator` for the type `std::iter::Enumerate<_>`
Nov 01 17:02:34.981 INFO kablam! 
Nov 01 17:02:35.011 INFO kablam! error[E0034]: multiple applicable items in scope
Nov 01 17:02:35.011 INFO kablam!     --> /cargo-home/registry/src/github.com-1ecc6299db9ec823/petgraph-0.4.12/src/graph_impl/stable_graph/mod.rs:1573:19
Nov 01 17:02:35.011 INFO kablam!      |
Nov 01 17:02:35.011 INFO kablam! 1573 |         self.iter.find_map(|(i, node)| {
Nov 01 17:02:35.011 INFO kablam!      |                   ^^^^^^^^ multiple `find_map` found
Nov 01 17:02:35.015 INFO kablam!      |
Nov 01 17:02:35.019 INFO kablam! note: candidate #1 is defined in an impl of the trait `iter_utils::IterUtilsExt` for the type `_`
Nov 01 17:02:35.019 INFO kablam!     --> /cargo-home/registry/src/github.com-1ecc6299db9ec823/petgraph-0.4.12/src/iter_utils.rs:5:5
Nov 01 17:02:35.019 INFO kablam!      |
Nov 01 17:02:35.019 INFO kablam! 5    | /     fn find_map<F, R>(&mut self, mut f: F) -> Option<R>
Nov 01 17:02:35.019 INFO kablam! 6    | |         where F: FnMut(Self::Item) -> Option<R>
Nov 01 17:02:35.019 INFO kablam! 7    | |     {
Nov 01 17:02:35.019 INFO kablam! 8    | |         while let Some(elt) = self.next() {
Nov 01 17:02:35.019 INFO kablam! ...    |
Nov 01 17:02:35.019 INFO kablam! 13   | |         None
Nov 01 17:02:35.019 INFO kablam! 14   | |     }
Nov 01 17:02:35.019 INFO kablam!      | |_____^
Nov 01 17:02:35.019 INFO kablam!      = note: candidate #2 is defined in an impl of the trait `std::iter::Iterator` for the type `std::iter::Enumerate<_>`
Nov 01 17:02:35.019 INFO kablam! 
Nov 01 17:02:37.484 INFO kablam! error: aborting due to 4 previous errors
Nov 01 17:02:37.484 INFO kablam! 
Nov 01 17:02:37.491 INFO kablam! For more information about this error, try `rustc --explain E0034`.
Nov 01 17:02:37.548 INFO kablam! error: Could not compile `petgraph`.
Nov 01 17:02:37.548 INFO kablam! warning: build failed, waiting for other jobs to finish...
Nov 01 17:02:56.207 INFO kablam! error: build failed
Nov 01 17:02:56.211 INFO kablam! su: No module specific data is present
Nov 01 17:02:56.887 INFO running `"docker" "rm" "-f" "e39cf77dbb3ff328a7c24cafb6d0d76591a0e19f1c9ba56d94332e8d8ae9a228"`
Nov 01 17:02:57.239 INFO blam! e39cf77dbb3ff328a7c24cafb6d0d76591a0e19f1c9ba56d94332e8d8ae9a228
