Nov 01 17:02:28.663 INFO testing Warry/gluon-html against 1.30.0 for beta-1.31-1
Nov 01 17:02:28.665 INFO running `"docker" "create" "-v" "/mnt/big/crater/work/local/target-dirs/beta-1.31-1/worker-6/1.30.0:/target:rw,Z" "-v" "/mnt/big/crater/work/local/test-source/worker-6/beta-1.31-1/1.30.0:/source:ro,Z" "-v" "/mnt/big/crater/work/local/cargo-home:/cargo-home:ro,Z" "-v" "/mnt/big/crater/work/local/rustup-home:/rustup-home:ro,Z" "-e" "USER_ID=1000" "-e" "SOURCE_DIR=/source" "-e" "USER_ID=1000" "-e" "CMD=cargo +1.30.0 build --frozen" "-e" "CARGO_TARGET_DIR=/target" "-e" "CARGO_INCREMENTAL=0" "-e" "RUST_BACKTRACE=full" "-e" "RUSTFLAGS=--cap-lints=warn" "-e" "CARGO_HOME=/cargo-home" "-e" "RUSTUP_HOME=/rustup-home" "-m" "1536M" "--network" "none" "crater"`
Nov 01 17:02:29.228 INFO blam! 2edd22e9827b479cfded14795091302143d2091ff45f4cb43f1325911a519ee0
Nov 01 17:02:29.230 INFO running `"docker" "start" "-a" "2edd22e9827b479cfded14795091302143d2091ff45f4cb43f1325911a519ee0"`
Nov 01 17:02:31.490 INFO kablam! usermod: no changes
Nov 01 17:02:31.959 INFO kablam!    Compiling serde v1.0.66
Nov 01 17:02:31.968 INFO kablam!    Compiling bit-vec v0.4.4
Nov 01 17:02:31.982 INFO kablam!    Compiling either v1.5.0
Nov 01 17:02:31.984 INFO kablam!    Compiling lalrpop-util v0.15.2
Nov 01 17:02:31.992 INFO kablam!    Compiling ena v0.5.0
Nov 01 17:02:32.014 INFO kablam!    Compiling arrayref v0.3.4
Nov 01 17:02:32.020 INFO kablam!    Compiling strsim v0.6.0
Nov 01 17:02:32.032 INFO kablam!    Compiling typed-arena v1.4.0
Nov 01 17:02:32.836 INFO kablam!    Compiling collect-mac v0.1.0
Nov 01 17:02:35.967 INFO kablam!    Compiling anymap v0.12.1
Nov 01 17:02:37.339 INFO kablam!    Compiling gluon_vm v0.8.0
Nov 01 17:02:37.340 INFO kablam!    Compiling rpds v0.5.0
Nov 01 17:02:37.356 INFO kablam!    Compiling union-find v0.3.2
Nov 01 17:02:39.649 INFO kablam!    Compiling gluon v0.8.0
Nov 01 17:02:39.788 INFO kablam!    Compiling frunk_core v0.2.0
Nov 01 17:02:42.450 INFO kablam!    Compiling regex-syntax v0.6.1
Nov 01 17:02:42.514 INFO kablam!    Compiling petgraph v0.4.12
Nov 01 17:02:42.620 INFO kablam!    Compiling block-buffer v0.3.3
Nov 01 17:02:42.812 INFO kablam!    Compiling pretty v0.3.3
Nov 01 17:02:43.192 INFO kablam!    Compiling itertools v0.7.8
Nov 01 17:02:46.668 INFO kablam!    Compiling bit-set v0.4.0
Nov 01 17:02:47.799 INFO kablam!    Compiling phf_generator v0.7.22
Nov 01 17:02:49.751 INFO kablam!    Compiling crossbeam-epoch v0.4.3
Nov 01 17:02:49.795 INFO kablam!    Compiling serde_derive_state_internals v0.4.3
Nov 01 17:02:49.823 INFO kablam!    Compiling regex v0.2.11
Nov 01 17:02:51.924 INFO kablam!    Compiling atty v0.1.2
Nov 01 17:02:53.271 INFO kablam!    Compiling string_cache_codegen v0.4.1
Nov 01 17:02:54.245 INFO kablam! error[E0034]: multiple applicable items in scope
Nov 01 17:02:54.245 INFO kablam!     --> /cargo-home/registry/src/github.com-1ecc6299db9ec823/petgraph-0.4.12/src/graph_impl/stable_graph/mod.rs:1171:19
Nov 01 17:02:54.251 INFO kablam!      |
Nov 01 17:02:54.251 INFO kablam! 1171 |         self.iter.find_map(|(i, node)| {
Nov 01 17:02:54.251 INFO kablam!      |                   ^^^^^^^^ multiple `find_map` found
Nov 01 17:02:54.283 INFO kablam!      |
Nov 01 17:02:54.284 INFO kablam! note: candidate #1 is defined in an impl of the trait `iter_utils::IterUtilsExt` for the type `_`
Nov 01 17:02:54.284 INFO kablam!     --> /cargo-home/registry/src/github.com-1ecc6299db9ec823/petgraph-0.4.12/src/iter_utils.rs:5:5
Nov 01 17:02:54.284 INFO kablam!      |
Nov 01 17:02:54.285 INFO kablam! 5    | /     fn find_map<F, R>(&mut self, mut f: F) -> Option<R>
Nov 01 17:02:54.285 INFO kablam! 6    | |         where F: FnMut(Self::Item) -> Option<R>
Nov 01 17:02:54.285 INFO kablam! 7    | |     {
Nov 01 17:02:54.286 INFO kablam! 8    | |         while let Some(elt) = self.next() {
Nov 01 17:02:54.286 INFO kablam! ...    |
Nov 01 17:02:54.286 INFO kablam! 13   | |         None
Nov 01 17:02:54.286 INFO kablam! 14   | |     }
Nov 01 17:02:54.287 INFO kablam!      | |_____^
Nov 01 17:02:54.287 INFO kablam!      = note: candidate #2 is defined in an impl of the trait `std::iter::Iterator` for the type `std::iter::Enumerate<_>`
Nov 01 17:02:54.287 INFO kablam! 
Nov 01 17:02:54.391 INFO kablam! error[E0034]: multiple applicable items in scope
Nov 01 17:02:54.392 INFO kablam!     --> /cargo-home/registry/src/github.com-1ecc6299db9ec823/petgraph-0.4.12/src/graph_impl/stable_graph/mod.rs:1363:19
Nov 01 17:02:54.392 INFO kablam!      |
Nov 01 17:02:54.392 INFO kablam! 1363 |         self.iter.find_map(|(i, edge)|
Nov 01 17:02:54.393 INFO kablam!      |                   ^^^^^^^^ multiple `find_map` found
Nov 01 17:02:54.393 INFO kablam!      |
Nov 01 17:02:54.393 INFO kablam! note: candidate #1 is defined in an impl of the trait `iter_utils::IterUtilsExt` for the type `_`
Nov 01 17:02:54.393 INFO kablam!     --> /cargo-home/registry/src/github.com-1ecc6299db9ec823/petgraph-0.4.12/src/iter_utils.rs:5:5
Nov 01 17:02:54.394 INFO kablam!      |
Nov 01 17:02:54.394 INFO kablam! 5    | /     fn find_map<F, R>(&mut self, mut f: F) -> Option<R>
Nov 01 17:02:54.394 INFO kablam! 6    | |         where F: FnMut(Self::Item) -> Option<R>
Nov 01 17:02:54.395 INFO kablam! 7    | |     {
Nov 01 17:02:54.395 INFO kablam! 8    | |         while let Some(elt) = self.next() {
Nov 01 17:02:54.395 INFO kablam! ...    |
Nov 01 17:02:54.396 INFO kablam! 13   | |         None
Nov 01 17:02:54.396 INFO kablam! 14   | |     }
Nov 01 17:02:54.396 INFO kablam!      | |_____^
Nov 01 17:02:54.397 INFO kablam!      = note: candidate #2 is defined in an impl of the trait `std::iter::Iterator` for the type `std::iter::Enumerate<_>`
Nov 01 17:02:54.397 INFO kablam! 
Nov 01 17:02:54.459 INFO kablam! error[E0034]: multiple applicable items in scope
Nov 01 17:02:54.460 INFO kablam!     --> /cargo-home/registry/src/github.com-1ecc6299db9ec823/petgraph-0.4.12/src/graph_impl/stable_graph/mod.rs:1527:19
Nov 01 17:02:54.460 INFO kablam!      |
Nov 01 17:02:54.460 INFO kablam! 1527 |         self.iter.find_map(|(i, node)| {
Nov 01 17:02:54.461 INFO kablam!      |                   ^^^^^^^^ multiple `find_map` found
Nov 01 17:02:54.487 INFO kablam!      |
Nov 01 17:02:54.488 INFO kablam! note: candidate #1 is defined in an impl of the trait `iter_utils::IterUtilsExt` for the type `_`
Nov 01 17:02:54.488 INFO kablam!     --> /cargo-home/registry/src/github.com-1ecc6299db9ec823/petgraph-0.4.12/src/iter_utils.rs:5:5
Nov 01 17:02:54.488 INFO kablam!      |
Nov 01 17:02:54.489 INFO kablam! 5    | /     fn find_map<F, R>(&mut self, mut f: F) -> Option<R>
Nov 01 17:02:54.489 INFO kablam! 6    | |         where F: FnMut(Self::Item) -> Option<R>
Nov 01 17:02:54.489 INFO kablam! 7    | |     {
Nov 01 17:02:54.490 INFO kablam! 8    | |         while let Some(elt) = self.next() {
Nov 01 17:02:54.490 INFO kablam! ...    |
Nov 01 17:02:54.490 INFO kablam! 13   | |         None
Nov 01 17:02:54.491 INFO kablam! 14   | |     }
Nov 01 17:02:54.491 INFO kablam!      | |_____^
Nov 01 17:02:54.491 INFO kablam!      = note: candidate #2 is defined in an impl of the trait `std::iter::Iterator` for the type `std::iter::Enumerate<_>`
Nov 01 17:02:54.492 INFO kablam! 
Nov 01 17:02:54.527 INFO kablam! error[E0034]: multiple applicable items in scope
Nov 01 17:02:54.527 INFO kablam!     --> /cargo-home/registry/src/github.com-1ecc6299db9ec823/petgraph-0.4.12/src/graph_impl/stable_graph/mod.rs:1573:19
Nov 01 17:02:54.527 INFO kablam!      |
Nov 01 17:02:54.527 INFO kablam! 1573 |         self.iter.find_map(|(i, node)| {
Nov 01 17:02:54.527 INFO kablam!      |                   ^^^^^^^^ multiple `find_map` found
Nov 01 17:02:54.543 INFO kablam!      |
Nov 01 17:02:54.543 INFO kablam! note: candidate #1 is defined in an impl of the trait `iter_utils::IterUtilsExt` for the type `_`
Nov 01 17:02:54.543 INFO kablam!     --> /cargo-home/registry/src/github.com-1ecc6299db9ec823/petgraph-0.4.12/src/iter_utils.rs:5:5
Nov 01 17:02:54.543 INFO kablam!      |
Nov 01 17:02:54.543 INFO kablam! 5    | /     fn find_map<F, R>(&mut self, mut f: F) -> Option<R>
Nov 01 17:02:54.543 INFO kablam! 6    | |         where F: FnMut(Self::Item) -> Option<R>
Nov 01 17:02:54.543 INFO kablam! 7    | |     {
Nov 01 17:02:54.543 INFO kablam! 8    | |         while let Some(elt) = self.next() {
Nov 01 17:02:54.543 INFO kablam! ...    |
Nov 01 17:02:54.543 INFO kablam! 13   | |         None
Nov 01 17:02:54.543 INFO kablam! 14   | |     }
Nov 01 17:02:54.543 INFO kablam!      | |_____^
Nov 01 17:02:54.543 INFO kablam!      = note: candidate #2 is defined in an impl of the trait `std::iter::Iterator` for the type `std::iter::Enumerate<_>`
Nov 01 17:02:54.543 INFO kablam! 
Nov 01 17:02:55.611 INFO kablam! error: aborting due to 4 previous errors
Nov 01 17:02:55.611 INFO kablam! 
Nov 01 17:02:55.611 INFO kablam! For more information about this error, try `rustc --explain E0034`.
Nov 01 17:02:55.627 INFO kablam! error: Could not compile `petgraph`.
Nov 01 17:02:55.627 INFO kablam! warning: build failed, waiting for other jobs to finish...
Nov 01 17:03:19.216 INFO kablam! error: build failed
Nov 01 17:03:19.217 INFO kablam! su: No module specific data is present
Nov 01 17:03:20.240 INFO running `"docker" "rm" "-f" "2edd22e9827b479cfded14795091302143d2091ff45f4cb43f1325911a519ee0"`
Nov 01 17:03:20.511 INFO blam! 2edd22e9827b479cfded14795091302143d2091ff45f4cb43f1325911a519ee0
