Nov 01 17:12:07.039 INFO testing Vallium/rubik-rs against 1.30.0 for beta-1.31-1
Nov 01 17:12:07.040 INFO running `"docker" "create" "-v" "/mnt/big/crater/work/local/target-dirs/beta-1.31-1/worker-4/1.30.0:/target:rw,Z" "-v" "/mnt/big/crater/work/local/test-source/worker-4/beta-1.31-1/1.30.0:/source:ro,Z" "-v" "/mnt/big/crater/work/local/cargo-home:/cargo-home:ro,Z" "-v" "/mnt/big/crater/work/local/rustup-home:/rustup-home:ro,Z" "-e" "USER_ID=1000" "-e" "SOURCE_DIR=/source" "-e" "USER_ID=1000" "-e" "CMD=cargo +1.30.0 build --frozen" "-e" "CARGO_TARGET_DIR=/target" "-e" "CARGO_INCREMENTAL=0" "-e" "RUST_BACKTRACE=full" "-e" "RUSTFLAGS=--cap-lints=warn" "-e" "CARGO_HOME=/cargo-home" "-e" "RUSTUP_HOME=/rustup-home" "-m" "1536M" "--network" "none" "crater"`
Nov 01 17:12:07.312 INFO blam! 7a400b833d635cb398e34a4440ba40a4b1036bc3ead6d691ed497923f3a390ce
Nov 01 17:12:07.317 INFO running `"docker" "start" "-a" "7a400b833d635cb398e34a4440ba40a4b1036bc3ead6d691ed497923f3a390ce"`
Nov 01 17:12:07.923 INFO kablam! usermod: no changes
Nov 01 17:12:07.991 INFO kablam!    Compiling bincode v0.9.2
Nov 01 17:12:09.375 INFO kablam!    Compiling rubik v0.1.0 (/source)
Nov 01 17:12:10.007 INFO kablam! error[E0554]: #![feature] may not be used on the stable release channel
Nov 01 17:12:10.007 INFO kablam!  --> src/main.rs:1:1
Nov 01 17:12:10.007 INFO kablam!   |
Nov 01 17:12:10.007 INFO kablam! 1 | #![feature(inclusive_range_syntax)]
Nov 01 17:12:10.007 INFO kablam!   | ^^^^^^^^^^^^^^^^^^^^^^^^^^^^^^^^^^^
Nov 01 17:12:10.007 INFO kablam! 
Nov 01 17:12:10.007 INFO kablam! error[E0554]: #![feature] may not be used on the stable release channel
Nov 01 17:12:10.007 INFO kablam!  --> src/main.rs:2:1
Nov 01 17:12:10.007 INFO kablam!   |
Nov 01 17:12:10.007 INFO kablam! 2 | #![feature(box_syntax)]
Nov 01 17:12:10.007 INFO kablam!   | ^^^^^^^^^^^^^^^^^^^^^^^
Nov 01 17:12:10.007 INFO kablam! 
Nov 01 17:12:10.007 INFO kablam! error[E0554]: #![feature] may not be used on the stable release channel
Nov 01 17:12:10.007 INFO kablam!  --> src/main.rs:3:1
Nov 01 17:12:10.007 INFO kablam!   |
Nov 01 17:12:10.007 INFO kablam! 3 | #![feature(test)]
Nov 01 17:12:10.007 INFO kablam!   | ^^^^^^^^^^^^^^^^^
Nov 01 17:12:10.007 INFO kablam! 
Nov 01 17:12:10.010 INFO kablam! error: aborting due to 3 previous errors
Nov 01 17:12:10.010 INFO kablam! 
Nov 01 17:12:10.010 INFO kablam! For more information about this error, try `rustc --explain E0554`.
Nov 01 17:12:10.011 INFO kablam! error: Could not compile `rubik`.
Nov 01 17:12:10.011 INFO kablam! 
Nov 01 17:12:10.011 INFO kablam! To learn more, run the command again with --verbose.
Nov 01 17:12:10.012 INFO kablam! su: No module specific data is present
Nov 01 17:12:10.297 INFO running `"docker" "rm" "-f" "7a400b833d635cb398e34a4440ba40a4b1036bc3ead6d691ed497923f3a390ce"`
Nov 01 17:12:10.370 INFO blam! 7a400b833d635cb398e34a4440ba40a4b1036bc3ead6d691ed497923f3a390ce
