Nov 01 17:13:29.638 INFO testing UTN-FRD/construccion-compilador against 1.30.0 for beta-1.31-1
Nov 01 17:13:29.639 INFO running `"docker" "create" "-v" "/mnt/big/crater/work/local/target-dirs/beta-1.31-1/worker-5/1.30.0:/target:rw,Z" "-v" "/mnt/big/crater/work/local/test-source/worker-5/beta-1.31-1/1.30.0:/source:ro,Z" "-v" "/mnt/big/crater/work/local/cargo-home:/cargo-home:ro,Z" "-v" "/mnt/big/crater/work/local/rustup-home:/rustup-home:ro,Z" "-e" "USER_ID=1000" "-e" "SOURCE_DIR=/source" "-e" "USER_ID=1000" "-e" "CMD=cargo +1.30.0 build --frozen" "-e" "CARGO_TARGET_DIR=/target" "-e" "CARGO_INCREMENTAL=0" "-e" "RUST_BACKTRACE=full" "-e" "RUSTFLAGS=--cap-lints=warn" "-e" "CARGO_HOME=/cargo-home" "-e" "RUSTUP_HOME=/rustup-home" "-m" "1536M" "--network" "none" "crater"`
Nov 01 17:13:29.942 INFO blam! ccc27029b24949bfbef5d0cd3a45813974e770a10d00c7b849a81728c1b6fe44
Nov 01 17:13:29.943 INFO running `"docker" "start" "-a" "ccc27029b24949bfbef5d0cd3a45813974e770a10d00c7b849a81728c1b6fe44"`
Nov 01 17:13:30.374 INFO kablam! usermod: no changes
Nov 01 17:13:30.560 INFO kablam!    Compiling arrayref v0.3.4
Nov 01 17:13:30.561 INFO kablam!    Compiling strsim v0.6.0
Nov 01 17:13:30.561 INFO kablam!    Compiling ascii-canvas v1.0.0
Nov 01 17:13:30.561 INFO kablam!    Compiling petgraph v0.4.12
Nov 01 17:13:30.561 INFO kablam!    Compiling string_cache_codegen v0.4.1
Nov 01 17:13:30.561 INFO kablam!    Compiling serde_derive v1.0.62
Nov 01 17:13:30.561 INFO kablam!    Compiling atty v0.1.2
Nov 01 17:13:30.561 INFO kablam!    Compiling digest v0.7.2
Nov 01 17:13:30.664 INFO kablam!    Compiling block-buffer v0.3.3
Nov 01 17:13:31.743 INFO kablam!    Compiling sha2 v0.7.1
Nov 01 17:13:33.839 INFO kablam! error[E0034]: multiple applicable items in scope
Nov 01 17:13:33.839 INFO kablam!     --> /cargo-home/registry/src/github.com-1ecc6299db9ec823/petgraph-0.4.12/src/graph_impl/stable_graph/mod.rs:1171:19
Nov 01 17:13:33.840 INFO kablam!      |
Nov 01 17:13:33.840 INFO kablam! 1171 |         self.iter.find_map(|(i, node)| {
Nov 01 17:13:33.840 INFO kablam!      |                   ^^^^^^^^ multiple `find_map` found
Nov 01 17:13:33.840 INFO kablam!      |
Nov 01 17:13:33.840 INFO kablam! note: candidate #1 is defined in an impl of the trait `iter_utils::IterUtilsExt` for the type `_`
Nov 01 17:13:33.840 INFO kablam!     --> /cargo-home/registry/src/github.com-1ecc6299db9ec823/petgraph-0.4.12/src/iter_utils.rs:5:5
Nov 01 17:13:33.840 INFO kablam!      |
Nov 01 17:13:33.840 INFO kablam! 5    | /     fn find_map<F, R>(&mut self, mut f: F) -> Option<R>
Nov 01 17:13:33.840 INFO kablam! 6    | |         where F: FnMut(Self::Item) -> Option<R>
Nov 01 17:13:33.840 INFO kablam! 7    | |     {
Nov 01 17:13:33.840 INFO kablam! 8    | |         while let Some(elt) = self.next() {
Nov 01 17:13:33.840 INFO kablam! ...    |
Nov 01 17:13:33.840 INFO kablam! 13   | |         None
Nov 01 17:13:33.840 INFO kablam! 14   | |     }
Nov 01 17:13:33.840 INFO kablam!      | |_____^
Nov 01 17:13:33.840 INFO kablam!      = note: candidate #2 is defined in an impl of the trait `std::iter::Iterator` for the type `std::iter::Enumerate<_>`
Nov 01 17:13:33.840 INFO kablam! 
Nov 01 17:13:33.875 INFO kablam! error[E0034]: multiple applicable items in scope
Nov 01 17:13:33.875 INFO kablam!     --> /cargo-home/registry/src/github.com-1ecc6299db9ec823/petgraph-0.4.12/src/graph_impl/stable_graph/mod.rs:1363:19
Nov 01 17:13:33.876 INFO kablam!      |
Nov 01 17:13:33.891 INFO kablam! 1363 |         self.iter.find_map(|(i, edge)|
Nov 01 17:13:33.891 INFO kablam!      |                   ^^^^^^^^ multiple `find_map` found
Nov 01 17:13:33.891 INFO kablam!      |
Nov 01 17:13:33.891 INFO kablam! note: candidate #1 is defined in an impl of the trait `iter_utils::IterUtilsExt` for the type `_`
Nov 01 17:13:33.891 INFO kablam!     --> /cargo-home/registry/src/github.com-1ecc6299db9ec823/petgraph-0.4.12/src/iter_utils.rs:5:5
Nov 01 17:13:33.891 INFO kablam!      |
Nov 01 17:13:33.891 INFO kablam! 5    | /     fn find_map<F, R>(&mut self, mut f: F) -> Option<R>
Nov 01 17:13:33.891 INFO kablam! 6    | |         where F: FnMut(Self::Item) -> Option<R>
Nov 01 17:13:33.891 INFO kablam! 7    | |     {
Nov 01 17:13:33.891 INFO kablam! 8    | |         while let Some(elt) = self.next() {
Nov 01 17:13:33.891 INFO kablam! ...    |
Nov 01 17:13:33.891 INFO kablam! 13   | |         None
Nov 01 17:13:33.891 INFO kablam! 14   | |     }
Nov 01 17:13:33.891 INFO kablam!      | |_____^
Nov 01 17:13:33.891 INFO kablam!      = note: candidate #2 is defined in an impl of the trait `std::iter::Iterator` for the type `std::iter::Enumerate<_>`
Nov 01 17:13:33.891 INFO kablam! 
Nov 01 17:13:33.919 INFO kablam! error[E0034]: multiple applicable items in scope
Nov 01 17:13:33.919 INFO kablam!     --> /cargo-home/registry/src/github.com-1ecc6299db9ec823/petgraph-0.4.12/src/graph_impl/stable_graph/mod.rs:1527:19
Nov 01 17:13:33.919 INFO kablam!      |
Nov 01 17:13:33.919 INFO kablam! 1527 |         self.iter.find_map(|(i, node)| {
Nov 01 17:13:33.920 INFO kablam!      |                   ^^^^^^^^ multiple `find_map` found
Nov 01 17:13:33.920 INFO kablam!      |
Nov 01 17:13:33.920 INFO kablam! note: candidate #1 is defined in an impl of the trait `iter_utils::IterUtilsExt` for the type `_`
Nov 01 17:13:33.920 INFO kablam!     --> /cargo-home/registry/src/github.com-1ecc6299db9ec823/petgraph-0.4.12/src/iter_utils.rs:5:5
Nov 01 17:13:33.920 INFO kablam!      |
Nov 01 17:13:33.920 INFO kablam! 5    | /     fn find_map<F, R>(&mut self, mut f: F) -> Option<R>
Nov 01 17:13:33.920 INFO kablam! 6    | |         where F: FnMut(Self::Item) -> Option<R>
Nov 01 17:13:33.920 INFO kablam! 7    | |     {
Nov 01 17:13:33.920 INFO kablam! 8    | |         while let Some(elt) = self.next() {
Nov 01 17:13:33.920 INFO kablam! ...    |
Nov 01 17:13:33.920 INFO kablam! 13   | |         None
Nov 01 17:13:33.920 INFO kablam! 14   | |     }
Nov 01 17:13:33.920 INFO kablam!      | |_____^
Nov 01 17:13:33.920 INFO kablam!      = note: candidate #2 is defined in an impl of the trait `std::iter::Iterator` for the type `std::iter::Enumerate<_>`
Nov 01 17:13:33.920 INFO kablam! 
Nov 01 17:13:33.935 INFO kablam! error[E0034]: multiple applicable items in scope
Nov 01 17:13:33.935 INFO kablam!     --> /cargo-home/registry/src/github.com-1ecc6299db9ec823/petgraph-0.4.12/src/graph_impl/stable_graph/mod.rs:1573:19
Nov 01 17:13:33.935 INFO kablam!      |
Nov 01 17:13:33.935 INFO kablam! 1573 |         self.iter.find_map(|(i, node)| {
Nov 01 17:13:33.935 INFO kablam!      |                   ^^^^^^^^ multiple `find_map` found
Nov 01 17:13:33.935 INFO kablam!      |
Nov 01 17:13:33.936 INFO kablam! note: candidate #1 is defined in an impl of the trait `iter_utils::IterUtilsExt` for the type `_`
Nov 01 17:13:33.936 INFO kablam!     --> /cargo-home/registry/src/github.com-1ecc6299db9ec823/petgraph-0.4.12/src/iter_utils.rs:5:5
Nov 01 17:13:33.936 INFO kablam!      |
Nov 01 17:13:33.936 INFO kablam! 5    | /     fn find_map<F, R>(&mut self, mut f: F) -> Option<R>
Nov 01 17:13:33.936 INFO kablam! 6    | |         where F: FnMut(Self::Item) -> Option<R>
Nov 01 17:13:33.936 INFO kablam! 7    | |     {
Nov 01 17:13:33.936 INFO kablam! 8    | |         while let Some(elt) = self.next() {
Nov 01 17:13:33.936 INFO kablam! ...    |
Nov 01 17:13:33.936 INFO kablam! 13   | |         None
Nov 01 17:13:33.936 INFO kablam! 14   | |     }
Nov 01 17:13:33.936 INFO kablam!      | |_____^
Nov 01 17:13:33.936 INFO kablam!      = note: candidate #2 is defined in an impl of the trait `std::iter::Iterator` for the type `std::iter::Enumerate<_>`
Nov 01 17:13:33.936 INFO kablam! 
Nov 01 17:13:34.395 INFO kablam! error: aborting due to 4 previous errors
Nov 01 17:13:34.395 INFO kablam! 
Nov 01 17:13:34.395 INFO kablam! For more information about this error, try `rustc --explain E0034`.
Nov 01 17:13:34.423 INFO kablam! error: Could not compile `petgraph`.
Nov 01 17:13:34.423 INFO kablam! warning: build failed, waiting for other jobs to finish...
Nov 01 17:13:48.249 INFO kablam! error: build failed
Nov 01 17:13:48.251 INFO kablam! su: No module specific data is present
Nov 01 17:13:48.947 INFO running `"docker" "rm" "-f" "ccc27029b24949bfbef5d0cd3a45813974e770a10d00c7b849a81728c1b6fe44"`
Nov 01 17:13:49.360 INFO blam! ccc27029b24949bfbef5d0cd3a45813974e770a10d00c7b849a81728c1b6fe44
