Nov 01 17:50:21.307 INFO testing Soft/advent-of-code against beta-2018-10-30 for beta-1.31-1
Nov 01 17:50:21.307 INFO running `"docker" "create" "-v" "/mnt/big/crater/work/local/target-dirs/beta-1.31-1/worker-0/beta-2018-10-30:/target:rw,Z" "-v" "/mnt/big/crater/work/local/test-source/worker-0/beta-1.31-1/beta-2018-10-30:/source:ro,Z" "-v" "/mnt/big/crater/work/local/cargo-home:/cargo-home:ro,Z" "-v" "/mnt/big/crater/work/local/rustup-home:/rustup-home:ro,Z" "-e" "USER_ID=1000" "-e" "SOURCE_DIR=/source" "-e" "USER_ID=1000" "-e" "CMD=cargo +beta-2018-10-30 build --frozen" "-e" "CARGO_TARGET_DIR=/target" "-e" "CARGO_INCREMENTAL=0" "-e" "RUST_BACKTRACE=full" "-e" "RUSTFLAGS=--cap-lints=warn" "-e" "CARGO_HOME=/cargo-home" "-e" "RUSTUP_HOME=/rustup-home" "-m" "1536M" "--network" "none" "crater"`
Nov 01 17:50:21.523 INFO blam! e1b78f5e603d0d604cc6ad728e285f7f6bacda65756d85afea42398bd0d71f28
Nov 01 17:50:21.525 INFO running `"docker" "start" "-a" "e1b78f5e603d0d604cc6ad728e285f7f6bacda65756d85afea42398bd0d71f28"`
Nov 01 17:50:21.914 INFO kablam! usermod: no changes
Nov 01 17:50:21.987 INFO kablam!    Compiling memchr v1.0.2
Nov 01 17:50:21.987 INFO kablam!    Compiling petgraph v0.4.10
Nov 01 17:50:21.995 INFO kablam!    Compiling knot-hash v0.1.0 (/source/knot-hash)
Nov 01 17:50:23.379 INFO kablam!    Compiling nom v3.2.1
Nov 01 17:50:25.111 INFO kablam! error[E0034]: multiple applicable items in scope
Nov 01 17:50:25.111 INFO kablam!     --> /cargo-home/registry/src/github.com-1ecc6299db9ec823/petgraph-0.4.10/src/graph_impl/stable_graph/mod.rs:1173:19
Nov 01 17:50:25.111 INFO kablam!      |
Nov 01 17:50:25.111 INFO kablam! 1173 |         self.iter.find_map(|(i, node)| {
Nov 01 17:50:25.111 INFO kablam!      |                   ^^^^^^^^ multiple `find_map` found
Nov 01 17:50:25.111 INFO kablam!      |
Nov 01 17:50:25.111 INFO kablam! note: candidate #1 is defined in an impl of the trait `iter_utils::IterUtilsExt` for the type `_`
Nov 01 17:50:25.111 INFO kablam!     --> /cargo-home/registry/src/github.com-1ecc6299db9ec823/petgraph-0.4.10/src/iter_utils.rs:5:5
Nov 01 17:50:25.111 INFO kablam!      |
Nov 01 17:50:25.111 INFO kablam! 5    | /     fn find_map<F, R>(&mut self, mut f: F) -> Option<R>
Nov 01 17:50:25.111 INFO kablam! 6    | |         where F: FnMut(Self::Item) -> Option<R>
Nov 01 17:50:25.111 INFO kablam! 7    | |     {
Nov 01 17:50:25.111 INFO kablam! 8    | |         while let Some(elt) = self.next() {
Nov 01 17:50:25.111 INFO kablam! ...    |
Nov 01 17:50:25.111 INFO kablam! 13   | |         None
Nov 01 17:50:25.111 INFO kablam! 14   | |     }
Nov 01 17:50:25.111 INFO kablam!      | |_____^
Nov 01 17:50:25.111 INFO kablam!      = note: candidate #2 is defined in an impl of the trait `std::iter::Iterator` for the type `std::iter::Enumerate<_>`
Nov 01 17:50:25.111 INFO kablam! 
Nov 01 17:50:25.127 INFO kablam! error[E0034]: multiple applicable items in scope
Nov 01 17:50:25.127 INFO kablam!     --> /cargo-home/registry/src/github.com-1ecc6299db9ec823/petgraph-0.4.10/src/graph_impl/stable_graph/mod.rs:1365:19
Nov 01 17:50:25.127 INFO kablam!      |
Nov 01 17:50:25.127 INFO kablam! 1365 |         self.iter.find_map(|(i, edge)|
Nov 01 17:50:25.127 INFO kablam!      |                   ^^^^^^^^ multiple `find_map` found
Nov 01 17:50:25.127 INFO kablam!      |
Nov 01 17:50:25.127 INFO kablam! note: candidate #1 is defined in an impl of the trait `iter_utils::IterUtilsExt` for the type `_`
Nov 01 17:50:25.127 INFO kablam!     --> /cargo-home/registry/src/github.com-1ecc6299db9ec823/petgraph-0.4.10/src/iter_utils.rs:5:5
Nov 01 17:50:25.127 INFO kablam!      |
Nov 01 17:50:25.127 INFO kablam! 5    | /     fn find_map<F, R>(&mut self, mut f: F) -> Option<R>
Nov 01 17:50:25.127 INFO kablam! 6    | |         where F: FnMut(Self::Item) -> Option<R>
Nov 01 17:50:25.127 INFO kablam! 7    | |     {
Nov 01 17:50:25.127 INFO kablam! 8    | |         while let Some(elt) = self.next() {
Nov 01 17:50:25.127 INFO kablam! ...    |
Nov 01 17:50:25.127 INFO kablam! 13   | |         None
Nov 01 17:50:25.127 INFO kablam! 14   | |     }
Nov 01 17:50:25.127 INFO kablam!      | |_____^
Nov 01 17:50:25.127 INFO kablam!      = note: candidate #2 is defined in an impl of the trait `std::iter::Iterator` for the type `std::iter::Enumerate<_>`
Nov 01 17:50:25.127 INFO kablam! 
Nov 01 17:50:25.134 INFO kablam! error[E0034]: multiple applicable items in scope
Nov 01 17:50:25.135 INFO kablam!     --> /cargo-home/registry/src/github.com-1ecc6299db9ec823/petgraph-0.4.10/src/graph_impl/stable_graph/mod.rs:1529:19
Nov 01 17:50:25.135 INFO kablam!      |
Nov 01 17:50:25.135 INFO kablam! 1529 |         self.iter.find_map(|(i, node)| {
Nov 01 17:50:25.135 INFO kablam!      |                   ^^^^^^^^ multiple `find_map` found
Nov 01 17:50:25.135 INFO kablam!      |
Nov 01 17:50:25.135 INFO kablam! note: candidate #1 is defined in an impl of the trait `iter_utils::IterUtilsExt` for the type `_`
Nov 01 17:50:25.135 INFO kablam!     --> /cargo-home/registry/src/github.com-1ecc6299db9ec823/petgraph-0.4.10/src/iter_utils.rs:5:5
Nov 01 17:50:25.135 INFO kablam!      |
Nov 01 17:50:25.136 INFO kablam! 5    | /     fn find_map<F, R>(&mut self, mut f: F) -> Option<R>
Nov 01 17:50:25.136 INFO kablam! 6    | |         where F: FnMut(Self::Item) -> Option<R>
Nov 01 17:50:25.136 INFO kablam! 7    | |     {
Nov 01 17:50:25.136 INFO kablam! 8    | |         while let Some(elt) = self.next() {
Nov 01 17:50:25.136 INFO kablam! ...    |
Nov 01 17:50:25.136 INFO kablam! 13   | |         None
Nov 01 17:50:25.136 INFO kablam! 14   | |     }
Nov 01 17:50:25.136 INFO kablam!      | |_____^
Nov 01 17:50:25.136 INFO kablam!      = note: candidate #2 is defined in an impl of the trait `std::iter::Iterator` for the type `std::iter::Enumerate<_>`
Nov 01 17:50:25.136 INFO kablam! 
Nov 01 17:50:25.138 INFO kablam! error[E0034]: multiple applicable items in scope
Nov 01 17:50:25.138 INFO kablam!     --> /cargo-home/registry/src/github.com-1ecc6299db9ec823/petgraph-0.4.10/src/graph_impl/stable_graph/mod.rs:1575:19
Nov 01 17:50:25.139 INFO kablam!      |
Nov 01 17:50:25.139 INFO kablam! 1575 |         self.iter.find_map(|(i, node)| {
Nov 01 17:50:25.139 INFO kablam!      |                   ^^^^^^^^ multiple `find_map` found
Nov 01 17:50:25.139 INFO kablam!      |
Nov 01 17:50:25.139 INFO kablam! note: candidate #1 is defined in an impl of the trait `iter_utils::IterUtilsExt` for the type `_`
Nov 01 17:50:25.139 INFO kablam!     --> /cargo-home/registry/src/github.com-1ecc6299db9ec823/petgraph-0.4.10/src/iter_utils.rs:5:5
Nov 01 17:50:25.139 INFO kablam!      |
Nov 01 17:50:25.139 INFO kablam! 5    | /     fn find_map<F, R>(&mut self, mut f: F) -> Option<R>
Nov 01 17:50:25.139 INFO kablam! 6    | |         where F: FnMut(Self::Item) -> Option<R>
Nov 01 17:50:25.139 INFO kablam! 7    | |     {
Nov 01 17:50:25.139 INFO kablam! 8    | |         while let Some(elt) = self.next() {
Nov 01 17:50:25.139 INFO kablam! ...    |
Nov 01 17:50:25.139 INFO kablam! 13   | |         None
Nov 01 17:50:25.139 INFO kablam! 14   | |     }
Nov 01 17:50:25.139 INFO kablam!      | |_____^
Nov 01 17:50:25.139 INFO kablam!      = note: candidate #2 is defined in an impl of the trait `std::iter::Iterator` for the type `std::iter::Enumerate<_>`
Nov 01 17:50:25.139 INFO kablam! 
Nov 01 17:50:25.495 INFO kablam! error: aborting due to 4 previous errors
Nov 01 17:50:25.495 INFO kablam! 
Nov 01 17:50:25.495 INFO kablam! For more information about this error, try `rustc --explain E0034`.
Nov 01 17:50:25.503 INFO kablam! error: Could not compile `petgraph`.
Nov 01 17:50:25.503 INFO kablam! warning: build failed, waiting for other jobs to finish...
Nov 01 17:50:27.665 INFO kablam! error: build failed
Nov 01 17:50:27.665 INFO kablam! su: No module specific data is present
Nov 01 17:50:28.227 INFO running `"docker" "rm" "-f" "e1b78f5e603d0d604cc6ad728e285f7f6bacda65756d85afea42398bd0d71f28"`
Nov 01 17:50:28.619 INFO blam! e1b78f5e603d0d604cc6ad728e285f7f6bacda65756d85afea42398bd0d71f28
