Nov 01 17:55:49.015 INFO testing Shnitz/aoc against beta-2018-10-30 for beta-1.31-1
Nov 01 17:55:49.017 INFO running `"docker" "create" "-v" "/mnt/big/crater/work/local/target-dirs/beta-1.31-1/worker-3/beta-2018-10-30:/target:rw,Z" "-v" "/mnt/big/crater/work/local/test-source/worker-3/beta-1.31-1/beta-2018-10-30:/source:ro,Z" "-v" "/mnt/big/crater/work/local/cargo-home:/cargo-home:ro,Z" "-v" "/mnt/big/crater/work/local/rustup-home:/rustup-home:ro,Z" "-e" "USER_ID=1000" "-e" "SOURCE_DIR=/source" "-e" "USER_ID=1000" "-e" "CMD=cargo +beta-2018-10-30 build --frozen" "-e" "CARGO_TARGET_DIR=/target" "-e" "CARGO_INCREMENTAL=0" "-e" "RUST_BACKTRACE=full" "-e" "RUSTFLAGS=--cap-lints=warn" "-e" "CARGO_HOME=/cargo-home" "-e" "RUSTUP_HOME=/rustup-home" "-m" "1536M" "--network" "none" "crater"`
Nov 01 17:55:49.371 INFO blam! 4b62fb45ec69431767fd9bdcfd1104dccb1c6dff909e83863f6df64a77af55d2
Nov 01 17:55:49.379 INFO running `"docker" "start" "-a" "4b62fb45ec69431767fd9bdcfd1104dccb1c6dff909e83863f6df64a77af55d2"`
Nov 01 17:55:50.655 INFO kablam! usermod: no changes
Nov 01 17:55:50.765 INFO kablam!    Compiling ordermap v0.3.2
Nov 01 17:55:50.775 INFO kablam!    Compiling roots v0.0.2
Nov 01 17:55:50.775 INFO kablam!    Compiling alga v0.5.2
Nov 01 17:55:52.795 INFO kablam!    Compiling petgraph v0.4.10
Nov 01 17:55:54.756 INFO kablam! error[E0034]: multiple applicable items in scope
Nov 01 17:55:54.756 INFO kablam!     --> /cargo-home/registry/src/github.com-1ecc6299db9ec823/petgraph-0.4.10/src/graph_impl/stable_graph/mod.rs:1173:19
Nov 01 17:55:54.756 INFO kablam!      |
Nov 01 17:55:54.757 INFO kablam! 1173 |         self.iter.find_map(|(i, node)| {
Nov 01 17:55:54.757 INFO kablam!      |                   ^^^^^^^^ multiple `find_map` found
Nov 01 17:55:54.757 INFO kablam!      |
Nov 01 17:55:54.757 INFO kablam! note: candidate #1 is defined in an impl of the trait `iter_utils::IterUtilsExt` for the type `_`
Nov 01 17:55:54.758 INFO kablam!     --> /cargo-home/registry/src/github.com-1ecc6299db9ec823/petgraph-0.4.10/src/iter_utils.rs:5:5
Nov 01 17:55:54.758 INFO kablam!      |
Nov 01 17:55:54.759 INFO kablam! 5    | /     fn find_map<F, R>(&mut self, mut f: F) -> Option<R>
Nov 01 17:55:54.759 INFO kablam! 6    | |         where F: FnMut(Self::Item) -> Option<R>
Nov 01 17:55:54.759 INFO kablam! 7    | |     {
Nov 01 17:55:54.759 INFO kablam! 8    | |         while let Some(elt) = self.next() {
Nov 01 17:55:54.760 INFO kablam! ...    |
Nov 01 17:55:54.760 INFO kablam! 13   | |         None
Nov 01 17:55:54.760 INFO kablam! 14   | |     }
Nov 01 17:55:54.761 INFO kablam!      | |_____^
Nov 01 17:55:54.761 INFO kablam!      = note: candidate #2 is defined in an impl of the trait `std::iter::Iterator` for the type `std::iter::Enumerate<_>`
Nov 01 17:55:54.761 INFO kablam! 
Nov 01 17:55:54.779 INFO kablam! error[E0034]: multiple applicable items in scope
Nov 01 17:55:54.780 INFO kablam!     --> /cargo-home/registry/src/github.com-1ecc6299db9ec823/petgraph-0.4.10/src/graph_impl/stable_graph/mod.rs:1365:19
Nov 01 17:55:54.780 INFO kablam!      |
Nov 01 17:55:54.780 INFO kablam! 1365 |         self.iter.find_map(|(i, edge)|
Nov 01 17:55:54.781 INFO kablam!      |                   ^^^^^^^^ multiple `find_map` found
Nov 01 17:55:54.781 INFO kablam!      |
Nov 01 17:55:54.781 INFO kablam! note: candidate #1 is defined in an impl of the trait `iter_utils::IterUtilsExt` for the type `_`
Nov 01 17:55:54.782 INFO kablam!     --> /cargo-home/registry/src/github.com-1ecc6299db9ec823/petgraph-0.4.10/src/iter_utils.rs:5:5
Nov 01 17:55:54.782 INFO kablam!      |
Nov 01 17:55:54.782 INFO kablam! 5    | /     fn find_map<F, R>(&mut self, mut f: F) -> Option<R>
Nov 01 17:55:54.783 INFO kablam! 6    | |         where F: FnMut(Self::Item) -> Option<R>
Nov 01 17:55:54.783 INFO kablam! 7    | |     {
Nov 01 17:55:54.783 INFO kablam! 8    | |         while let Some(elt) = self.next() {
Nov 01 17:55:54.783 INFO kablam! ...    |
Nov 01 17:55:54.784 INFO kablam! 13   | |         None
Nov 01 17:55:54.784 INFO kablam! 14   | |     }
Nov 01 17:55:54.784 INFO kablam!      | |_____^
Nov 01 17:55:54.785 INFO kablam!      = note: candidate #2 is defined in an impl of the trait `std::iter::Iterator` for the type `std::iter::Enumerate<_>`
Nov 01 17:55:54.785 INFO kablam! 
Nov 01 17:55:54.791 INFO kablam! error[E0034]: multiple applicable items in scope
Nov 01 17:55:54.791 INFO kablam!     --> /cargo-home/registry/src/github.com-1ecc6299db9ec823/petgraph-0.4.10/src/graph_impl/stable_graph/mod.rs:1529:19
Nov 01 17:55:54.792 INFO kablam!      |
Nov 01 17:55:54.792 INFO kablam! 1529 |         self.iter.find_map(|(i, node)| {
Nov 01 17:55:54.792 INFO kablam!      |                   ^^^^^^^^ multiple `find_map` found
Nov 01 17:55:54.793 INFO kablam!      |
Nov 01 17:55:54.793 INFO kablam! note: candidate #1 is defined in an impl of the trait `iter_utils::IterUtilsExt` for the type `_`
Nov 01 17:55:54.793 INFO kablam!     --> /cargo-home/registry/src/github.com-1ecc6299db9ec823/petgraph-0.4.10/src/iter_utils.rs:5:5
Nov 01 17:55:54.794 INFO kablam!      |
Nov 01 17:55:54.794 INFO kablam! 5    | /     fn find_map<F, R>(&mut self, mut f: F) -> Option<R>
Nov 01 17:55:54.794 INFO kablam! 6    | |         where F: FnMut(Self::Item) -> Option<R>
Nov 01 17:55:54.795 INFO kablam! 7    | |     {
Nov 01 17:55:54.795 INFO kablam! 8    | |         while let Some(elt) = self.next() {
Nov 01 17:55:54.795 INFO kablam! ...    |
Nov 01 17:55:54.795 INFO kablam! 13   | |         None
Nov 01 17:55:54.796 INFO kablam! 14   | |     }
Nov 01 17:55:54.796 INFO kablam!      | |_____^
Nov 01 17:55:54.796 INFO kablam!      = note: candidate #2 is defined in an impl of the trait `std::iter::Iterator` for the type `std::iter::Enumerate<_>`
Nov 01 17:55:54.797 INFO kablam! 
Nov 01 17:55:54.815 INFO kablam! error[E0034]: multiple applicable items in scope
Nov 01 17:55:54.815 INFO kablam!     --> /cargo-home/registry/src/github.com-1ecc6299db9ec823/petgraph-0.4.10/src/graph_impl/stable_graph/mod.rs:1575:19
Nov 01 17:55:54.816 INFO kablam!      |
Nov 01 17:55:54.816 INFO kablam! 1575 |         self.iter.find_map(|(i, node)| {
Nov 01 17:55:54.816 INFO kablam!      |                   ^^^^^^^^ multiple `find_map` found
Nov 01 17:55:54.817 INFO kablam!      |
Nov 01 17:55:54.817 INFO kablam! note: candidate #1 is defined in an impl of the trait `iter_utils::IterUtilsExt` for the type `_`
Nov 01 17:55:54.817 INFO kablam!     --> /cargo-home/registry/src/github.com-1ecc6299db9ec823/petgraph-0.4.10/src/iter_utils.rs:5:5
Nov 01 17:55:54.818 INFO kablam!      |
Nov 01 17:55:54.818 INFO kablam! 5    | /     fn find_map<F, R>(&mut self, mut f: F) -> Option<R>
Nov 01 17:55:54.818 INFO kablam! 6    | |         where F: FnMut(Self::Item) -> Option<R>
Nov 01 17:55:54.818 INFO kablam! 7    | |     {
Nov 01 17:55:54.818 INFO kablam! 8    | |         while let Some(elt) = self.next() {
Nov 01 17:55:54.818 INFO kablam! ...    |
Nov 01 17:55:54.818 INFO kablam! 13   | |         None
Nov 01 17:55:54.818 INFO kablam! 14   | |     }
Nov 01 17:55:54.818 INFO kablam!      | |_____^
Nov 01 17:55:54.818 INFO kablam!      = note: candidate #2 is defined in an impl of the trait `std::iter::Iterator` for the type `std::iter::Enumerate<_>`
Nov 01 17:55:54.818 INFO kablam! 
Nov 01 17:55:55.120 INFO kablam! error: aborting due to 4 previous errors
Nov 01 17:55:55.120 INFO kablam! 
Nov 01 17:55:55.121 INFO kablam! For more information about this error, try `rustc --explain E0034`.
Nov 01 17:55:55.131 INFO kablam! error: Could not compile `petgraph`.
Nov 01 17:55:55.132 INFO kablam! warning: build failed, waiting for other jobs to finish...
Nov 01 17:55:56.575 INFO kablam! error: build failed
Nov 01 17:55:56.575 INFO kablam! su: No module specific data is present
Nov 01 17:55:57.486 INFO running `"docker" "rm" "-f" "4b62fb45ec69431767fd9bdcfd1104dccb1c6dff909e83863f6df64a77af55d2"`
Nov 01 17:55:57.727 INFO blam! 4b62fb45ec69431767fd9bdcfd1104dccb1c6dff909e83863f6df64a77af55d2
