Nov 01 20:04:33.112 INFO testing Kranando/cube_game against beta-2018-10-30 for beta-1.31-1
Nov 01 20:04:33.114 INFO running `"docker" "create" "-v" "/mnt/big/crater/work/local/target-dirs/beta-1.31-1/worker-4/beta-2018-10-30:/target:rw,Z" "-v" "/mnt/big/crater/work/local/test-source/worker-4/beta-1.31-1/beta-2018-10-30:/source:ro,Z" "-v" "/mnt/big/crater/work/local/cargo-home:/cargo-home:ro,Z" "-v" "/mnt/big/crater/work/local/rustup-home:/rustup-home:ro,Z" "-e" "USER_ID=1000" "-e" "SOURCE_DIR=/source" "-e" "USER_ID=1000" "-e" "CMD=cargo +beta-2018-10-30 build --frozen" "-e" "CARGO_TARGET_DIR=/target" "-e" "CARGO_INCREMENTAL=0" "-e" "RUST_BACKTRACE=full" "-e" "RUSTFLAGS=--cap-lints=warn" "-e" "CARGO_HOME=/cargo-home" "-e" "RUSTUP_HOME=/rustup-home" "-m" "1536M" "--network" "none" "crater"`
Nov 01 20:04:33.648 INFO blam! a9e1378ec6a04de5884910a6f19957689ad86fb4ce55256940ef3e8d23f40e76
Nov 01 20:04:33.650 INFO running `"docker" "start" "-a" "a9e1378ec6a04de5884910a6f19957689ad86fb4ce55256940ef3e8d23f40e76"`
Nov 01 20:04:35.039 INFO kablam! usermod: no changes
Nov 01 20:04:35.414 INFO kablam!    Compiling stb_truetype v0.2.4
Nov 01 20:04:35.414 INFO kablam!    Compiling tempfile v2.2.0
Nov 01 20:04:35.415 INFO kablam!    Compiling gl_generator v0.5.5
Nov 01 20:04:35.415 INFO kablam!    Compiling gl_generator v0.6.1
Nov 01 20:04:35.415 INFO kablam!    Compiling gl_generator v0.7.0
Nov 01 20:04:35.416 INFO kablam!    Compiling gfx_core v0.7.2
Nov 01 20:04:35.427 INFO kablam!    Compiling target_build_utils v0.3.1
Nov 01 20:04:35.427 INFO kablam!    Compiling serde_json v0.9.10
Nov 01 20:04:47.284 INFO kablam!    Compiling crossbeam-epoch v0.3.1
Nov 01 20:04:47.345 INFO kablam!    Compiling rusttype v0.2.3
Nov 01 20:04:59.780 INFO kablam!    Compiling png v0.8.0
Nov 01 20:04:59.839 INFO kablam!    Compiling gl v0.6.5
Nov 01 20:05:00.008 INFO kablam!    Compiling crossbeam-deque v0.2.0
Nov 01 20:05:00.010 INFO kablam!    Compiling gfx_gl v0.4.0
Nov 01 20:05:00.779 INFO kablam!    Compiling glutin v0.8.1
Nov 01 20:05:06.828 INFO kablam!    Compiling rayon-core v1.4.1
Nov 01 20:05:19.505 INFO kablam!    Compiling rayon v1.0.2
Nov 01 20:05:36.143 INFO kablam!    Compiling libloading v0.3.4
Nov 01 20:05:40.831 INFO kablam!    Compiling jpeg-decoder v0.1.15
Nov 01 20:05:48.984 INFO kablam!    Compiling dlib v0.3.1
Nov 01 20:05:50.479 INFO kablam!    Compiling wayland-sys v0.8.7
Nov 01 20:05:55.003 INFO kablam!    Compiling image v0.14.0
Nov 01 20:05:55.139 INFO kablam!    Compiling wayland-client v0.8.7
Nov 01 20:06:01.534 INFO kablam!    Compiling wayland-window v0.5.0
Nov 01 20:06:01.534 INFO kablam!    Compiling wayland-kbd v0.8.0
Nov 01 20:06:08.051 INFO kablam!    Compiling winit v0.6.4
Nov 01 20:06:31.721 INFO kablam!    Compiling pistoncore-glutin_window v0.37.0
Nov 01 20:06:37.832 INFO kablam!    Compiling gfx v0.16.3
Nov 01 20:06:37.832 INFO kablam!    Compiling gfx_device_gl v0.14.6
Nov 01 20:06:49.307 INFO kablam!    Compiling piston-gfx_texture v0.25.0
Nov 01 20:06:52.298 INFO kablam!    Compiling piston2d-gfx_graphics v0.41.0
Nov 01 20:06:57.331 INFO kablam!    Compiling piston_window v0.67.0
Nov 01 20:07:01.099 INFO kablam!    Compiling cube_game v0.1.0 (/source)
Nov 01 20:07:04.845 INFO kablam! error[E0063]: missing field `radius` in initializer of `Game`
Nov 01 20:07:04.845 INFO kablam!   --> src/main.rs:15:9
Nov 01 20:07:04.845 INFO kablam!    |
Nov 01 20:07:04.845 INFO kablam! 15 |         Game { rotation : 0.0, x : 0.0, y : 0.0, up_d: false, down_d: false, left_d: false, right_d: false }
Nov 01 20:07:04.845 INFO kablam!    |         ^^^^ missing `radius`
Nov 01 20:07:04.845 INFO kablam! 
Nov 01 20:07:04.967 INFO kablam! error[E0599]: no method named `radius` found for type `[[f64; 3]; 2]` in the current scope
Nov 01 20:07:04.967 INFO kablam!   --> src/main.rs:27:90
Nov 01 20:07:04.967 INFO kablam!    |
Nov 01 20:07:04.967 INFO kablam! 27 |             rectangle(WHITE, square, center.trans(self.x, self.y).rot_rad(self.rotation).radius(self.size).trans(-50.0, -50.0), g);
Nov 01 20:07:04.967 INFO kablam!    |                                                                                          ^^^^^^
Nov 01 20:07:04.967 INFO kablam! 
Nov 01 20:07:04.967 INFO kablam! error[E0609]: no field `size` on type `&mut Game`
Nov 01 20:07:04.967 INFO kablam!   --> src/main.rs:27:102
Nov 01 20:07:04.967 INFO kablam!    |
Nov 01 20:07:04.967 INFO kablam! 27 |             rectangle(WHITE, square, center.trans(self.x, self.y).rot_rad(self.rotation).radius(self.size).trans(-50.0, -50.0), g);
Nov 01 20:07:04.967 INFO kablam!    |                                                                                                      ^^^^
Nov 01 20:07:04.967 INFO kablam! 
Nov 01 20:07:04.983 INFO kablam! error[E0609]: no field `size` on type `&mut Game`
Nov 01 20:07:04.983 INFO kablam!   --> src/main.rs:36:27
Nov 01 20:07:04.983 INFO kablam!    |
Nov 01 20:07:04.983 INFO kablam! 36 |         if self.y <= self.size {
Nov 01 20:07:04.983 INFO kablam!    |                           ^^^^
Nov 01 20:07:04.983 INFO kablam! 
Nov 01 20:07:05.019 INFO kablam! error: aborting due to 4 previous errors
Nov 01 20:07:05.019 INFO kablam! 
Nov 01 20:07:05.019 INFO kablam! Some errors occurred: E0063, E0599, E0609.
Nov 01 20:07:05.019 INFO kablam! For more information about an error, try `rustc --explain E0063`.
Nov 01 20:07:05.047 INFO kablam! error: Could not compile `cube_game`.
Nov 01 20:07:05.047 INFO kablam! 
Nov 01 20:07:05.047 INFO kablam! To learn more, run the command again with --verbose.
Nov 01 20:07:05.051 INFO kablam! su: No module specific data is present
Nov 01 20:07:05.769 INFO running `"docker" "rm" "-f" "a9e1378ec6a04de5884910a6f19957689ad86fb4ce55256940ef3e8d23f40e76"`
Nov 01 20:07:06.105 INFO blam! a9e1378ec6a04de5884910a6f19957689ad86fb4ce55256940ef3e8d23f40e76
