Nov 01 20:04:33.609 INFO testing Kranando/cube_game against 1.30.0 for beta-1.31-1
Nov 01 20:04:33.609 INFO running `"docker" "create" "-v" "/mnt/big/crater/work/local/target-dirs/beta-1.31-1/worker-2/1.30.0:/target:rw,Z" "-v" "/mnt/big/crater/work/local/test-source/worker-2/beta-1.31-1/1.30.0:/source:ro,Z" "-v" "/mnt/big/crater/work/local/cargo-home:/cargo-home:ro,Z" "-v" "/mnt/big/crater/work/local/rustup-home:/rustup-home:ro,Z" "-e" "USER_ID=1000" "-e" "SOURCE_DIR=/source" "-e" "USER_ID=1000" "-e" "CMD=cargo +1.30.0 build --frozen" "-e" "CARGO_TARGET_DIR=/target" "-e" "CARGO_INCREMENTAL=0" "-e" "RUST_BACKTRACE=full" "-e" "RUSTFLAGS=--cap-lints=warn" "-e" "CARGO_HOME=/cargo-home" "-e" "RUSTUP_HOME=/rustup-home" "-m" "1536M" "--network" "none" "crater"`
Nov 01 20:04:34.068 INFO blam! 3f8a18ce5af3e342610727d3ecfe8e7fb5acf4656345bdee5ba08052e592da1a
Nov 01 20:04:34.075 INFO running `"docker" "start" "-a" "3f8a18ce5af3e342610727d3ecfe8e7fb5acf4656345bdee5ba08052e592da1a"`
Nov 01 20:04:35.089 INFO kablam! usermod: no changes
Nov 01 20:04:35.462 INFO kablam!    Compiling phf v0.7.23
Nov 01 20:04:35.462 INFO kablam!    Compiling rusttype v0.2.3
Nov 01 20:04:35.462 INFO kablam!    Compiling phf_codegen v0.7.23
Nov 01 20:04:35.462 INFO kablam!    Compiling num-traits v0.1.43
Nov 01 20:04:35.467 INFO kablam!    Compiling gl_generator v0.5.5
Nov 01 20:04:35.467 INFO kablam!    Compiling gl_generator v0.6.1
Nov 01 20:04:35.467 INFO kablam!    Compiling gl_generator v0.7.0
Nov 01 20:04:35.467 INFO kablam!    Compiling gfx_core v0.7.2
Nov 01 20:04:38.808 INFO kablam!    Compiling crossbeam-epoch v0.3.1
Nov 01 20:04:40.225 INFO kablam!    Compiling shared_library v0.1.9
Nov 01 20:04:42.116 INFO kablam!    Compiling x11-dl v2.18.3
Nov 01 20:04:48.211 INFO kablam!    Compiling serde_json v0.9.10
Nov 01 20:04:48.420 INFO kablam!    Compiling enum_primitive v0.1.1
Nov 01 20:05:00.177 INFO kablam!    Compiling png v0.8.0
Nov 01 20:05:00.200 INFO kablam!    Compiling target_build_utils v0.3.1
Nov 01 20:05:00.279 INFO kablam!    Compiling osmesa-sys v0.1.2
Nov 01 20:05:00.355 INFO kablam!    Compiling crossbeam-deque v0.2.0
Nov 01 20:05:00.539 INFO kablam!    Compiling gfx_gl v0.4.0
Nov 01 20:05:05.999 INFO kablam!    Compiling glutin v0.8.1
Nov 01 20:05:17.179 INFO kablam!    Compiling gl v0.6.5
Nov 01 20:05:17.204 INFO kablam!    Compiling rayon-core v1.4.1
Nov 01 20:05:30.555 INFO kablam!    Compiling rayon v1.0.2
Nov 01 20:05:51.071 INFO kablam!    Compiling libloading v0.3.4
Nov 01 20:05:51.959 INFO kablam!    Compiling jpeg-decoder v0.1.15
Nov 01 20:06:01.291 INFO kablam!    Compiling dlib v0.3.1
Nov 01 20:06:02.273 INFO kablam!    Compiling image v0.14.0
Nov 01 20:06:03.076 INFO kablam!    Compiling wayland-sys v0.8.7
Nov 01 20:06:06.087 INFO kablam!    Compiling wayland-client v0.8.7
Nov 01 20:06:11.023 INFO kablam!    Compiling wayland-window v0.5.0
Nov 01 20:06:11.025 INFO kablam!    Compiling wayland-kbd v0.8.0
Nov 01 20:06:17.259 INFO kablam!    Compiling winit v0.6.4
Nov 01 20:06:37.479 INFO kablam!    Compiling gfx v0.16.3
Nov 01 20:06:37.479 INFO kablam!    Compiling gfx_device_gl v0.14.6
Nov 01 20:06:38.511 INFO kablam!    Compiling pistoncore-glutin_window v0.37.0
Nov 01 20:06:51.920 INFO kablam!    Compiling piston-gfx_texture v0.25.0
Nov 01 20:06:54.879 INFO kablam!    Compiling piston2d-gfx_graphics v0.41.0
Nov 01 20:07:00.531 INFO kablam!    Compiling piston_window v0.67.0
Nov 01 20:07:04.875 INFO kablam!    Compiling cube_game v0.1.0 (/source)
Nov 01 20:07:09.103 INFO kablam! error[E0063]: missing field `radius` in initializer of `Game`
Nov 01 20:07:09.103 INFO kablam!   --> src/main.rs:15:9
Nov 01 20:07:09.103 INFO kablam!    |
Nov 01 20:07:09.103 INFO kablam! 15 |         Game { rotation : 0.0, x : 0.0, y : 0.0, up_d: false, down_d: false, left_d: false, right_d: false }
Nov 01 20:07:09.103 INFO kablam!    |         ^^^^ missing `radius`
Nov 01 20:07:09.103 INFO kablam! 
Nov 01 20:07:09.239 INFO kablam! error[E0599]: no method named `radius` found for type `[[f64; 3]; 2]` in the current scope
Nov 01 20:07:09.239 INFO kablam!   --> src/main.rs:27:90
Nov 01 20:07:09.239 INFO kablam!    |
Nov 01 20:07:09.240 INFO kablam! 27 |             rectangle(WHITE, square, center.trans(self.x, self.y).rot_rad(self.rotation).radius(self.size).trans(-50.0, -50.0), g);
Nov 01 20:07:09.240 INFO kablam!    |                                                                                          ^^^^^^
Nov 01 20:07:09.240 INFO kablam! 
Nov 01 20:07:09.241 INFO kablam! error[E0609]: no field `size` on type `&mut Game`
Nov 01 20:07:09.241 INFO kablam!   --> src/main.rs:27:102
Nov 01 20:07:09.241 INFO kablam!    |
Nov 01 20:07:09.242 INFO kablam! 27 |             rectangle(WHITE, square, center.trans(self.x, self.y).rot_rad(self.rotation).radius(self.size).trans(-50.0, -50.0), g);
Nov 01 20:07:09.242 INFO kablam!    |                                                                                                      ^^^^
Nov 01 20:07:09.242 INFO kablam! 
Nov 01 20:07:09.253 INFO kablam! error[E0609]: no field `size` on type `&mut Game`
Nov 01 20:07:09.254 INFO kablam!   --> src/main.rs:36:27
Nov 01 20:07:09.254 INFO kablam!    |
Nov 01 20:07:09.254 INFO kablam! 36 |         if self.y <= self.size {
Nov 01 20:07:09.255 INFO kablam!    |                           ^^^^
Nov 01 20:07:09.258 INFO kablam! 
Nov 01 20:07:09.286 INFO kablam! error: aborting due to 4 previous errors
Nov 01 20:07:09.287 INFO kablam! 
Nov 01 20:07:09.291 INFO kablam! Some errors occurred: E0063, E0599, E0609.
Nov 01 20:07:09.291 INFO kablam! For more information about an error, try `rustc --explain E0063`.
Nov 01 20:07:09.331 INFO kablam! error: Could not compile `cube_game`.
Nov 01 20:07:09.331 INFO kablam! 
Nov 01 20:07:09.331 INFO kablam! To learn more, run the command again with --verbose.
Nov 01 20:07:09.331 INFO kablam! su: No module specific data is present
Nov 01 20:07:09.887 INFO running `"docker" "rm" "-f" "3f8a18ce5af3e342610727d3ecfe8e7fb5acf4656345bdee5ba08052e592da1a"`
Nov 01 20:07:10.180 INFO blam! 3f8a18ce5af3e342610727d3ecfe8e7fb5acf4656345bdee5ba08052e592da1a
