Nov 01 20:59:49.444 INFO testing Gregory-Meyer/secret-santa against beta-2018-10-30 for beta-1.31-1
Nov 01 20:59:49.444 INFO running `"docker" "create" "-v" "/mnt/big/crater/work/local/target-dirs/beta-1.31-1/worker-6/beta-2018-10-30:/target:rw,Z" "-v" "/mnt/big/crater/work/local/test-source/worker-6/beta-1.31-1/beta-2018-10-30:/source:ro,Z" "-v" "/mnt/big/crater/work/local/cargo-home:/cargo-home:ro,Z" "-v" "/mnt/big/crater/work/local/rustup-home:/rustup-home:ro,Z" "-e" "USER_ID=1000" "-e" "SOURCE_DIR=/source" "-e" "USER_ID=1000" "-e" "CMD=cargo +beta-2018-10-30 build --frozen" "-e" "CARGO_TARGET_DIR=/target" "-e" "CARGO_INCREMENTAL=0" "-e" "RUST_BACKTRACE=full" "-e" "RUSTFLAGS=--cap-lints=warn" "-e" "CARGO_HOME=/cargo-home" "-e" "RUSTUP_HOME=/rustup-home" "-m" "1536M" "--network" "none" "crater"`
Nov 01 20:59:49.951 INFO blam! 7fab10588ed23c5aae23a80a9f4ad89860e358b9254469bacba1691f7e64ca75
Nov 01 20:59:49.967 INFO running `"docker" "start" "-a" "7fab10588ed23c5aae23a80a9f4ad89860e358b9254469bacba1691f7e64ca75"`
Nov 01 20:59:51.511 INFO kablam! usermod: no changes
Nov 01 20:59:51.756 INFO kablam!    Compiling openssl v0.9.22
Nov 01 20:59:51.764 INFO kablam!    Compiling openssl-sys v0.9.22
Nov 01 20:59:51.768 INFO kablam!    Compiling atty v0.2.3
Nov 01 20:59:51.768 INFO kablam!    Compiling petgraph v0.4.10
Nov 01 20:59:51.768 INFO kablam!    Compiling email v0.0.18
Nov 01 20:59:51.768 INFO kablam!    Compiling rust-crypto v0.2.36
Nov 01 20:59:54.175 INFO kablam!    Compiling clap v2.28.0
Nov 01 21:00:02.144 INFO kablam! error[E0034]: multiple applicable items in scope
Nov 01 21:00:02.144 INFO kablam!     --> /cargo-home/registry/src/github.com-1ecc6299db9ec823/petgraph-0.4.10/src/graph_impl/stable_graph/mod.rs:1173:19
Nov 01 21:00:02.144 INFO kablam!      |
Nov 01 21:00:02.144 INFO kablam! 1173 |         self.iter.find_map(|(i, node)| {
Nov 01 21:00:02.144 INFO kablam!      |                   ^^^^^^^^ multiple `find_map` found
Nov 01 21:00:02.144 INFO kablam!      |
Nov 01 21:00:02.146 INFO kablam! note: candidate #1 is defined in an impl of the trait `iter_utils::IterUtilsExt` for the type `_`
Nov 01 21:00:02.146 INFO kablam!     --> /cargo-home/registry/src/github.com-1ecc6299db9ec823/petgraph-0.4.10/src/iter_utils.rs:5:5
Nov 01 21:00:02.146 INFO kablam!      |
Nov 01 21:00:02.146 INFO kablam! 5    | /     fn find_map<F, R>(&mut self, mut f: F) -> Option<R>
Nov 01 21:00:02.146 INFO kablam! 6    | |         where F: FnMut(Self::Item) -> Option<R>
Nov 01 21:00:02.146 INFO kablam! 7    | |     {
Nov 01 21:00:02.146 INFO kablam! 8    | |         while let Some(elt) = self.next() {
Nov 01 21:00:02.146 INFO kablam! ...    |
Nov 01 21:00:02.146 INFO kablam! 13   | |         None
Nov 01 21:00:02.146 INFO kablam! 14   | |     }
Nov 01 21:00:02.146 INFO kablam!      | |_____^
Nov 01 21:00:02.146 INFO kablam!      = note: candidate #2 is defined in an impl of the trait `std::iter::Iterator` for the type `std::iter::Enumerate<_>`
Nov 01 21:00:02.146 INFO kablam! 
Nov 01 21:00:02.231 INFO kablam! error[E0034]: multiple applicable items in scope
Nov 01 21:00:02.231 INFO kablam!     --> /cargo-home/registry/src/github.com-1ecc6299db9ec823/petgraph-0.4.10/src/graph_impl/stable_graph/mod.rs:1365:19
Nov 01 21:00:02.231 INFO kablam!      |
Nov 01 21:00:02.231 INFO kablam! 1365 |         self.iter.find_map(|(i, edge)|
Nov 01 21:00:02.231 INFO kablam!      |                   ^^^^^^^^ multiple `find_map` found
Nov 01 21:00:02.239 INFO kablam!      |
Nov 01 21:00:02.239 INFO kablam! note: candidate #1 is defined in an impl of the trait `iter_utils::IterUtilsExt` for the type `_`
Nov 01 21:00:02.239 INFO kablam!     --> /cargo-home/registry/src/github.com-1ecc6299db9ec823/petgraph-0.4.10/src/iter_utils.rs:5:5
Nov 01 21:00:02.239 INFO kablam!      |
Nov 01 21:00:02.239 INFO kablam! 5    | /     fn find_map<F, R>(&mut self, mut f: F) -> Option<R>
Nov 01 21:00:02.239 INFO kablam! 6    | |         where F: FnMut(Self::Item) -> Option<R>
Nov 01 21:00:02.239 INFO kablam! 7    | |     {
Nov 01 21:00:02.239 INFO kablam! 8    | |         while let Some(elt) = self.next() {
Nov 01 21:00:02.240 INFO kablam! ...    |
Nov 01 21:00:02.240 INFO kablam! 13   | |         None
Nov 01 21:00:02.240 INFO kablam! 14   | |     }
Nov 01 21:00:02.240 INFO kablam!      | |_____^
Nov 01 21:00:02.242 INFO kablam!      = note: candidate #2 is defined in an impl of the trait `std::iter::Iterator` for the type `std::iter::Enumerate<_>`
Nov 01 21:00:02.242 INFO kablam! 
Nov 01 21:00:02.291 INFO kablam! error[E0034]: multiple applicable items in scope
Nov 01 21:00:02.291 INFO kablam!     --> /cargo-home/registry/src/github.com-1ecc6299db9ec823/petgraph-0.4.10/src/graph_impl/stable_graph/mod.rs:1529:19
Nov 01 21:00:02.291 INFO kablam!      |
Nov 01 21:00:02.291 INFO kablam! 1529 |         self.iter.find_map(|(i, node)| {
Nov 01 21:00:02.291 INFO kablam!      |                   ^^^^^^^^ multiple `find_map` found
Nov 01 21:00:02.291 INFO kablam!      |
Nov 01 21:00:02.291 INFO kablam! note: candidate #1 is defined in an impl of the trait `iter_utils::IterUtilsExt` for the type `_`
Nov 01 21:00:02.291 INFO kablam!     --> /cargo-home/registry/src/github.com-1ecc6299db9ec823/petgraph-0.4.10/src/iter_utils.rs:5:5
Nov 01 21:00:02.291 INFO kablam!      |
Nov 01 21:00:02.291 INFO kablam! 5    | /     fn find_map<F, R>(&mut self, mut f: F) -> Option<R>
Nov 01 21:00:02.291 INFO kablam! 6    | |         where F: FnMut(Self::Item) -> Option<R>
Nov 01 21:00:02.291 INFO kablam! 7    | |     {
Nov 01 21:00:02.292 INFO kablam! 8    | |         while let Some(elt) = self.next() {
Nov 01 21:00:02.292 INFO kablam! ...    |
Nov 01 21:00:02.292 INFO kablam! 13   | |         None
Nov 01 21:00:02.292 INFO kablam! 14   | |     }
Nov 01 21:00:02.292 INFO kablam!      | |_____^
Nov 01 21:00:02.292 INFO kablam!      = note: candidate #2 is defined in an impl of the trait `std::iter::Iterator` for the type `std::iter::Enumerate<_>`
Nov 01 21:00:02.292 INFO kablam! 
Nov 01 21:00:02.315 INFO kablam! error[E0034]: multiple applicable items in scope
Nov 01 21:00:02.315 INFO kablam!     --> /cargo-home/registry/src/github.com-1ecc6299db9ec823/petgraph-0.4.10/src/graph_impl/stable_graph/mod.rs:1575:19
Nov 01 21:00:02.315 INFO kablam!      |
Nov 01 21:00:02.315 INFO kablam! 1575 |         self.iter.find_map(|(i, node)| {
Nov 01 21:00:02.315 INFO kablam!      |                   ^^^^^^^^ multiple `find_map` found
Nov 01 21:00:02.315 INFO kablam!      |
Nov 01 21:00:02.315 INFO kablam! note: candidate #1 is defined in an impl of the trait `iter_utils::IterUtilsExt` for the type `_`
Nov 01 21:00:02.315 INFO kablam!     --> /cargo-home/registry/src/github.com-1ecc6299db9ec823/petgraph-0.4.10/src/iter_utils.rs:5:5
Nov 01 21:00:02.316 INFO kablam!      |
Nov 01 21:00:02.316 INFO kablam! 5    | /     fn find_map<F, R>(&mut self, mut f: F) -> Option<R>
Nov 01 21:00:02.316 INFO kablam! 6    | |         where F: FnMut(Self::Item) -> Option<R>
Nov 01 21:00:02.316 INFO kablam! 7    | |     {
Nov 01 21:00:02.316 INFO kablam! 8    | |         while let Some(elt) = self.next() {
Nov 01 21:00:02.316 INFO kablam! ...    |
Nov 01 21:00:02.316 INFO kablam! 13   | |         None
Nov 01 21:00:02.316 INFO kablam! 14   | |     }
Nov 01 21:00:02.316 INFO kablam!      | |_____^
Nov 01 21:00:02.316 INFO kablam!      = note: candidate #2 is defined in an impl of the trait `std::iter::Iterator` for the type `std::iter::Enumerate<_>`
Nov 01 21:00:02.316 INFO kablam! 
Nov 01 21:00:03.727 INFO kablam! error: aborting due to 4 previous errors
Nov 01 21:00:03.741 INFO kablam! 
Nov 01 21:00:03.742 INFO kablam! For more information about this error, try `rustc --explain E0034`.
Nov 01 21:00:03.771 INFO kablam! error: Could not compile `petgraph`.
Nov 01 21:00:03.771 INFO kablam! warning: build failed, waiting for other jobs to finish...
Nov 01 21:00:33.506 INFO kablam! error: build failed
Nov 01 21:00:33.508 INFO kablam! su: No module specific data is present
Nov 01 21:00:34.500 INFO running `"docker" "rm" "-f" "7fab10588ed23c5aae23a80a9f4ad89860e358b9254469bacba1691f7e64ca75"`
Nov 01 21:00:34.779 INFO blam! 7fab10588ed23c5aae23a80a9f4ad89860e358b9254469bacba1691f7e64ca75
