Nov 01 21:17:22.180 INFO testing Flarp/oprec against beta-2018-10-30 for beta-1.31-1
Nov 01 21:17:22.180 INFO running `"docker" "create" "-v" "/mnt/big/crater/work/local/target-dirs/beta-1.31-1/worker-0/beta-2018-10-30:/target:rw,Z" "-v" "/mnt/big/crater/work/local/test-source/worker-0/beta-1.31-1/beta-2018-10-30:/source:ro,Z" "-v" "/mnt/big/crater/work/local/cargo-home:/cargo-home:ro,Z" "-v" "/mnt/big/crater/work/local/rustup-home:/rustup-home:ro,Z" "-e" "USER_ID=1000" "-e" "SOURCE_DIR=/source" "-e" "USER_ID=1000" "-e" "CMD=cargo +beta-2018-10-30 build --frozen" "-e" "CARGO_TARGET_DIR=/target" "-e" "CARGO_INCREMENTAL=0" "-e" "RUST_BACKTRACE=full" "-e" "RUSTFLAGS=--cap-lints=warn" "-e" "CARGO_HOME=/cargo-home" "-e" "RUSTUP_HOME=/rustup-home" "-m" "1536M" "--network" "none" "crater"`
Nov 01 21:17:22.700 INFO blam! 89db23551129dd13cbfc7852393a6aa00f03bbc63dfd0db9466d2457efb39942
Nov 01 21:17:22.702 INFO running `"docker" "start" "-a" "89db23551129dd13cbfc7852393a6aa00f03bbc63dfd0db9466d2457efb39942"`
Nov 01 21:17:24.223 INFO kablam! usermod: no changes
Nov 01 21:17:24.295 INFO kablam!    Compiling petgraph v0.4.12
Nov 01 21:17:26.413 INFO kablam! error[E0034]: multiple applicable items in scope
Nov 01 21:17:26.413 INFO kablam!     --> /cargo-home/registry/src/github.com-1ecc6299db9ec823/petgraph-0.4.12/src/graph_impl/stable_graph/mod.rs:1171:19
Nov 01 21:17:26.413 INFO kablam!      |
Nov 01 21:17:26.413 INFO kablam! 1171 |         self.iter.find_map(|(i, node)| {
Nov 01 21:17:26.413 INFO kablam!      |                   ^^^^^^^^ multiple `find_map` found
Nov 01 21:17:26.413 INFO kablam!      |
Nov 01 21:17:26.413 INFO kablam! note: candidate #1 is defined in an impl of the trait `iter_utils::IterUtilsExt` for the type `_`
Nov 01 21:17:26.413 INFO kablam!     --> /cargo-home/registry/src/github.com-1ecc6299db9ec823/petgraph-0.4.12/src/iter_utils.rs:5:5
Nov 01 21:17:26.413 INFO kablam!      |
Nov 01 21:17:26.413 INFO kablam! 5    | /     fn find_map<F, R>(&mut self, mut f: F) -> Option<R>
Nov 01 21:17:26.413 INFO kablam! 6    | |         where F: FnMut(Self::Item) -> Option<R>
Nov 01 21:17:26.413 INFO kablam! 7    | |     {
Nov 01 21:17:26.413 INFO kablam! 8    | |         while let Some(elt) = self.next() {
Nov 01 21:17:26.413 INFO kablam! ...    |
Nov 01 21:17:26.413 INFO kablam! 13   | |         None
Nov 01 21:17:26.413 INFO kablam! 14   | |     }
Nov 01 21:17:26.413 INFO kablam!      | |_____^
Nov 01 21:17:26.413 INFO kablam!      = note: candidate #2 is defined in an impl of the trait `std::iter::Iterator` for the type `std::iter::Enumerate<_>`
Nov 01 21:17:26.413 INFO kablam! 
Nov 01 21:17:26.430 INFO kablam! error[E0034]: multiple applicable items in scope
Nov 01 21:17:26.430 INFO kablam!     --> /cargo-home/registry/src/github.com-1ecc6299db9ec823/petgraph-0.4.12/src/graph_impl/stable_graph/mod.rs:1363:19
Nov 01 21:17:26.431 INFO kablam!      |
Nov 01 21:17:26.431 INFO kablam! 1363 |         self.iter.find_map(|(i, edge)|
Nov 01 21:17:26.431 INFO kablam!      |                   ^^^^^^^^ multiple `find_map` found
Nov 01 21:17:26.432 INFO kablam!      |
Nov 01 21:17:26.432 INFO kablam! note: candidate #1 is defined in an impl of the trait `iter_utils::IterUtilsExt` for the type `_`
Nov 01 21:17:26.433 INFO kablam!     --> /cargo-home/registry/src/github.com-1ecc6299db9ec823/petgraph-0.4.12/src/iter_utils.rs:5:5
Nov 01 21:17:26.433 INFO kablam!      |
Nov 01 21:17:26.434 INFO kablam! 5    | /     fn find_map<F, R>(&mut self, mut f: F) -> Option<R>
Nov 01 21:17:26.434 INFO kablam! 6    | |         where F: FnMut(Self::Item) -> Option<R>
Nov 01 21:17:26.435 INFO kablam! 7    | |     {
Nov 01 21:17:26.435 INFO kablam! 8    | |         while let Some(elt) = self.next() {
Nov 01 21:17:26.436 INFO kablam! ...    |
Nov 01 21:17:26.436 INFO kablam! 13   | |         None
Nov 01 21:17:26.437 INFO kablam! 14   | |     }
Nov 01 21:17:26.437 INFO kablam!      | |_____^
Nov 01 21:17:26.438 INFO kablam!      = note: candidate #2 is defined in an impl of the trait `std::iter::Iterator` for the type `std::iter::Enumerate<_>`
Nov 01 21:17:26.438 INFO kablam! 
Nov 01 21:17:26.448 INFO kablam! error[E0034]: multiple applicable items in scope
Nov 01 21:17:26.448 INFO kablam!     --> /cargo-home/registry/src/github.com-1ecc6299db9ec823/petgraph-0.4.12/src/graph_impl/stable_graph/mod.rs:1527:19
Nov 01 21:17:26.449 INFO kablam!      |
Nov 01 21:17:26.449 INFO kablam! 1527 |         self.iter.find_map(|(i, node)| {
Nov 01 21:17:26.450 INFO kablam!      |                   ^^^^^^^^ multiple `find_map` found
Nov 01 21:17:26.450 INFO kablam!      |
Nov 01 21:17:26.451 INFO kablam! note: candidate #1 is defined in an impl of the trait `iter_utils::IterUtilsExt` for the type `_`
Nov 01 21:17:26.451 INFO kablam!     --> /cargo-home/registry/src/github.com-1ecc6299db9ec823/petgraph-0.4.12/src/iter_utils.rs:5:5
Nov 01 21:17:26.452 INFO kablam!      |
Nov 01 21:17:26.452 INFO kablam! 5    | /     fn find_map<F, R>(&mut self, mut f: F) -> Option<R>
Nov 01 21:17:26.453 INFO kablam! 6    | |         where F: FnMut(Self::Item) -> Option<R>
Nov 01 21:17:26.453 INFO kablam! 7    | |     {
Nov 01 21:17:26.454 INFO kablam! 8    | |         while let Some(elt) = self.next() {
Nov 01 21:17:26.454 INFO kablam! ...    |
Nov 01 21:17:26.455 INFO kablam! 13   | |         None
Nov 01 21:17:26.455 INFO kablam! 14   | |     }
Nov 01 21:17:26.455 INFO kablam!      | |_____^
Nov 01 21:17:26.461 INFO kablam!      = note: candidate #2 is defined in an impl of the trait `std::iter::Iterator` for the type `std::iter::Enumerate<_>`
Nov 01 21:17:26.461 INFO kablam! 
Nov 01 21:17:26.462 INFO kablam! error[E0034]: multiple applicable items in scope
Nov 01 21:17:26.462 INFO kablam!     --> /cargo-home/registry/src/github.com-1ecc6299db9ec823/petgraph-0.4.12/src/graph_impl/stable_graph/mod.rs:1573:19
Nov 01 21:17:26.463 INFO kablam!      |
Nov 01 21:17:26.463 INFO kablam! 1573 |         self.iter.find_map(|(i, node)| {
Nov 01 21:17:26.464 INFO kablam!      |                   ^^^^^^^^ multiple `find_map` found
Nov 01 21:17:26.464 INFO kablam!      |
Nov 01 21:17:26.465 INFO kablam! note: candidate #1 is defined in an impl of the trait `iter_utils::IterUtilsExt` for the type `_`
Nov 01 21:17:26.465 INFO kablam!     --> /cargo-home/registry/src/github.com-1ecc6299db9ec823/petgraph-0.4.12/src/iter_utils.rs:5:5
Nov 01 21:17:26.466 INFO kablam!      |
Nov 01 21:17:26.466 INFO kablam! 5    | /     fn find_map<F, R>(&mut self, mut f: F) -> Option<R>
Nov 01 21:17:26.467 INFO kablam! 6    | |         where F: FnMut(Self::Item) -> Option<R>
Nov 01 21:17:26.467 INFO kablam! 7    | |     {
Nov 01 21:17:26.468 INFO kablam! 8    | |         while let Some(elt) = self.next() {
Nov 01 21:17:26.468 INFO kablam! ...    |
Nov 01 21:17:26.469 INFO kablam! 13   | |         None
Nov 01 21:17:26.469 INFO kablam! 14   | |     }
Nov 01 21:17:26.469 INFO kablam!      | |_____^
Nov 01 21:17:26.470 INFO kablam!      = note: candidate #2 is defined in an impl of the trait `std::iter::Iterator` for the type `std::iter::Enumerate<_>`
Nov 01 21:17:26.475 INFO kablam! 
Nov 01 21:17:26.753 INFO kablam! error: aborting due to 4 previous errors
Nov 01 21:17:26.754 INFO kablam! 
Nov 01 21:17:26.755 INFO kablam! For more information about this error, try `rustc --explain E0034`.
Nov 01 21:17:26.763 INFO kablam! error: Could not compile `petgraph`.
Nov 01 21:17:26.764 INFO kablam! 
Nov 01 21:17:26.764 INFO kablam! To learn more, run the command again with --verbose.
Nov 01 21:17:26.767 INFO kablam! su: No module specific data is present
Nov 01 21:17:28.207 INFO running `"docker" "rm" "-f" "89db23551129dd13cbfc7852393a6aa00f03bbc63dfd0db9466d2457efb39942"`
Nov 01 21:17:28.503 INFO blam! 89db23551129dd13cbfc7852393a6aa00f03bbc63dfd0db9466d2457efb39942
