Nov 01 22:37:16.437 INFO testing Awpteamoose/tile-count against 1.30.0 for beta-1.31-1
Nov 01 22:37:16.437 INFO running `"docker" "create" "-v" "/mnt/big/crater/work/local/target-dirs/beta-1.31-1/worker-4/1.30.0:/target:rw,Z" "-v" "/mnt/big/crater/work/local/test-source/worker-4/beta-1.31-1/1.30.0:/source:ro,Z" "-v" "/mnt/big/crater/work/local/cargo-home:/cargo-home:ro,Z" "-v" "/mnt/big/crater/work/local/rustup-home:/rustup-home:ro,Z" "-e" "USER_ID=1000" "-e" "SOURCE_DIR=/source" "-e" "USER_ID=1000" "-e" "CMD=cargo +1.30.0 build --frozen" "-e" "CARGO_TARGET_DIR=/target" "-e" "CARGO_INCREMENTAL=0" "-e" "RUST_BACKTRACE=full" "-e" "RUSTFLAGS=--cap-lints=warn" "-e" "CARGO_HOME=/cargo-home" "-e" "RUSTUP_HOME=/rustup-home" "-m" "1536M" "--network" "none" "crater"`
Nov 01 22:37:16.907 INFO blam! 36e493adb395ddc3845670158470f0d988461d4960a46c7b3e43a5eb455825a5
Nov 01 22:37:16.915 INFO running `"docker" "start" "-a" "36e493adb395ddc3845670158470f0d988461d4960a46c7b3e43a5eb455825a5"`
Nov 01 22:37:18.219 INFO kablam! usermod: no changes
Nov 01 22:37:18.378 INFO kablam!    Compiling num-iter v0.1.37
Nov 01 22:37:18.995 INFO kablam!    Compiling png v0.12.0
Nov 01 22:37:21.463 INFO kablam!    Compiling tile-count v0.1.0 (/source)
Nov 01 22:37:22.303 INFO kablam! error[E0554]: #![feature] may not be used on the stable release channel
Nov 01 22:37:22.303 INFO kablam!  --> src/main.rs:1:1
Nov 01 22:37:22.303 INFO kablam!   |
Nov 01 22:37:22.303 INFO kablam! 1 | #![feature(plugin)]
Nov 01 22:37:22.303 INFO kablam!   | ^^^^^^^^^^^^^^^^^^^
Nov 01 22:37:22.304 INFO kablam! 
Nov 01 22:37:22.304 INFO kablam! error[E0554]: #![feature] may not be used on the stable release channel
Nov 01 22:37:22.304 INFO kablam!  --> src/main.rs:2:1
Nov 01 22:37:22.304 INFO kablam!   |
Nov 01 22:37:22.304 INFO kablam! 2 | #![feature(nll)]
Nov 01 22:37:22.304 INFO kablam!   | ^^^^^^^^^^^^^^^^
Nov 01 22:37:22.304 INFO kablam! 
Nov 01 22:37:22.304 INFO kablam! error[E0554]: #![feature] may not be used on the stable release channel
Nov 01 22:37:22.305 INFO kablam!  --> src/main.rs:3:1
Nov 01 22:37:22.305 INFO kablam!   |
Nov 01 22:37:22.305 INFO kablam! 3 | #![feature(iterator_step_by)]
Nov 01 22:37:22.305 INFO kablam!   | ^^^^^^^^^^^^^^^^^^^^^^^^^^^^^
Nov 01 22:37:22.305 INFO kablam! 
Nov 01 22:37:22.305 INFO kablam! error: aborting due to 3 previous errors
Nov 01 22:37:22.305 INFO kablam! 
Nov 01 22:37:22.305 INFO kablam! For more information about this error, try `rustc --explain E0554`.
Nov 01 22:37:22.310 INFO kablam! error: Could not compile `tile-count`.
Nov 01 22:37:22.310 INFO kablam! 
Nov 01 22:37:22.310 INFO kablam! To learn more, run the command again with --verbose.
Nov 01 22:37:22.311 INFO kablam! su: No module specific data is present
Nov 01 22:37:22.675 INFO running `"docker" "rm" "-f" "36e493adb395ddc3845670158470f0d988461d4960a46c7b3e43a5eb455825a5"`
Nov 01 22:37:22.891 INFO blam! 36e493adb395ddc3845670158470f0d988461d4960a46c7b3e43a5eb455825a5
