Nov 01 22:51:10.446 INFO testing AlisCode/AdventOfCode2017 against beta-2018-10-30 for beta-1.31-1
Nov 01 22:51:10.446 INFO running `"docker" "create" "-v" "/mnt/big/crater/work/local/target-dirs/beta-1.31-1/worker-5/beta-2018-10-30:/target:rw,Z" "-v" "/mnt/big/crater/work/local/test-source/worker-5/beta-1.31-1/beta-2018-10-30:/source:ro,Z" "-v" "/mnt/big/crater/work/local/cargo-home:/cargo-home:ro,Z" "-v" "/mnt/big/crater/work/local/rustup-home:/rustup-home:ro,Z" "-e" "USER_ID=1000" "-e" "SOURCE_DIR=/source" "-e" "USER_ID=1000" "-e" "CMD=cargo +beta-2018-10-30 build --frozen" "-e" "CARGO_TARGET_DIR=/target" "-e" "CARGO_INCREMENTAL=0" "-e" "RUST_BACKTRACE=full" "-e" "RUSTFLAGS=--cap-lints=warn" "-e" "CARGO_HOME=/cargo-home" "-e" "RUSTUP_HOME=/rustup-home" "-m" "1536M" "--network" "none" "crater"`
Nov 01 22:51:10.998 INFO blam! 38b3cc229f675e613c43d2d1e542a9cb27f050ae7ba6798495f0c4a23d7dc1c2
Nov 01 22:51:11.000 INFO running `"docker" "start" "-a" "38b3cc229f675e613c43d2d1e542a9cb27f050ae7ba6798495f0c4a23d7dc1c2"`
Nov 01 22:51:13.947 INFO kablam! usermod: no changes
Nov 01 22:51:14.092 INFO kablam!    Compiling ordermap v0.3.2
Nov 01 22:51:14.092 INFO kablam!    Compiling day7_parser v1.0.0 (/source/day7_parser)
Nov 01 22:51:14.092 INFO kablam!    Compiling day23_parser v1.0.0 (/source/day23_parser)
Nov 01 22:51:14.092 INFO kablam!    Compiling day18_parser v1.0.0 (/source/day18_parser)
Nov 01 22:51:14.093 INFO kablam!    Compiling day25_parser v1.0.0 (/source/day25_parser)
Nov 01 22:51:14.093 INFO kablam!    Compiling day8_parser v1.0.0 (/source/day8_parser)
Nov 01 22:51:14.093 INFO kablam!    Compiling day12_parser v1.0.0 (/source/day12_parser)
Nov 01 22:51:14.133 INFO kablam!    Compiling day9_parser v1.0.0 (/source/day9_parser)
Nov 01 22:51:19.330 INFO kablam! warning: variable does not need to be mutable
Nov 01 22:51:19.330 INFO kablam!   --> day7_parser/src/lib.rs:86:13
Nov 01 22:51:19.330 INFO kablam!    |
Nov 01 22:51:19.330 INFO kablam! 86 |         let mut groups = self.get_children_process(list).into_iter().group_by(|a| a.get_global_weight(list));
Nov 01 22:51:19.330 INFO kablam!    |             ----^^^^^^
Nov 01 22:51:19.330 INFO kablam!    |             |
Nov 01 22:51:19.330 INFO kablam!    |             help: remove this `mut`
Nov 01 22:51:19.330 INFO kablam!    |
Nov 01 22:51:19.330 INFO kablam!    = note: #[warn(unused_mut)] on by default
Nov 01 22:51:19.330 INFO kablam! 
Nov 01 22:51:19.330 INFO kablam! warning: variable does not need to be mutable
Nov 01 22:51:19.330 INFO kablam!   --> day7_parser/src/lib.rs:89:13
Nov 01 22:51:19.331 INFO kablam!    |
Nov 01 22:51:19.331 INFO kablam! 89 |         let mut groups = self.get_children_process(list).into_iter().group_by(|a| a.get_global_weight(list));
Nov 01 22:51:19.331 INFO kablam!    |             ----^^^^^^
Nov 01 22:51:19.331 INFO kablam!    |             |
Nov 01 22:51:19.331 INFO kablam!    |             help: remove this `mut`
Nov 01 22:51:19.331 INFO kablam! 
Nov 01 22:51:20.578 INFO kablam!    Compiling day16_parser v1.0.0 (/source/day16_parser)
Nov 01 22:51:20.787 INFO kablam!    Compiling day20_parser v1.0.0 (/source/day20_parser)
Nov 01 22:51:22.236 INFO kablam!    Compiling petgraph v0.4.10
Nov 01 22:51:25.803 INFO kablam! error[E0034]: multiple applicable items in scope
Nov 01 22:51:25.803 INFO kablam!     --> /cargo-home/registry/src/github.com-1ecc6299db9ec823/petgraph-0.4.10/src/graph_impl/stable_graph/mod.rs:1173:19
Nov 01 22:51:25.803 INFO kablam!      |
Nov 01 22:51:25.803 INFO kablam! 1173 |         self.iter.find_map(|(i, node)| {
Nov 01 22:51:25.803 INFO kablam!      |                   ^^^^^^^^ multiple `find_map` found
Nov 01 22:51:25.803 INFO kablam!      |
Nov 01 22:51:25.804 INFO kablam! note: candidate #1 is defined in an impl of the trait `iter_utils::IterUtilsExt` for the type `_`
Nov 01 22:51:25.804 INFO kablam!     --> /cargo-home/registry/src/github.com-1ecc6299db9ec823/petgraph-0.4.10/src/iter_utils.rs:5:5
Nov 01 22:51:25.804 INFO kablam!      |
Nov 01 22:51:25.804 INFO kablam! 5    | /     fn find_map<F, R>(&mut self, mut f: F) -> Option<R>
Nov 01 22:51:25.804 INFO kablam! 6    | |         where F: FnMut(Self::Item) -> Option<R>
Nov 01 22:51:25.805 INFO kablam! 7    | |     {
Nov 01 22:51:25.805 INFO kablam! 8    | |         while let Some(elt) = self.next() {
Nov 01 22:51:25.805 INFO kablam! ...    |
Nov 01 22:51:25.805 INFO kablam! 13   | |         None
Nov 01 22:51:25.805 INFO kablam! 14   | |     }
Nov 01 22:51:25.805 INFO kablam!      | |_____^
Nov 01 22:51:25.805 INFO kablam!      = note: candidate #2 is defined in an impl of the trait `std::iter::Iterator` for the type `std::iter::Enumerate<_>`
Nov 01 22:51:25.805 INFO kablam! 
Nov 01 22:51:25.818 INFO kablam! error[E0034]: multiple applicable items in scope
Nov 01 22:51:25.818 INFO kablam!     --> /cargo-home/registry/src/github.com-1ecc6299db9ec823/petgraph-0.4.10/src/graph_impl/stable_graph/mod.rs:1365:19
Nov 01 22:51:25.818 INFO kablam!      |
Nov 01 22:51:25.818 INFO kablam! 1365 |         self.iter.find_map(|(i, edge)|
Nov 01 22:51:25.818 INFO kablam!      |                   ^^^^^^^^ multiple `find_map` found
Nov 01 22:51:25.818 INFO kablam!      |
Nov 01 22:51:25.818 INFO kablam! note: candidate #1 is defined in an impl of the trait `iter_utils::IterUtilsExt` for the type `_`
Nov 01 22:51:25.818 INFO kablam!     --> /cargo-home/registry/src/github.com-1ecc6299db9ec823/petgraph-0.4.10/src/iter_utils.rs:5:5
Nov 01 22:51:25.819 INFO kablam!      |
Nov 01 22:51:25.819 INFO kablam! 5    | /     fn find_map<F, R>(&mut self, mut f: F) -> Option<R>
Nov 01 22:51:25.819 INFO kablam! 6    | |         where F: FnMut(Self::Item) -> Option<R>
Nov 01 22:51:25.819 INFO kablam! 7    | |     {
Nov 01 22:51:25.819 INFO kablam! 8    | |         while let Some(elt) = self.next() {
Nov 01 22:51:25.819 INFO kablam! ...    |
Nov 01 22:51:25.819 INFO kablam! 13   | |         None
Nov 01 22:51:25.819 INFO kablam! 14   | |     }
Nov 01 22:51:25.819 INFO kablam!      | |_____^
Nov 01 22:51:25.819 INFO kablam!      = note: candidate #2 is defined in an impl of the trait `std::iter::Iterator` for the type `std::iter::Enumerate<_>`
Nov 01 22:51:25.819 INFO kablam! 
Nov 01 22:51:25.827 INFO kablam! error[E0034]: multiple applicable items in scope
Nov 01 22:51:25.827 INFO kablam!     --> /cargo-home/registry/src/github.com-1ecc6299db9ec823/petgraph-0.4.10/src/graph_impl/stable_graph/mod.rs:1529:19
Nov 01 22:51:25.827 INFO kablam!      |
Nov 01 22:51:25.827 INFO kablam! 1529 |         self.iter.find_map(|(i, node)| {
Nov 01 22:51:25.827 INFO kablam!      |                   ^^^^^^^^ multiple `find_map` found
Nov 01 22:51:25.827 INFO kablam!      |
Nov 01 22:51:25.827 INFO kablam! note: candidate #1 is defined in an impl of the trait `iter_utils::IterUtilsExt` for the type `_`
Nov 01 22:51:25.827 INFO kablam!     --> /cargo-home/registry/src/github.com-1ecc6299db9ec823/petgraph-0.4.10/src/iter_utils.rs:5:5
Nov 01 22:51:25.827 INFO kablam!      |
Nov 01 22:51:25.827 INFO kablam! 5    | /     fn find_map<F, R>(&mut self, mut f: F) -> Option<R>
Nov 01 22:51:25.827 INFO kablam! 6    | |         where F: FnMut(Self::Item) -> Option<R>
Nov 01 22:51:25.827 INFO kablam! 7    | |     {
Nov 01 22:51:25.827 INFO kablam! 8    | |         while let Some(elt) = self.next() {
Nov 01 22:51:25.827 INFO kablam! ...    |
Nov 01 22:51:25.827 INFO kablam! 13   | |         None
Nov 01 22:51:25.827 INFO kablam! 14   | |     }
Nov 01 22:51:25.827 INFO kablam!      | |_____^
Nov 01 22:51:25.827 INFO kablam!      = note: candidate #2 is defined in an impl of the trait `std::iter::Iterator` for the type `std::iter::Enumerate<_>`
Nov 01 22:51:25.827 INFO kablam! 
Nov 01 22:51:25.831 INFO kablam! error[E0034]: multiple applicable items in scope
Nov 01 22:51:25.831 INFO kablam!     --> /cargo-home/registry/src/github.com-1ecc6299db9ec823/petgraph-0.4.10/src/graph_impl/stable_graph/mod.rs:1575:19
Nov 01 22:51:25.831 INFO kablam!      |
Nov 01 22:51:25.831 INFO kablam! 1575 |         self.iter.find_map(|(i, node)| {
Nov 01 22:51:25.831 INFO kablam!      |                   ^^^^^^^^ multiple `find_map` found
Nov 01 22:51:25.831 INFO kablam!      |
Nov 01 22:51:25.831 INFO kablam! note: candidate #1 is defined in an impl of the trait `iter_utils::IterUtilsExt` for the type `_`
Nov 01 22:51:25.831 INFO kablam!     --> /cargo-home/registry/src/github.com-1ecc6299db9ec823/petgraph-0.4.10/src/iter_utils.rs:5:5
Nov 01 22:51:25.831 INFO kablam!      |
Nov 01 22:51:25.831 INFO kablam! 5    | /     fn find_map<F, R>(&mut self, mut f: F) -> Option<R>
Nov 01 22:51:25.831 INFO kablam! 6    | |         where F: FnMut(Self::Item) -> Option<R>
Nov 01 22:51:25.831 INFO kablam! 7    | |     {
Nov 01 22:51:25.831 INFO kablam! 8    | |         while let Some(elt) = self.next() {
Nov 01 22:51:25.831 INFO kablam! ...    |
Nov 01 22:51:25.831 INFO kablam! 13   | |         None
Nov 01 22:51:25.831 INFO kablam! 14   | |     }
Nov 01 22:51:25.831 INFO kablam!      | |_____^
Nov 01 22:51:25.831 INFO kablam!      = note: candidate #2 is defined in an impl of the trait `std::iter::Iterator` for the type `std::iter::Enumerate<_>`
Nov 01 22:51:25.831 INFO kablam! 
Nov 01 22:51:26.112 INFO kablam! error: aborting due to 4 previous errors
Nov 01 22:51:26.112 INFO kablam! 
Nov 01 22:51:26.112 INFO kablam! For more information about this error, try `rustc --explain E0034`.
Nov 01 22:51:26.125 INFO kablam! error: Could not compile `petgraph`.
Nov 01 22:51:26.126 INFO kablam! 
Nov 01 22:51:26.126 INFO kablam! To learn more, run the command again with --verbose.
Nov 01 22:51:26.128 INFO kablam! su: No module specific data is present
Nov 01 22:51:26.537 INFO running `"docker" "rm" "-f" "38b3cc229f675e613c43d2d1e542a9cb27f050ae7ba6798495f0c4a23d7dc1c2"`
Nov 01 22:51:26.685 INFO blam! 38b3cc229f675e613c43d2d1e542a9cb27f050ae7ba6798495f0c4a23d7dc1c2
