Nov 02 00:38:00.260 INFO testing voluntary-servitude-3.0.0 against 1.30.0 for beta-1.31-1
Nov 02 00:38:00.260 INFO running `"docker" "create" "-v" "/mnt/big/crater/work/local/target-dirs/beta-1.31-1/worker-4/1.30.0:/target:rw,Z" "-v" "/mnt/big/crater/work/local/test-source/worker-4/beta-1.31-1/1.30.0:/source:ro,Z" "-v" "/mnt/big/crater/work/local/cargo-home:/cargo-home:ro,Z" "-v" "/mnt/big/crater/work/local/rustup-home:/rustup-home:ro,Z" "-e" "USER_ID=1000" "-e" "SOURCE_DIR=/source" "-e" "USER_ID=1000" "-e" "CMD=cargo +1.30.0 build --frozen" "-e" "CARGO_TARGET_DIR=/target" "-e" "CARGO_INCREMENTAL=0" "-e" "RUST_BACKTRACE=full" "-e" "RUSTFLAGS=--cap-lints=warn" "-e" "CARGO_HOME=/cargo-home" "-e" "RUSTUP_HOME=/rustup-home" "-m" "1536M" "--network" "none" "crater"`
Nov 02 00:38:00.727 INFO blam! f2f536317bf1f0fd03a4b4b826ebb2afd1070f5d9d35ecf888c4ccbca1fc180b
Nov 02 00:38:00.730 INFO running `"docker" "start" "-a" "f2f536317bf1f0fd03a4b4b826ebb2afd1070f5d9d35ecf888c4ccbca1fc180b"`
Nov 02 00:38:01.631 INFO kablam! usermod: no changes
Nov 02 00:38:01.703 INFO kablam!    Compiling voluntary-servitude v3.0.0 (/source)
Nov 02 00:38:02.907 INFO kablam!     Finished dev [unoptimized + debuginfo] target(s) in 1.26s
Nov 02 00:38:02.909 INFO kablam! su: No module specific data is present
Nov 02 00:38:03.373 INFO running `"docker" "rm" "-f" "f2f536317bf1f0fd03a4b4b826ebb2afd1070f5d9d35ecf888c4ccbca1fc180b"`
Nov 02 00:38:03.659 INFO blam! f2f536317bf1f0fd03a4b4b826ebb2afd1070f5d9d35ecf888c4ccbca1fc180b
Nov 02 00:38:03.679 INFO running `"docker" "create" "-v" "/mnt/big/crater/work/local/target-dirs/beta-1.31-1/worker-4/1.30.0:/target:rw,Z" "-v" "/mnt/big/crater/work/local/test-source/worker-4/beta-1.31-1/1.30.0:/source:ro,Z" "-v" "/mnt/big/crater/work/local/cargo-home:/cargo-home:ro,Z" "-v" "/mnt/big/crater/work/local/rustup-home:/rustup-home:ro,Z" "-e" "USER_ID=1000" "-e" "SOURCE_DIR=/source" "-e" "USER_ID=1000" "-e" "CMD=cargo +1.30.0 test --frozen --no-run" "-e" "CARGO_TARGET_DIR=/target" "-e" "CARGO_INCREMENTAL=0" "-e" "RUST_BACKTRACE=full" "-e" "RUSTFLAGS=--cap-lints=warn" "-e" "CARGO_HOME=/cargo-home" "-e" "RUSTUP_HOME=/rustup-home" "-m" "1536M" "--network" "none" "crater"`
Nov 02 00:38:04.111 INFO blam! 22f35d20d6ad90359df65836e01d7092c2aaec0d039777cc911834c53356c278
Nov 02 00:38:04.115 INFO running `"docker" "start" "-a" "22f35d20d6ad90359df65836e01d7092c2aaec0d039777cc911834c53356c278"`
Nov 02 00:38:05.591 INFO kablam! usermod: no changes
Nov 02 00:38:05.699 INFO kablam!    Compiling voluntary-servitude v3.0.0 (/source)
Nov 02 00:38:11.026 INFO kablam!     Finished dev [unoptimized + debuginfo] target(s) in 5.40s
Nov 02 00:38:11.034 INFO kablam! su: No module specific data is present
Nov 02 00:38:11.761 INFO running `"docker" "rm" "-f" "22f35d20d6ad90359df65836e01d7092c2aaec0d039777cc911834c53356c278"`
Nov 02 00:38:12.171 INFO blam! 22f35d20d6ad90359df65836e01d7092c2aaec0d039777cc911834c53356c278
Nov 02 00:38:12.183 INFO running `"docker" "create" "-v" "/mnt/big/crater/work/local/target-dirs/beta-1.31-1/worker-4/1.30.0:/target:rw,Z" "-v" "/mnt/big/crater/work/local/test-source/worker-4/beta-1.31-1/1.30.0:/source:ro,Z" "-v" "/mnt/big/crater/work/local/cargo-home:/cargo-home:ro,Z" "-v" "/mnt/big/crater/work/local/rustup-home:/rustup-home:ro,Z" "-e" "USER_ID=1000" "-e" "SOURCE_DIR=/source" "-e" "USER_ID=1000" "-e" "CMD=cargo +1.30.0 test --frozen" "-e" "CARGO_TARGET_DIR=/target" "-e" "CARGO_INCREMENTAL=0" "-e" "RUST_BACKTRACE=full" "-e" "RUSTFLAGS=--cap-lints=warn" "-e" "CARGO_HOME=/cargo-home" "-e" "RUSTUP_HOME=/rustup-home" "-m" "1536M" "--network" "none" "crater"`
Nov 02 00:38:12.543 INFO blam! ff119775ae0f7839cbe8cf0e2b490b246fa7127e3a82b7a9dfccd674695f010c
Nov 02 00:38:12.546 INFO running `"docker" "start" "-a" "ff119775ae0f7839cbe8cf0e2b490b246fa7127e3a82b7a9dfccd674695f010c"`
Nov 02 00:38:14.439 INFO kablam! usermod: no changes
Nov 02 00:38:14.507 INFO kablam!     Finished dev [unoptimized + debuginfo] target(s) in 0.04s
Nov 02 00:38:14.507 INFO kablam!      Running /target/debug/deps/voluntary_servitude-b5bf097623d45228
Nov 02 00:38:14.530 INFO blam! 
Nov 02 00:38:14.530 INFO blam! running 12 tests
Nov 02 00:38:14.532 INFO blam! test iterator::tests::iter_after_use ... ok
Nov 02 00:38:14.532 INFO blam! test iterator::tests::iter_all ... ok
Nov 02 00:38:14.532 INFO blam! test iterator::tests::iter_drop_many ... ok
Nov 02 00:38:14.532 INFO blam! test iterator::tests::iter_grows ... ok
Nov 02 00:38:14.532 INFO blam! test voluntary_servitude::tests::test_send ... ok
Nov 02 00:38:14.532 INFO blam! test voluntary_servitude::tests::voluntary_servitude_len_append_clear ... ok
Nov 02 00:38:14.543 INFO blam! test voluntary_servitude::tests::partial_eq ... ok
Nov 02 00:38:14.543 INFO blam! test iterator::tests::iter_doesnt_clear ... ok
Nov 02 00:38:14.543 INFO blam! test iterator::tests::iter_many ... ok
Nov 02 00:38:14.543 INFO blam! test iterator::tests::iter_drop ... ok
Nov 02 00:38:14.543 INFO blam! test iterator::tests::iter_isnt_growable_when_consumed ... ok
Nov 02 00:38:14.543 INFO blam! test voluntary_servitude::tests::test_sync ... ok
Nov 02 00:38:14.543 INFO blam! 
Nov 02 00:38:14.543 INFO blam! test result: ok. 12 passed; 0 failed; 0 ignored; 0 measured; 0 filtered out
Nov 02 00:38:14.543 INFO blam! 
Nov 02 00:38:14.543 INFO blam! 
Nov 02 00:38:14.543 INFO blam! running 4 tests
Nov 02 00:38:14.543 INFO blam! test null_ptr ... ok
Nov 02 00:38:14.543 INFO blam! test new ... ok
Nov 02 00:38:14.543 INFO blam! test mutability ... ok
Nov 02 00:38:14.543 INFO blam! test iter ... ok
Nov 02 00:38:14.543 INFO blam! 
Nov 02 00:38:14.543 INFO blam! test result: ok. 4 passed; 0 failed; 0 ignored; 0 measured; 0 filtered out
Nov 02 00:38:14.543 INFO blam! 
Nov 02 00:38:14.543 INFO blam! 
Nov 02 00:38:14.543 INFO blam! running 11 tests
Nov 02 00:38:14.543 INFO blam! test elements_1b ... ignored
Nov 02 00:38:14.543 INFO blam! test elements_1m ... ignored
Nov 02 00:38:14.543 INFO blam! test elements_500m ... ignored
Nov 02 00:38:14.543 INFO blam! test elements_50m ... ignored
Nov 02 00:38:14.547 INFO kablam!      Running /target/debug/deps/ffi-3cbcf247f6d75685
Nov 02 00:38:14.547 INFO kablam!      Running /target/debug/deps/test-0491626f5e9a69a0
Nov 02 00:38:15.835 INFO blam! test clear ... ok
Nov 02 00:38:18.015 INFO blam! test single_thread ... ok
Nov 02 00:38:23.176 INFO blam! test elements_100k ... ok
Nov 02 00:38:24.987 INFO blam! test single_producer_single_consumer ... ok
Nov 02 00:38:45.633 INFO blam! test single_producer_multi_consumer ... ok
Nov 02 00:38:47.256 INFO blam! test multi_producers_single_consumer ... ok
Nov 02 00:38:47.263 INFO blam! test multi_producer_multi_consumer ... ok
Nov 02 00:38:47.263 INFO kablam!    Doc-tests voluntary_servitude
Nov 02 00:38:47.263 INFO blam! 
Nov 02 00:38:47.263 INFO blam! test result: ok. 7 passed; 0 failed; 4 ignored; 0 measured; 0 filtered out
Nov 02 00:38:47.263 INFO blam! 
Nov 02 00:38:48.215 INFO blam! 
Nov 02 00:38:48.215 INFO blam! running 24 tests
Nov 02 00:38:52.099 INFO blam! test src/ffi.rs - ffi::vs_iter_destroy (line 791) ... ok
Nov 02 00:38:52.718 INFO blam! test src/ffi.rs - ffi::vs_destroy (line 487) ... ok
Nov 02 00:38:52.737 INFO blam! test src/ffi.rs - ffi::vs_clear (line 431) ... ok
Nov 02 00:38:52.860 INFO blam! test src/ffi.rs - ffi::vs_append (line 365) ... ok
Nov 02 00:38:53.131 INFO blam! test src/ffi.rs - ffi::vs_iter_next (line 545) ... ok
Nov 02 00:38:53.167 INFO blam! test src/ffi.rs - ffi::vs_iter_len (line 622) ... ok
Nov 02 00:38:53.167 INFO blam! test src/ffi.rs - ffi::vs_iter (line 248) ... ok
Nov 02 00:38:53.456 INFO blam! test src/ffi.rs - ffi::vs_iter_index (line 713) ... ok
Nov 02 00:38:55.099 INFO blam! test src/iterator.rs - iterator::VSIter<'a, T>::index (line 126) ... ok
Nov 02 00:38:56.700 INFO blam! test src/ffi.rs - ffi::vs_new (line 207) ... ok
Nov 02 00:38:57.279 INFO blam! test src/iterator.rs - iterator::VSIter<'a, T>::len (line 148) ... ok
Nov 02 00:38:58.143 INFO blam! test src/ffi.rs - ffi::vs_len (line 309) ... ok
Nov 02 00:38:58.506 INFO blam! test src/lib.rs -  (line 59) ... ok
Nov 02 00:38:59.775 INFO blam! test src/lib.rs - setup_logger (line 235) ... FAILED
Nov 02 00:39:01.111 INFO blam! test src/macros.rs - voluntary_servitude (line 31) ... ok
Nov 02 00:39:01.111 INFO blam! test src/lib.rs -  (line 21) ... ok
Nov 02 00:39:01.659 INFO blam! test src/iterator.rs - iterator::VSIter<'a, T>::is_empty (line 177) ... ok
Nov 02 00:39:04.226 INFO blam! test src/macros.rs - vs (line 7) ... ok
Nov 02 00:39:04.479 INFO blam! test src/voluntary_servitude.rs - voluntary_servitude::VoluntaryServitude<T>::append (line 320) ... ok
Nov 02 00:39:04.582 INFO blam! test src/voluntary_servitude.rs - voluntary_servitude::VoluntaryServitude (line 127) ... ok
Nov 02 00:39:04.807 INFO blam! test src/voluntary_servitude.rs - voluntary_servitude::VoluntaryServitude<T>::clear (line 301) ... ok
Nov 02 00:39:05.335 INFO blam! test src/voluntary_servitude.rs - voluntary_servitude::VoluntaryServitude<T>::is_empty (line 272) ... ok
Nov 02 00:39:05.554 INFO blam! test src/voluntary_servitude.rs - voluntary_servitude::VoluntaryServitude<T>::len (line 253) ... ok
Nov 02 00:39:05.771 INFO blam! test src/voluntary_servitude.rs - voluntary_servitude::VoluntaryServitude<T>::iter (line 287) ... ok
Nov 02 00:39:05.772 INFO blam! 
Nov 02 00:39:05.772 INFO blam! failures:
Nov 02 00:39:05.772 INFO blam! 
Nov 02 00:39:05.772 INFO blam! ---- src/lib.rs - setup_logger (line 235) stdout ----
Nov 02 00:39:05.773 INFO blam! error[E0061]: this function takes 1 parameter but 0 parameters were supplied
Nov 02 00:39:05.773 INFO blam!  --> src/lib.rs:237:1
Nov 02 00:39:05.773 INFO blam!   |
Nov 02 00:39:05.774 INFO blam! 5 | voluntary_servitude::setup_logger();
Nov 02 00:39:05.774 INFO blam!   | ^^^^^^^^^^^^^^^^^^^^^^^^^^^^^^^^^^^ expected 1 parameter
Nov 02 00:39:05.774 INFO blam! 
Nov 02 00:39:05.774 INFO blam! thread 'src/lib.rs - setup_logger (line 235)' panicked at 'couldn't compile the test', librustdoc/test.rs:332:13
Nov 02 00:39:05.775 INFO blam! stack backtrace:
Nov 02 00:39:05.775 INFO blam!    0:     0x7f1539fd675e - std::sys::unix::backtrace::tracing::imp::unwind_backtrace::hf5316c67202e23c8
Nov 02 00:39:05.775 INFO blam!                                at libstd/sys/unix/backtrace/tracing/gcc_s.rs:49
Nov 02 00:39:05.776 INFO blam!    1:     0x7f1539faf946 - std::sys_common::backtrace::print::h3068ed2a6dc7ac86
Nov 02 00:39:05.776 INFO blam!                                at libstd/sys_common/backtrace.rs:71
Nov 02 00:39:05.776 INFO blam!                                at libstd/sys_common/backtrace.rs:59
Nov 02 00:39:05.776 INFO blam!    2:     0x7f1539fad54d - std::panicking::default_hook::{{closure}}::h1b9d29cc09d41897
Nov 02 00:39:05.777 INFO blam!                                at libstd/panicking.rs:211
Nov 02 00:39:05.777 INFO blam!    3:     0x7f1539fad25b - std::panicking::default_hook::h3a27b204a313406b
Nov 02 00:39:05.777 INFO blam!                                at libstd/panicking.rs:221
Nov 02 00:39:05.778 INFO blam!    4:     0x7f153c1169f1 - rustc::util::common::panic_hook::hf9d72254884e6e21
Nov 02 00:39:05.778 INFO blam!    5:     0x7f1539fadc53 - std::panicking::rust_panic_with_hook::h0e12cb2fc86d00fa
Nov 02 00:39:05.778 INFO blam!                                at libstd/panicking.rs:481
Nov 02 00:39:05.778 INFO blam!    6:     0x558de0134f56 - std::panicking::begin_panic::h21f1ead623a7b507
Nov 02 00:39:05.779 INFO blam!                                at libstd/panicking.rs:411
Nov 02 00:39:05.779 INFO blam!    7:     0x558de03022c7 - rustdoc::test::Collector::add_test::{{closure}}::{{closure}}::{{closure}}::hed130f7399558a0a
Nov 02 00:39:05.779 INFO blam!                                at librustdoc/test.rs:332
Nov 02 00:39:05.780 INFO blam!                                at librustdoc/test.rs:564
Nov 02 00:39:05.780 INFO blam!    8:     0x558de02bbb40 - <scoped_tls::ScopedKey<T>>::set::h8f0919d2f77ba016
Nov 02 00:39:05.780 INFO blam!                                at /cargo/registry/src/github.com-1ecc6299db9ec823/scoped-tls-0.1.2/src/lib.rs:155
Nov 02 00:39:05.780 INFO blam!                                at libsyntax/lib.rs:108
Nov 02 00:39:05.781 INFO blam!                                at /cargo/registry/src/github.com-1ecc6299db9ec823/scoped-tls-0.1.2/src/lib.rs:155
Nov 02 00:39:05.781 INFO blam!    9:     0x558de00e4c8d - syntax::with_globals::hd11e81a0116456bb
Nov 02 00:39:05.781 INFO blam!                                at libsyntax/lib.rs:107
Nov 02 00:39:05.782 INFO blam!   10:     0x558de01351a4 - std::panicking::try::do_call::hece5c13d7a24e473
Nov 02 00:39:05.782 INFO blam!                                at librustdoc/test.rs:561
Nov 02 00:39:05.782 INFO blam!                                at libstd/panic.rs:313
Nov 02 00:39:05.782 INFO blam!                                at libstd/panicking.rs:310
Nov 02 00:39:05.783 INFO blam!   11:     0x7f1539fed469 - __rust_maybe_catch_panic
Nov 02 00:39:05.783 INFO blam!                                at libpanic_unwind/lib.rs:103
Nov 02 00:39:05.783 INFO blam!   12:     0x558de01acd43 - rustc_driver::in_named_rustc_thread::h2eb14efcd2031db9
Nov 02 00:39:05.784 INFO blam!                                at libstd/panicking.rs:289
Nov 02 00:39:05.784 INFO blam!                                at libstd/panic.rs:392
Nov 02 00:39:05.784 INFO blam!                                at librustc_driver/lib.rs:1574
Nov 02 00:39:05.784 INFO blam!   13:     0x558de02dae4c - <F as alloc::boxed::FnBox<A>>::call_box::h1a3519e0a4ef9ca4
Nov 02 00:39:05.785 INFO blam!                                at librustdoc/test.rs:561
Nov 02 00:39:05.785 INFO blam!                                at liballoc/boxed.rs:646
Nov 02 00:39:05.785 INFO blam!   14:     0x7f153b631dc2 - <F as alloc::boxed::FnBox<A>>::call_box::h79a77abfa30ef4cc
Nov 02 00:39:05.786 INFO blam!                                at libtest/lib.rs:1454
Nov 02 00:39:05.786 INFO blam!                                at liballoc/boxed.rs:646
Nov 02 00:39:05.786 INFO blam!   15:     0x7f1539fed469 - __rust_maybe_catch_panic
Nov 02 00:39:05.786 INFO blam!                                at libpanic_unwind/lib.rs:103
Nov 02 00:39:05.787 INFO blam!   16:     0x7f153b63f1fd - std::sys_common::backtrace::__rust_begin_short_backtrace::h470b05235fe5e5ad
Nov 02 00:39:05.791 INFO kablam! error: test failed, to rerun pass '--doc'
Nov 02 00:39:05.791 INFO blam!                                at libstd/panicking.rs:289
Nov 02 00:39:05.791 INFO kablam! su: No module specific data is present
Nov 02 00:39:05.791 INFO blam!                                at libstd/panic.rs:392
Nov 02 00:39:05.791 INFO blam!                                at libtest/lib.rs:1416
Nov 02 00:39:05.791 INFO blam!                                at libstd/sys_common/backtrace.rs:136
Nov 02 00:39:05.792 INFO blam!   17:     0x7f153b65d004 - std::panicking::try::do_call::h1f0578498122cc00
Nov 02 00:39:05.792 INFO blam!                                at libstd/thread/mod.rs:409
Nov 02 00:39:05.792 INFO blam!                                at libstd/panic.rs:313
Nov 02 00:39:05.792 INFO blam!                                at libstd/panicking.rs:310
Nov 02 00:39:05.792 INFO blam!   18:     0x7f1539fed469 - __rust_maybe_catch_panic
Nov 02 00:39:05.792 INFO blam!                                at libpanic_unwind/lib.rs:103
Nov 02 00:39:05.792 INFO blam!   19:     0x7f153b649be6 - <F as alloc::boxed::FnBox<A>>::call_box::h7b129f9f235ab460
Nov 02 00:39:05.792 INFO blam!                                at libstd/panicking.rs:289
Nov 02 00:39:05.792 INFO blam!                                at libstd/panic.rs:392
Nov 02 00:39:05.792 INFO blam!                                at libstd/thread/mod.rs:408
Nov 02 00:39:05.792 INFO blam!                                at liballoc/boxed.rs:646
Nov 02 00:39:05.792 INFO blam!   20:     0x7f1539fdac5a - std::sys_common::thread::start_thread::hb77935aee02382da
Nov 02 00:39:05.792 INFO blam!                                at liballoc/boxed.rs:656
Nov 02 00:39:05.792 INFO blam!                                at libstd/sys_common/thread.rs:24
Nov 02 00:39:05.792 INFO blam!   21:     0x7f1539fae8d5 - std::sys::unix::thread::Thread::new::thread_start::hd61f7429b3de1d75
Nov 02 00:39:05.792 INFO blam!                                at libstd/sys/unix/thread.rs:90
Nov 02 00:39:05.792 INFO blam!   22:     0x7f1539d436b9 - start_thread
Nov 02 00:39:05.792 INFO blam!   23:     0x7f153986341c - clone
Nov 02 00:39:05.792 INFO blam!   24:                0x0 - <unknown>
Nov 02 00:39:05.792 INFO blam! query stack during panic:
Nov 02 00:39:05.792 INFO blam! end of query stack
Nov 02 00:39:05.792 INFO blam! 
Nov 02 00:39:05.792 INFO blam! 
Nov 02 00:39:05.792 INFO blam! failures:
Nov 02 00:39:05.792 INFO blam!     src/lib.rs - setup_logger (line 235)
Nov 02 00:39:05.792 INFO blam! 
Nov 02 00:39:05.792 INFO blam! test result: FAILED. 23 passed; 1 failed; 0 ignored; 0 measured; 0 filtered out
Nov 02 00:39:05.792 INFO blam! 
Nov 02 00:39:06.311 INFO running `"docker" "rm" "-f" "ff119775ae0f7839cbe8cf0e2b490b246fa7127e3a82b7a9dfccd674695f010c"`
Nov 02 00:39:06.586 INFO blam! ff119775ae0f7839cbe8cf0e2b490b246fa7127e3a82b7a9dfccd674695f010c
