Nov 02 01:58:04.848 INFO testing tptp-0.3.4 against beta-2018-10-30 for beta-1.31-1
Nov 02 01:58:04.849 INFO running `"docker" "create" "-v" "/mnt/big/crater/work/local/target-dirs/beta-1.31-1/worker-7/beta-2018-10-30:/target:rw,Z" "-v" "/mnt/big/crater/work/local/test-source/worker-7/beta-1.31-1/beta-2018-10-30:/source:ro,Z" "-v" "/mnt/big/crater/work/local/cargo-home:/cargo-home:ro,Z" "-v" "/mnt/big/crater/work/local/rustup-home:/rustup-home:ro,Z" "-e" "USER_ID=1000" "-e" "SOURCE_DIR=/source" "-e" "USER_ID=1000" "-e" "CMD=cargo +beta-2018-10-30 build --frozen" "-e" "CARGO_TARGET_DIR=/target" "-e" "CARGO_INCREMENTAL=0" "-e" "RUST_BACKTRACE=full" "-e" "RUSTFLAGS=--cap-lints=warn" "-e" "CARGO_HOME=/cargo-home" "-e" "RUSTUP_HOME=/rustup-home" "-m" "1536M" "--network" "none" "crater"`
Nov 02 01:58:05.340 INFO blam! 1255363536fcb0380e91b7121b776544f67934220bdde883b39f7206c6a04260
Nov 02 01:58:05.342 INFO running `"docker" "start" "-a" "1255363536fcb0380e91b7121b776544f67934220bdde883b39f7206c6a04260"`
Nov 02 01:58:06.787 INFO kablam! usermod: no changes
Nov 02 01:58:06.863 INFO kablam!    Compiling tptp v0.3.4 (/source)
Nov 02 01:58:11.054 INFO kablam!     Finished dev [unoptimized + debuginfo] target(s) in 4.25s
Nov 02 01:58:11.079 INFO kablam! su: No module specific data is present
Nov 02 01:58:12.169 INFO running `"docker" "rm" "-f" "1255363536fcb0380e91b7121b776544f67934220bdde883b39f7206c6a04260"`
Nov 02 01:58:12.511 INFO blam! 1255363536fcb0380e91b7121b776544f67934220bdde883b39f7206c6a04260
Nov 02 01:58:12.514 INFO running `"docker" "create" "-v" "/mnt/big/crater/work/local/target-dirs/beta-1.31-1/worker-7/beta-2018-10-30:/target:rw,Z" "-v" "/mnt/big/crater/work/local/test-source/worker-7/beta-1.31-1/beta-2018-10-30:/source:ro,Z" "-v" "/mnt/big/crater/work/local/cargo-home:/cargo-home:ro,Z" "-v" "/mnt/big/crater/work/local/rustup-home:/rustup-home:ro,Z" "-e" "USER_ID=1000" "-e" "SOURCE_DIR=/source" "-e" "USER_ID=1000" "-e" "CMD=cargo +beta-2018-10-30 test --frozen --no-run" "-e" "CARGO_TARGET_DIR=/target" "-e" "CARGO_INCREMENTAL=0" "-e" "RUST_BACKTRACE=full" "-e" "RUSTFLAGS=--cap-lints=warn" "-e" "CARGO_HOME=/cargo-home" "-e" "RUSTUP_HOME=/rustup-home" "-m" "1536M" "--network" "none" "crater"`
Nov 02 01:58:12.949 INFO blam! 51b28c7c464cdf9dca45fee78deca23c518390c5e5a646dffc17c0d1d1a0a049
Nov 02 01:58:12.952 INFO running `"docker" "start" "-a" "51b28c7c464cdf9dca45fee78deca23c518390c5e5a646dffc17c0d1d1a0a049"`
Nov 02 01:58:14.049 INFO kablam! usermod: no changes
Nov 02 01:58:14.127 INFO kablam!    Compiling tptp v0.3.4 (/source)
Nov 02 01:58:16.247 INFO kablam!     Finished dev [unoptimized + debuginfo] target(s) in 2.16s
Nov 02 01:58:16.261 INFO kablam! su: No module specific data is present
Nov 02 01:58:17.658 INFO running `"docker" "rm" "-f" "51b28c7c464cdf9dca45fee78deca23c518390c5e5a646dffc17c0d1d1a0a049"`
Nov 02 01:58:18.087 INFO blam! 51b28c7c464cdf9dca45fee78deca23c518390c5e5a646dffc17c0d1d1a0a049
Nov 02 01:58:18.097 INFO running `"docker" "create" "-v" "/mnt/big/crater/work/local/target-dirs/beta-1.31-1/worker-7/beta-2018-10-30:/target:rw,Z" "-v" "/mnt/big/crater/work/local/test-source/worker-7/beta-1.31-1/beta-2018-10-30:/source:ro,Z" "-v" "/mnt/big/crater/work/local/cargo-home:/cargo-home:ro,Z" "-v" "/mnt/big/crater/work/local/rustup-home:/rustup-home:ro,Z" "-e" "USER_ID=1000" "-e" "SOURCE_DIR=/source" "-e" "USER_ID=1000" "-e" "CMD=cargo +beta-2018-10-30 test --frozen" "-e" "CARGO_TARGET_DIR=/target" "-e" "CARGO_INCREMENTAL=0" "-e" "RUST_BACKTRACE=full" "-e" "RUSTFLAGS=--cap-lints=warn" "-e" "CARGO_HOME=/cargo-home" "-e" "RUSTUP_HOME=/rustup-home" "-m" "1536M" "--network" "none" "crater"`
Nov 02 01:58:18.515 INFO blam! 876876c72f572d52f40cb067d4cc8c435d7051d23eca7154327d7df7ffbd9de2
Nov 02 01:58:18.521 INFO running `"docker" "start" "-a" "876876c72f572d52f40cb067d4cc8c435d7051d23eca7154327d7df7ffbd9de2"`
Nov 02 01:58:19.692 INFO kablam! usermod: no changes
Nov 02 01:58:19.747 INFO kablam!     Finished dev [unoptimized + debuginfo] target(s) in 0.01s
Nov 02 01:58:19.747 INFO blam! 
Nov 02 01:58:19.747 INFO kablam!      Running /target/debug/deps/tptp-816c5aa8023a2247
Nov 02 01:58:19.747 INFO blam! running 0 tests
Nov 02 01:58:19.748 INFO blam! 
Nov 02 01:58:19.748 INFO blam! test result: ok. 0 passed; 0 failed; 0 ignored; 0 measured; 0 filtered out
Nov 02 01:58:19.748 INFO blam! 
Nov 02 01:58:19.751 INFO kablam!      Running /target/debug/deps/tptp_print-5c74e4bd6f31e34c
Nov 02 01:58:19.759 INFO kablam!    Doc-tests tptp
Nov 02 01:58:19.759 INFO blam! 
Nov 02 01:58:19.759 INFO blam! running 0 tests
Nov 02 01:58:19.759 INFO blam! 
Nov 02 01:58:19.759 INFO blam! test result: ok. 0 passed; 0 failed; 0 ignored; 0 measured; 0 filtered out
Nov 02 01:58:19.759 INFO blam! 
Nov 02 01:58:20.639 INFO blam! 
Nov 02 01:58:20.639 INFO blam! running 1 test
Nov 02 01:58:21.811 INFO blam! test src/lib.rs -  (line 4) ... FAILED
Nov 02 01:58:21.811 INFO blam! 
Nov 02 01:58:21.811 INFO blam! failures:
Nov 02 01:58:21.811 INFO blam! 
Nov 02 01:58:21.811 INFO blam! ---- src/lib.rs -  (line 4) stdout ----
Nov 02 01:58:21.811 INFO blam! error[E0277]: `(std::sync::Arc<std::string::String>, tptp::position::Position, tptp::ast::Statement)` doesn't implement `std::fmt::Display`
Nov 02 01:58:21.811 INFO blam!   --> src/lib.rs:22:24
Nov 02 01:58:21.811 INFO blam!    |
Nov 02 01:58:21.811 INFO blam! 20 |         println!("{}", statement);
Nov 02 01:58:21.811 INFO blam!    |                        ^^^^^^^^^ `(std::sync::Arc<std::string::String>, tptp::position::Position, tptp::ast::Statement)` cannot be formatted with the default formatter
Nov 02 01:58:21.811 INFO blam!    |
Nov 02 01:58:21.811 INFO blam!    = help: the trait `std::fmt::Display` is not implemented for `(std::sync::Arc<std::string::String>, tptp::position::Position, tptp::ast::Statement)`
Nov 02 01:58:21.811 INFO blam!    = note: in format strings you may be able to use `{:?}` (or {:#?} for pretty-print) instead
Nov 02 01:58:21.811 INFO blam!    = note: required by `std::fmt::Display::fmt`
Nov 02 01:58:21.811 INFO blam! 
Nov 02 01:58:21.811 INFO blam! thread 'src/lib.rs -  (line 4)' panicked at 'couldn't compile the test', librustdoc/test.rs:332:13
Nov 02 01:58:21.811 INFO blam! stack backtrace:
Nov 02 01:58:21.811 INFO blam!    0:     0x7f5ad2a3c6ff - std::sys::unix::backtrace::tracing::imp::unwind_backtrace::h3c55afa80a996a32
Nov 02 01:58:21.811 INFO blam!                                at libstd/sys/unix/backtrace/tracing/gcc_s.rs:49
Nov 02 01:58:21.811 INFO blam!    1:     0x7f5ad2a21697 - std::sys_common::backtrace::print::hcef907ea7a07cd40
Nov 02 01:58:21.811 INFO blam!                                at libstd/sys_common/backtrace.rs:71
Nov 02 01:58:21.811 INFO blam!                                at libstd/sys_common/backtrace.rs:59
Nov 02 01:58:21.811 INFO blam!    2:     0x7f5ad2a47acf - std::panicking::default_hook::{{closure}}::hf541876c65f36ea7
Nov 02 01:58:21.811 INFO blam!                                at libstd/panicking.rs:211
Nov 02 01:58:21.811 INFO blam!    3:     0x7f5ad2a477ce - std::panicking::default_hook::h4ecc06b30ae4459d
Nov 02 01:58:21.812 INFO blam!                                at libstd/panicking.rs:221
Nov 02 01:58:21.812 INFO blam!    4:     0x7f5ad4ce36d1 - rustc::util::common::panic_hook::hf4e6f5c3b281764b
Nov 02 01:58:21.812 INFO blam!    5:     0x7f5ad2a482c6 - std::panicking::rust_panic_with_hook::h0cc6d9cc9f34a947
Nov 02 01:58:21.812 INFO blam!                                at libstd/panicking.rs:480
Nov 02 01:58:21.812 INFO blam!    6:     0x559a6cfdb387 - std::panicking::begin_panic::he08470afd022350c
Nov 02 01:58:21.812 INFO blam!                                at libstd/panicking.rs:410
Nov 02 01:58:21.812 INFO blam!    7:     0x559a6d16d707 - <rustdoc::test::Collector as rustdoc::test::Tester>::add_test::{{closure}}::{{closure}}::{{closure}}::h1097dd2aed0bc349
Nov 02 01:58:21.812 INFO blam!                                at librustdoc/test.rs:332
Nov 02 01:58:21.812 INFO blam!                                at librustdoc/test.rs:596
Nov 02 01:58:21.812 INFO blam!    8:     0x559a6d122c78 - <scoped_tls::ScopedKey<T>>::set::h9bba31b35056dc07
Nov 02 01:58:21.812 INFO blam!                                at /cargo/registry/src/github.com-1ecc6299db9ec823/scoped-tls-0.1.2/src/lib.rs:155
Nov 02 01:58:21.812 INFO blam!                                at libsyntax/lib.rs:106
Nov 02 01:58:21.812 INFO blam!                                at /cargo/registry/src/github.com-1ecc6299db9ec823/scoped-tls-0.1.2/src/lib.rs:155
Nov 02 01:58:21.812 INFO blam!    9:     0x559a6cf28481 - syntax::with_globals::h4fd10729776cd915
Nov 02 01:58:21.812 INFO blam!                                at libsyntax/lib.rs:105
Nov 02 01:58:21.812 INFO blam!   10:     0x559a6cfdb5cb - std::panicking::try::do_call::he572b5001749b5c7
Nov 02 01:58:21.812 INFO blam!                                at librustdoc/test.rs:593
Nov 02 01:58:21.812 INFO blam!                                at libstd/panic.rs:313
Nov 02 01:58:21.812 INFO blam!                                at libstd/panicking.rs:310
Nov 02 01:58:21.812 INFO blam!   11:     0x7f5ad2a55de9 - __rust_maybe_catch_panic
Nov 02 01:58:21.812 INFO blam!                                at libpanic_unwind/lib.rs:102
Nov 02 01:58:21.812 INFO blam!   12:     0x559a6cffd079 - rustc_driver::in_named_rustc_thread::hc8aa36ae7168454b
Nov 02 01:58:21.812 INFO blam!                                at libstd/panicking.rs:289
Nov 02 01:58:21.812 INFO blam!                                at libstd/panic.rs:392
Nov 02 01:58:21.812 INFO blam!                                at librustc_driver/lib.rs:1546
Nov 02 01:58:21.812 INFO blam!   13:     0x559a6d13b960 - <F as alloc::boxed::FnBox<A>>::call_box::hf53e55f306710650
Nov 02 01:58:21.812 INFO blam!                                at librustdoc/test.rs:593
Nov 02 01:58:21.812 INFO blam!                                at liballoc/boxed.rs:672
Nov 02 01:58:21.812 INFO blam!   14:     0x7f5ad40b4142 - <F as alloc::boxed::FnBox<A>>::call_box::hecf56d722ce7bb71
Nov 02 01:58:21.812 INFO blam!                                at libtest/lib.rs:1461
Nov 02 01:58:21.812 INFO blam!                                at liballoc/boxed.rs:672
Nov 02 01:58:21.812 INFO blam!   15:     0x7f5ad2a55de9 - __rust_maybe_catch_panic
Nov 02 01:58:21.812 INFO blam!                                at libpanic_unwind/lib.rs:102
Nov 02 01:58:21.812 INFO blam!   16:     0x7f5ad40dc412 - std::sys_common::backtrace::__rust_begin_short_backtrace::h1bb71a7386fd3269
Nov 02 01:58:21.812 INFO blam!                                at libstd/panicking.rs:289
Nov 02 01:58:21.812 INFO blam!                                at libstd/panic.rs:392
Nov 02 01:58:21.812 INFO blam!                                at libtest/lib.rs:1423
Nov 02 01:58:21.812 INFO blam!                                at libstd/sys_common/backtrace.rs:136
Nov 02 01:58:21.812 INFO blam!   17:     0x7f5ad40dd1b4 - std::panicking::try::do_call::h9b94719c3074bb5c
Nov 02 01:58:21.812 INFO blam!                                at libstd/thread/mod.rs:409
Nov 02 01:58:21.812 INFO blam!                                at libstd/panic.rs:313
Nov 02 01:58:21.812 INFO blam!                                at libstd/panicking.rs:310
Nov 02 01:58:21.812 INFO blam!   18:     0x7f5ad2a55de9 - __rust_maybe_catch_panic
Nov 02 01:58:21.812 INFO blam!                                at libpanic_unwind/lib.rs:102
Nov 02 01:58:21.812 INFO blam!   19:     0x7f5ad40c590c - <F as alloc::boxed::FnBox<A>>::call_box::hb3bcd66d16fd3e84
Nov 02 01:58:21.812 INFO blam!                                at libstd/panicking.rs:289
Nov 02 01:58:21.812 INFO blam!                                at libstd/panic.rs:392
Nov 02 01:58:21.812 INFO blam!                                at libstd/thread/mod.rs:408
Nov 02 01:58:21.812 INFO blam!                                at liballoc/boxed.rs:672
Nov 02 01:58:21.812 INFO blam!   20:     0x7f5ad2a42a8d - std::sys_common::thread::start_thread::had0c80d121669d29
Nov 02 01:58:21.812 INFO blam!                                at liballoc/boxed.rs:682
Nov 02 01:58:21.812 INFO blam!                                at libstd/sys_common/thread.rs:24
Nov 02 01:58:21.812 INFO blam!   21:     0x7f5ad2a18435 - std::sys::unix::thread::Thread::new::thread_start::h4a5b66a70d76f47f
Nov 02 01:58:21.812 INFO blam!                                at libstd/sys/unix/thread.rs:90
Nov 02 01:58:21.812 INFO blam!   22:     0x7f5ad25a46b9 - start_thread
Nov 02 01:58:21.812 INFO blam!   23:     0x7f5ad20c441c - clone
Nov 02 01:58:21.812 INFO blam!   24:                0x0 - <unknown>
Nov 02 01:58:21.812 INFO blam! query stack during panic:
Nov 02 01:58:21.812 INFO blam! end of query stack
Nov 02 01:58:21.812 INFO blam! 
Nov 02 01:58:21.812 INFO blam! 
Nov 02 01:58:21.812 INFO blam! failures:
Nov 02 01:58:21.812 INFO blam!     src/lib.rs -  (line 4)
Nov 02 01:58:21.812 INFO blam! 
Nov 02 01:58:21.812 INFO blam! test result: FAILED. 0 passed; 1 failed; 0 ignored; 0 measured; 0 filtered out
Nov 02 01:58:21.812 INFO blam! 
Nov 02 01:58:21.814 INFO kablam! error: test failed, to rerun pass '--doc'
Nov 02 01:58:21.819 INFO kablam! su: No module specific data is present
Nov 02 01:58:22.529 INFO running `"docker" "rm" "-f" "876876c72f572d52f40cb067d4cc8c435d7051d23eca7154327d7df7ffbd9de2"`
Nov 02 01:58:22.885 INFO blam! 876876c72f572d52f40cb067d4cc8c435d7051d23eca7154327d7df7ffbd9de2
