Nov 02 04:22:53.146 INFO testing socket2-0.3.8 against beta-2018-10-30 for beta-1.31-1
Nov 02 04:22:53.147 INFO running `"docker" "create" "-v" "/mnt/big/crater/work/local/target-dirs/beta-1.31-1/worker-1/beta-2018-10-30:/target:rw,Z" "-v" "/mnt/big/crater/work/local/test-source/worker-1/beta-1.31-1/beta-2018-10-30:/source:ro,Z" "-v" "/mnt/big/crater/work/local/cargo-home:/cargo-home:ro,Z" "-v" "/mnt/big/crater/work/local/rustup-home:/rustup-home:ro,Z" "-e" "USER_ID=1000" "-e" "SOURCE_DIR=/source" "-e" "USER_ID=1000" "-e" "CMD=cargo +beta-2018-10-30 build --frozen" "-e" "CARGO_TARGET_DIR=/target" "-e" "CARGO_INCREMENTAL=0" "-e" "RUST_BACKTRACE=full" "-e" "RUSTFLAGS=--cap-lints=warn" "-e" "CARGO_HOME=/cargo-home" "-e" "RUSTUP_HOME=/rustup-home" "-m" "1536M" "--network" "none" "crater"`
Nov 02 04:22:53.401 INFO blam! b5a15412db525a74ec8fa2123fba519c983acdbdff9dc3d44e52bc7eb3694f3e
Nov 02 04:22:53.403 INFO running `"docker" "start" "-a" "b5a15412db525a74ec8fa2123fba519c983acdbdff9dc3d44e52bc7eb3694f3e"`
Nov 02 04:22:53.816 INFO kablam! usermod: no changes
Nov 02 04:22:53.846 INFO kablam!    Compiling socket2 v0.3.8 (/source)
Nov 02 04:22:54.749 INFO kablam!     Finished dev [unoptimized + debuginfo] target(s) in 0.91s
Nov 02 04:22:54.749 INFO kablam! su: No module specific data is present
Nov 02 04:22:55.113 INFO running `"docker" "rm" "-f" "b5a15412db525a74ec8fa2123fba519c983acdbdff9dc3d44e52bc7eb3694f3e"`
Nov 02 04:22:55.311 INFO blam! b5a15412db525a74ec8fa2123fba519c983acdbdff9dc3d44e52bc7eb3694f3e
Nov 02 04:22:55.313 INFO running `"docker" "create" "-v" "/mnt/big/crater/work/local/target-dirs/beta-1.31-1/worker-1/beta-2018-10-30:/target:rw,Z" "-v" "/mnt/big/crater/work/local/test-source/worker-1/beta-1.31-1/beta-2018-10-30:/source:ro,Z" "-v" "/mnt/big/crater/work/local/cargo-home:/cargo-home:ro,Z" "-v" "/mnt/big/crater/work/local/rustup-home:/rustup-home:ro,Z" "-e" "USER_ID=1000" "-e" "SOURCE_DIR=/source" "-e" "USER_ID=1000" "-e" "CMD=cargo +beta-2018-10-30 test --frozen --no-run" "-e" "CARGO_TARGET_DIR=/target" "-e" "CARGO_INCREMENTAL=0" "-e" "RUST_BACKTRACE=full" "-e" "RUSTFLAGS=--cap-lints=warn" "-e" "CARGO_HOME=/cargo-home" "-e" "RUSTUP_HOME=/rustup-home" "-m" "1536M" "--network" "none" "crater"`
Nov 02 04:22:55.618 INFO blam! 1fb14b255b0496ff118f477f1c803f0c5fe43c6c87795513209a58973f38eaed
Nov 02 04:22:55.620 INFO running `"docker" "start" "-a" "1fb14b255b0496ff118f477f1c803f0c5fe43c6c87795513209a58973f38eaed"`
Nov 02 04:22:56.507 INFO kablam! usermod: no changes
Nov 02 04:22:56.563 INFO kablam!    Compiling socket2 v0.3.8 (/source)
Nov 02 04:22:58.192 INFO kablam!     Finished dev [unoptimized + debuginfo] target(s) in 1.66s
Nov 02 04:22:58.196 INFO kablam! su: No module specific data is present
Nov 02 04:22:58.751 INFO running `"docker" "rm" "-f" "1fb14b255b0496ff118f477f1c803f0c5fe43c6c87795513209a58973f38eaed"`
Nov 02 04:22:58.954 INFO blam! 1fb14b255b0496ff118f477f1c803f0c5fe43c6c87795513209a58973f38eaed
Nov 02 04:22:58.957 INFO running `"docker" "create" "-v" "/mnt/big/crater/work/local/target-dirs/beta-1.31-1/worker-1/beta-2018-10-30:/target:rw,Z" "-v" "/mnt/big/crater/work/local/test-source/worker-1/beta-1.31-1/beta-2018-10-30:/source:ro,Z" "-v" "/mnt/big/crater/work/local/cargo-home:/cargo-home:ro,Z" "-v" "/mnt/big/crater/work/local/rustup-home:/rustup-home:ro,Z" "-e" "USER_ID=1000" "-e" "SOURCE_DIR=/source" "-e" "USER_ID=1000" "-e" "CMD=cargo +beta-2018-10-30 test --frozen" "-e" "CARGO_TARGET_DIR=/target" "-e" "CARGO_INCREMENTAL=0" "-e" "RUST_BACKTRACE=full" "-e" "RUSTFLAGS=--cap-lints=warn" "-e" "CARGO_HOME=/cargo-home" "-e" "RUSTUP_HOME=/rustup-home" "-m" "1536M" "--network" "none" "crater"`
Nov 02 04:22:59.304 INFO blam! 8a1210aa5c2fc29b277bf6ecbb56dade637a3cd291d0a167e634ccd73197b94d
Nov 02 04:22:59.306 INFO running `"docker" "start" "-a" "8a1210aa5c2fc29b277bf6ecbb56dade637a3cd291d0a167e634ccd73197b94d"`
Nov 02 04:23:00.089 INFO kablam! usermod: no changes
Nov 02 04:23:00.121 INFO kablam!     Finished dev [unoptimized + debuginfo] target(s) in 0.02s
Nov 02 04:23:00.122 INFO kablam!      Running /target/debug/deps/socket2-a9f7aa5b96ebbede
Nov 02 04:23:00.124 INFO blam! 
Nov 02 04:23:00.125 INFO blam! running 7 tests
Nov 02 04:23:00.125 INFO blam! test sockaddr::test::inet6 ... ok
Nov 02 04:23:00.125 INFO blam! test sockaddr::test::inet ... ok
Nov 02 04:23:00.126 INFO blam! test socket::test::connect_timeout_unbound ... ok
Nov 02 04:23:00.127 INFO blam! test socket::test::keepalive ... ok
Nov 02 04:23:00.127 INFO blam! test sys::test_ip ... ok
Nov 02 04:23:00.127 INFO blam! test socket::test::connect_timeout_valid ... ok
Nov 02 04:23:00.150 INFO blam! test socket::test::connect_timeout_unrouteable ... FAILED
Nov 02 04:23:00.150 INFO blam! 
Nov 02 04:23:00.150 INFO blam! failures:
Nov 02 04:23:00.150 INFO blam! 
Nov 02 04:23:00.150 INFO blam! ---- socket::test::connect_timeout_unrouteable stdout ----
Nov 02 04:23:00.150 INFO blam! thread 'socket::test::connect_timeout_unrouteable' panicked at 'unexpected error Network is unreachable (os error 101)', src/socket.rs:902:23
Nov 02 04:23:00.150 INFO blam! stack backtrace:
Nov 02 04:23:00.150 INFO blam!    0:     0x55e56e6bc1cf - std::sys::unix::backtrace::tracing::imp::unwind_backtrace::h3c55afa80a996a32
Nov 02 04:23:00.150 INFO blam!                                at libstd/sys/unix/backtrace/tracing/gcc_s.rs:49
Nov 02 04:23:00.150 INFO blam!    1:     0x55e56e6c5547 - std::sys_common::backtrace::print::hcef907ea7a07cd40
Nov 02 04:23:00.150 INFO blam!                                at libstd/sys_common/backtrace.rs:71
Nov 02 04:23:00.150 INFO blam!                                at libstd/sys_common/backtrace.rs:59
Nov 02 04:23:00.150 INFO blam!    2:     0x55e56e6c022f - std::panicking::default_hook::{{closure}}::hf541876c65f36ea7
Nov 02 04:23:00.150 INFO blam!                                at libstd/panicking.rs:211
Nov 02 04:23:00.150 INFO blam!    3:     0x55e56e6bff2e - std::panicking::default_hook::h4ecc06b30ae4459d
Nov 02 04:23:00.150 INFO blam!                                at libstd/panicking.rs:221
Nov 02 04:23:00.150 INFO blam!    4:     0x55e56e6c090e - std::panicking::rust_panic_with_hook::h0cc6d9cc9f34a947
Nov 02 04:23:00.150 INFO blam!                                at libstd/panicking.rs:476
Nov 02 04:23:00.150 INFO blam!    5:     0x55e56e6c04b1 - std::panicking::continue_panic_fmt::hc71ad5f01496e320
Nov 02 04:23:00.150 INFO blam!                                at libstd/panicking.rs:390
Nov 02 04:23:00.150 INFO blam!    6:     0x55e56e6c03fe - std::panicking::begin_panic_fmt::hdb958223ae20ca60
Nov 02 04:23:00.150 INFO blam!                                at libstd/panicking.rs:345
Nov 02 04:23:00.150 INFO blam!    7:     0x55e56e665c13 - socket2::socket::test::connect_timeout_unrouteable::he1f927e7662754c7
Nov 02 04:23:00.150 INFO blam!                                at src/socket.rs:902
Nov 02 04:23:00.150 INFO blam!    8:     0x55e56e665909 - socket2::socket::test::connect_timeout_unrouteable::{{closure}}::h453177d7a3177bb7
Nov 02 04:23:00.150 INFO blam!                                at src/socket.rs:894
Nov 02 04:23:00.150 INFO kablam! error: test failed, to rerun pass '--lib'
Nov 02 04:23:00.150 INFO blam!    9:     0x55e56e66752d - core::ops::function::FnOnce::call_once::h6e3dafae069c0c46
Nov 02 04:23:00.150 INFO blam!                                at libcore/ops/function.rs:238
Nov 02 04:23:00.150 INFO blam!   10:     0x55e56e66c84e - <F as alloc::boxed::FnBox<A>>::call_box::hf32558bd83684b60
Nov 02 04:23:00.150 INFO blam!                                at libtest/lib.rs:1468
Nov 02 04:23:00.150 INFO blam!                                at libcore/ops/function.rs:238
Nov 02 04:23:00.150 INFO blam!                                at liballoc/boxed.rs:672
Nov 02 04:23:00.150 INFO blam!   11:     0x55e56e6d0779 - __rust_maybe_catch_panic
Nov 02 04:23:00.150 INFO blam!                                at libpanic_unwind/lib.rs:102
Nov 02 04:23:00.150 INFO blam!   12:     0x55e56e68e4b2 - std::sys_common::backtrace::__rust_begin_short_backtrace::h1bb71a7386fd3269
Nov 02 04:23:00.150 INFO blam!                                at libstd/panicking.rs:289
Nov 02 04:23:00.150 INFO blam!                                at libstd/panic.rs:392
Nov 02 04:23:00.150 INFO blam!                                at libtest/lib.rs:1423
Nov 02 04:23:00.150 INFO blam!                                at libstd/sys_common/backtrace.rs:136
Nov 02 04:23:00.150 INFO blam!   13:     0x55e56e68ef64 - std::panicking::try::do_call::h9b94719c3074bb5c
Nov 02 04:23:00.150 INFO blam!                                at libstd/thread/mod.rs:409
Nov 02 04:23:00.150 INFO blam!                                at libstd/panic.rs:313
Nov 02 04:23:00.150 INFO blam!                                at libstd/panicking.rs:310
Nov 02 04:23:00.150 INFO blam!   14:     0x55e56e6d0779 - __rust_maybe_catch_panic
Nov 02 04:23:00.150 INFO blam!                                at libpanic_unwind/lib.rs:102
Nov 02 04:23:00.150 INFO blam!   15:     0x55e56e67c18c - <F as alloc::boxed::FnBox<A>>::call_box::hb3bcd66d16fd3e84
Nov 02 04:23:00.150 INFO blam!                                at libstd/panicking.rs:289
Nov 02 04:23:00.150 INFO blam!                                at libstd/panic.rs:392
Nov 02 04:23:00.150 INFO blam!                                at libstd/thread/mod.rs:408
Nov 02 04:23:00.150 INFO blam!                                at liballoc/boxed.rs:672
Nov 02 04:23:00.150 INFO blam!   16:     0x55e56e6be12d - std::sys_common::thread::start_thread::had0c80d121669d29
Nov 02 04:23:00.150 INFO blam!                                at liballoc/boxed.rs:682
Nov 02 04:23:00.150 INFO blam!                                at libstd/sys_common/thread.rs:24
Nov 02 04:23:00.150 INFO blam!   17:     0x55e56e6b16b5 - std::sys::unix::thread::Thread::new::thread_start::h4a5b66a70d76f47f
Nov 02 04:23:00.150 INFO blam!                                at libstd/sys/unix/thread.rs:90
Nov 02 04:23:00.150 INFO blam!   18:     0x7f2c9b0566b9 - start_thread
Nov 02 04:23:00.151 INFO blam!   19:     0x7f2c9ab7641c - clone
Nov 02 04:23:00.151 INFO blam!   20:                0x0 - <unknown>
Nov 02 04:23:00.151 INFO blam! 
Nov 02 04:23:00.151 INFO blam! 
Nov 02 04:23:00.151 INFO blam! failures:
Nov 02 04:23:00.151 INFO blam!     socket::test::connect_timeout_unrouteable
Nov 02 04:23:00.151 INFO blam! 
Nov 02 04:23:00.151 INFO blam! test result: FAILED. 6 passed; 1 failed; 0 ignored; 0 measured; 0 filtered out
Nov 02 04:23:00.151 INFO blam! 
Nov 02 04:23:00.154 INFO kablam! su: No module specific data is present
Nov 02 04:23:00.487 INFO running `"docker" "rm" "-f" "8a1210aa5c2fc29b277bf6ecbb56dade637a3cd291d0a167e634ccd73197b94d"`
Nov 02 04:23:00.695 INFO blam! 8a1210aa5c2fc29b277bf6ecbb56dade637a3cd291d0a167e634ccd73197b94d
