Nov 02 04:27:10.254 INFO testing smtp2go-0.1.4 against beta-2018-10-30 for beta-1.31-1
Nov 02 04:27:10.255 INFO running `"docker" "create" "-v" "/mnt/big/crater/work/local/target-dirs/beta-1.31-1/worker-0/beta-2018-10-30:/target:rw,Z" "-v" "/mnt/big/crater/work/local/test-source/worker-0/beta-1.31-1/beta-2018-10-30:/source:ro,Z" "-v" "/mnt/big/crater/work/local/cargo-home:/cargo-home:ro,Z" "-v" "/mnt/big/crater/work/local/rustup-home:/rustup-home:ro,Z" "-e" "USER_ID=1000" "-e" "SOURCE_DIR=/source" "-e" "USER_ID=1000" "-e" "CMD=cargo +beta-2018-10-30 build --frozen" "-e" "CARGO_TARGET_DIR=/target" "-e" "CARGO_INCREMENTAL=0" "-e" "RUST_BACKTRACE=full" "-e" "RUSTFLAGS=--cap-lints=warn" "-e" "CARGO_HOME=/cargo-home" "-e" "RUSTUP_HOME=/rustup-home" "-m" "1536M" "--network" "none" "crater"`
Nov 02 04:27:10.691 INFO blam! e217017d3e53c734cfe3f48f7281f6ebd698548f84b108bf79a2d78e20356273
Nov 02 04:27:10.699 INFO running `"docker" "start" "-a" "e217017d3e53c734cfe3f48f7281f6ebd698548f84b108bf79a2d78e20356273"`
Nov 02 04:27:12.293 INFO kablam! usermod: no changes
Nov 02 04:27:12.501 INFO kablam!    Compiling smtp2go v0.1.4 (/source)
Nov 02 04:27:17.607 INFO kablam!     Finished dev [unoptimized + debuginfo] target(s) in 5.27s
Nov 02 04:27:17.619 INFO kablam! su: No module specific data is present
Nov 02 04:27:18.567 INFO running `"docker" "rm" "-f" "e217017d3e53c734cfe3f48f7281f6ebd698548f84b108bf79a2d78e20356273"`
Nov 02 04:27:18.815 INFO blam! e217017d3e53c734cfe3f48f7281f6ebd698548f84b108bf79a2d78e20356273
Nov 02 04:27:18.817 INFO running `"docker" "create" "-v" "/mnt/big/crater/work/local/target-dirs/beta-1.31-1/worker-0/beta-2018-10-30:/target:rw,Z" "-v" "/mnt/big/crater/work/local/test-source/worker-0/beta-1.31-1/beta-2018-10-30:/source:ro,Z" "-v" "/mnt/big/crater/work/local/cargo-home:/cargo-home:ro,Z" "-v" "/mnt/big/crater/work/local/rustup-home:/rustup-home:ro,Z" "-e" "USER_ID=1000" "-e" "SOURCE_DIR=/source" "-e" "USER_ID=1000" "-e" "CMD=cargo +beta-2018-10-30 test --frozen --no-run" "-e" "CARGO_TARGET_DIR=/target" "-e" "CARGO_INCREMENTAL=0" "-e" "RUST_BACKTRACE=full" "-e" "RUSTFLAGS=--cap-lints=warn" "-e" "CARGO_HOME=/cargo-home" "-e" "RUSTUP_HOME=/rustup-home" "-m" "1536M" "--network" "none" "crater"`
Nov 02 04:27:19.211 INFO blam! c58d62eb7246668a0b4951cad19c07cee4b80af8dc9eba20b06899bbbf2b6892
Nov 02 04:27:19.223 INFO running `"docker" "start" "-a" "c58d62eb7246668a0b4951cad19c07cee4b80af8dc9eba20b06899bbbf2b6892"`
Nov 02 04:27:20.371 INFO kablam! usermod: no changes
Nov 02 04:27:20.541 INFO kablam!    Compiling smtp2go v0.1.4 (/source)
Nov 02 04:27:28.711 INFO kablam!     Finished dev [unoptimized + debuginfo] target(s) in 8.32s
Nov 02 04:27:28.722 INFO kablam! su: No module specific data is present
Nov 02 04:27:29.747 INFO running `"docker" "rm" "-f" "c58d62eb7246668a0b4951cad19c07cee4b80af8dc9eba20b06899bbbf2b6892"`
Nov 02 04:27:30.027 INFO blam! c58d62eb7246668a0b4951cad19c07cee4b80af8dc9eba20b06899bbbf2b6892
Nov 02 04:27:30.037 INFO running `"docker" "create" "-v" "/mnt/big/crater/work/local/target-dirs/beta-1.31-1/worker-0/beta-2018-10-30:/target:rw,Z" "-v" "/mnt/big/crater/work/local/test-source/worker-0/beta-1.31-1/beta-2018-10-30:/source:ro,Z" "-v" "/mnt/big/crater/work/local/cargo-home:/cargo-home:ro,Z" "-v" "/mnt/big/crater/work/local/rustup-home:/rustup-home:ro,Z" "-e" "USER_ID=1000" "-e" "SOURCE_DIR=/source" "-e" "USER_ID=1000" "-e" "CMD=cargo +beta-2018-10-30 test --frozen" "-e" "CARGO_TARGET_DIR=/target" "-e" "CARGO_INCREMENTAL=0" "-e" "RUST_BACKTRACE=full" "-e" "RUSTFLAGS=--cap-lints=warn" "-e" "CARGO_HOME=/cargo-home" "-e" "RUSTUP_HOME=/rustup-home" "-m" "1536M" "--network" "none" "crater"`
Nov 02 04:27:30.496 INFO blam! 0267d8be155d4d81069fd492b8b0b9a2f6ed828f0077c256e07daf1c783fbe93
Nov 02 04:27:30.499 INFO running `"docker" "start" "-a" "0267d8be155d4d81069fd492b8b0b9a2f6ed828f0077c256e07daf1c783fbe93"`
Nov 02 04:27:31.891 INFO kablam! usermod: no changes
Nov 02 04:27:32.043 INFO kablam!     Finished dev [unoptimized + debuginfo] target(s) in 0.12s
Nov 02 04:27:32.055 INFO kablam!      Running /target/debug/deps/smtp2go-a92664a58d0adb50
Nov 02 04:27:32.055 INFO blam! 
Nov 02 04:27:32.056 INFO blam! running 0 tests
Nov 02 04:27:32.056 INFO blam! 
Nov 02 04:27:32.056 INFO blam! test result: ok. 0 passed; 0 failed; 0 ignored; 0 measured; 0 filtered out
Nov 02 04:27:32.057 INFO blam! 
Nov 02 04:27:32.059 INFO kablam!      Running /target/debug/deps/email-fe030b887a1405f2
Nov 02 04:27:32.067 INFO blam! 
Nov 02 04:27:32.067 INFO blam! running 8 tests
Nov 02 04:27:32.087 INFO blam! test test_invalid_apikey ... ok
Nov 02 04:27:32.087 INFO blam! test test_missing_apikey ... ok
Nov 02 04:27:32.087 INFO blam! test test_missing_apiroot ... ok
Nov 02 04:27:32.088 INFO blam! test test_missing_subject_field ... ok
Nov 02 04:27:32.089 INFO blam! test test_missing_from_field ... ok
Nov 02 04:27:32.089 INFO blam! test test_missing_text_body_field ... ok
Nov 02 04:27:32.103 INFO blam! test test_missing_to_field ... ok
Nov 02 04:27:32.253 INFO blam! test test_send ... FAILED
Nov 02 04:27:32.254 INFO blam! 
Nov 02 04:27:32.254 INFO blam! failures:
Nov 02 04:27:32.254 INFO blam! 
Nov 02 04:27:32.254 INFO blam! ---- test_send stdout ----
Nov 02 04:27:32.255 INFO blam! thread 'test_send' panicked at 'Failed to send test email: RequestError("Somthing went wrong with the request: failed to lookup address information: Temporary failure in name resolution")', tests/email.rs:119:23
Nov 02 04:27:32.255 INFO blam! stack backtrace:
Nov 02 04:27:32.255 INFO blam!    0:     0x55ec9c382b7f - std::sys::unix::backtrace::tracing::imp::unwind_backtrace::h3c55afa80a996a32
Nov 02 04:27:32.256 INFO blam!                                at libstd/sys/unix/backtrace/tracing/gcc_s.rs:49
Nov 02 04:27:32.256 INFO blam!    1:     0x55ec9c38c5c7 - std::sys_common::backtrace::print::hcef907ea7a07cd40
Nov 02 04:27:32.256 INFO blam!                                at libstd/sys_common/backtrace.rs:71
Nov 02 04:27:32.256 INFO blam!                                at libstd/sys_common/backtrace.rs:59
Nov 02 04:27:32.257 INFO blam!    2:     0x55ec9c386d5f - std::panicking::default_hook::{{closure}}::hf541876c65f36ea7
Nov 02 04:27:32.257 INFO blam!                                at libstd/panicking.rs:211
Nov 02 04:27:32.257 INFO blam!    3:     0x55ec9c386a5e - std::panicking::default_hook::h4ecc06b30ae4459d
Nov 02 04:27:32.257 INFO blam!                                at libstd/panicking.rs:221
Nov 02 04:27:32.258 INFO blam!    4:     0x55ec9c38743e - std::panicking::rust_panic_with_hook::h0cc6d9cc9f34a947
Nov 02 04:27:32.258 INFO blam!                                at libstd/panicking.rs:476
Nov 02 04:27:32.258 INFO kablam! error: test failed, to rerun pass '--test email'
Nov 02 04:27:32.258 INFO blam!    5:     0x55ec9c386fe1 - std::panicking::continue_panic_fmt::hc71ad5f01496e320
Nov 02 04:27:32.259 INFO blam!                                at libstd/panicking.rs:390
Nov 02 04:27:32.259 INFO blam!    6:     0x55ec9c386f2e - std::panicking::begin_panic_fmt::hdb958223ae20ca60
Nov 02 04:27:32.259 INFO blam!                                at libstd/panicking.rs:345
Nov 02 04:27:32.260 INFO blam!    7:     0x55ec9c016665 - email::test_send::hf806a4402d1c1922
Nov 02 04:27:32.260 INFO blam!                                at tests/email.rs:119
Nov 02 04:27:32.260 INFO blam!    8:     0x55ec9c0164f9 - email::test_send::{{closure}}::hca8a3d1458cccff5
Nov 02 04:27:32.261 INFO kablam! su: No module specific data is present
Nov 02 04:27:32.261 INFO blam!                                at tests/email.rs:112
Nov 02 04:27:32.261 INFO blam!    9:     0x55ec9c01535d - core::ops::function::FnOnce::call_once::h5f964e756f897f25
Nov 02 04:27:32.261 INFO blam!                                at libcore/ops/function.rs:238
Nov 02 04:27:32.262 INFO blam!   10:     0x55ec9c0186ae - <F as alloc::boxed::FnBox<A>>::call_box::hf32558bd83684b60
Nov 02 04:27:32.262 INFO blam!                                at libtest/lib.rs:1468
Nov 02 04:27:32.262 INFO blam!                                at libcore/ops/function.rs:238
Nov 02 04:27:32.262 INFO blam!                                at liballoc/boxed.rs:672
Nov 02 04:27:32.263 INFO blam!   11:     0x55ec9c3977f9 - __rust_maybe_catch_panic
Nov 02 04:27:32.263 INFO blam!                                at libpanic_unwind/lib.rs:102
Nov 02 04:27:32.263 INFO blam!   12:     0x55ec9c03a312 - std::sys_common::backtrace::__rust_begin_short_backtrace::h1bb71a7386fd3269
Nov 02 04:27:32.263 INFO blam!                                at libstd/panicking.rs:289
Nov 02 04:27:32.263 INFO blam!                                at libstd/panic.rs:392
Nov 02 04:27:32.264 INFO blam!                                at libtest/lib.rs:1423
Nov 02 04:27:32.264 INFO blam!                                at libstd/sys_common/backtrace.rs:136
Nov 02 04:27:32.264 INFO blam!   13:     0x55ec9c03adc4 - std::panicking::try::do_call::h9b94719c3074bb5c
Nov 02 04:27:32.264 INFO blam!                                at libstd/thread/mod.rs:409
Nov 02 04:27:32.265 INFO blam!                                at libstd/panic.rs:313
Nov 02 04:27:32.265 INFO blam!                                at libstd/panicking.rs:310
Nov 02 04:27:32.265 INFO blam!   14:     0x55ec9c3977f9 - __rust_maybe_catch_panic
Nov 02 04:27:32.265 INFO blam!                                at libpanic_unwind/lib.rs:102
Nov 02 04:27:32.266 INFO blam!   15:     0x55ec9c027fec - <F as alloc::boxed::FnBox<A>>::call_box::hb3bcd66d16fd3e84
Nov 02 04:27:32.266 INFO blam!                                at libstd/panicking.rs:289
Nov 02 04:27:32.266 INFO blam!                                at libstd/panic.rs:392
Nov 02 04:27:32.266 INFO blam!                                at libstd/thread/mod.rs:408
Nov 02 04:27:32.267 INFO blam!                                at liballoc/boxed.rs:672
Nov 02 04:27:32.267 INFO blam!   16:     0x55ec9c384a5d - std::sys_common::thread::start_thread::had0c80d121669d29
Nov 02 04:27:32.267 INFO blam!                                at liballoc/boxed.rs:682
Nov 02 04:27:32.267 INFO blam!                                at libstd/sys_common/thread.rs:24
Nov 02 04:27:32.268 INFO blam!   17:     0x55ec9c377ef5 - std::sys::unix::thread::Thread::new::thread_start::h4a5b66a70d76f47f
Nov 02 04:27:32.268 INFO blam!                                at libstd/sys/unix/thread.rs:90
Nov 02 04:27:32.268 INFO blam!   18:     0x7f6e342b96b9 - start_thread
Nov 02 04:27:32.268 INFO blam!   19:     0x7f6e33dd941c - clone
Nov 02 04:27:32.269 INFO blam!   20:                0x0 - <unknown>
Nov 02 04:27:32.269 INFO blam! 
Nov 02 04:27:32.269 INFO blam! 
Nov 02 04:27:32.270 INFO blam! failures:
Nov 02 04:27:32.270 INFO blam!     test_send
Nov 02 04:27:32.270 INFO blam! 
Nov 02 04:27:32.271 INFO blam! test result: FAILED. 7 passed; 1 failed; 0 ignored; 0 measured; 0 filtered out
Nov 02 04:27:32.271 INFO blam! 
Nov 02 04:27:33.291 INFO running `"docker" "rm" "-f" "0267d8be155d4d81069fd492b8b0b9a2f6ed828f0077c256e07daf1c783fbe93"`
Nov 02 04:27:33.571 INFO blam! 0267d8be155d4d81069fd492b8b0b9a2f6ed828f0077c256e07daf1c783fbe93
