Nov 02 04:51:32.788 INFO testing signatory-0.9.4 against beta-2018-10-30 for beta-1.31-1
Nov 02 04:51:32.791 INFO running `"docker" "create" "-v" "/mnt/big/crater/work/local/target-dirs/beta-1.31-1/worker-3/beta-2018-10-30:/target:rw,Z" "-v" "/mnt/big/crater/work/local/test-source/worker-3/beta-1.31-1/beta-2018-10-30:/source:ro,Z" "-v" "/mnt/big/crater/work/local/cargo-home:/cargo-home:ro,Z" "-v" "/mnt/big/crater/work/local/rustup-home:/rustup-home:ro,Z" "-e" "USER_ID=1000" "-e" "SOURCE_DIR=/source" "-e" "USER_ID=1000" "-e" "CMD=cargo +beta-2018-10-30 build --frozen" "-e" "CARGO_TARGET_DIR=/target" "-e" "CARGO_INCREMENTAL=0" "-e" "RUST_BACKTRACE=full" "-e" "RUSTFLAGS=--cap-lints=warn" "-e" "CARGO_HOME=/cargo-home" "-e" "RUSTUP_HOME=/rustup-home" "-m" "1536M" "--network" "none" "crater"`
Nov 02 04:51:33.242 INFO blam! 4a5a115ac5c5c1723f46cdf2adf75e66794de2a189b5f106ddf8425fca7a87c2
Nov 02 04:51:33.245 INFO running `"docker" "start" "-a" "4a5a115ac5c5c1723f46cdf2adf75e66794de2a189b5f106ddf8425fca7a87c2"`
Nov 02 04:51:34.378 INFO kablam! usermod: no changes
Nov 02 04:51:34.531 INFO kablam!    Compiling zeroize v0.4.0
Nov 02 04:51:34.531 INFO kablam!    Compiling zeroize v0.1.2
Nov 02 04:51:37.532 INFO kablam!    Compiling subtle-encoding v0.2.3
Nov 02 04:51:38.688 INFO kablam!    Compiling signatory v0.9.4 (/source)
Nov 02 04:51:39.838 INFO kablam!     Finished dev [unoptimized + debuginfo] target(s) in 5.44s
Nov 02 04:51:39.843 INFO kablam! su: No module specific data is present
Nov 02 04:51:40.141 INFO running `"docker" "rm" "-f" "4a5a115ac5c5c1723f46cdf2adf75e66794de2a189b5f106ddf8425fca7a87c2"`
Nov 02 04:51:40.272 INFO blam! 4a5a115ac5c5c1723f46cdf2adf75e66794de2a189b5f106ddf8425fca7a87c2
Nov 02 04:51:40.273 INFO running `"docker" "create" "-v" "/mnt/big/crater/work/local/target-dirs/beta-1.31-1/worker-3/beta-2018-10-30:/target:rw,Z" "-v" "/mnt/big/crater/work/local/test-source/worker-3/beta-1.31-1/beta-2018-10-30:/source:ro,Z" "-v" "/mnt/big/crater/work/local/cargo-home:/cargo-home:ro,Z" "-v" "/mnt/big/crater/work/local/rustup-home:/rustup-home:ro,Z" "-e" "USER_ID=1000" "-e" "SOURCE_DIR=/source" "-e" "USER_ID=1000" "-e" "CMD=cargo +beta-2018-10-30 test --frozen --no-run" "-e" "CARGO_TARGET_DIR=/target" "-e" "CARGO_INCREMENTAL=0" "-e" "RUST_BACKTRACE=full" "-e" "RUSTFLAGS=--cap-lints=warn" "-e" "CARGO_HOME=/cargo-home" "-e" "RUSTUP_HOME=/rustup-home" "-m" "1536M" "--network" "none" "crater"`
Nov 02 04:51:40.491 INFO blam! fccc08914b194bc061f256cc88e81c4f692448d85d2c6c8eee2b489d829b5a3a
Nov 02 04:51:40.492 INFO running `"docker" "start" "-a" "fccc08914b194bc061f256cc88e81c4f692448d85d2c6c8eee2b489d829b5a3a"`
Nov 02 04:51:40.845 INFO kablam! usermod: no changes
Nov 02 04:51:40.913 INFO kablam!    Compiling signatory v0.9.4 (/source)
Nov 02 04:51:42.348 INFO kablam!     Finished dev [unoptimized + debuginfo] target(s) in 1.48s
Nov 02 04:51:42.353 INFO kablam! su: No module specific data is present
Nov 02 04:51:42.622 INFO running `"docker" "rm" "-f" "fccc08914b194bc061f256cc88e81c4f692448d85d2c6c8eee2b489d829b5a3a"`
Nov 02 04:51:42.720 INFO blam! fccc08914b194bc061f256cc88e81c4f692448d85d2c6c8eee2b489d829b5a3a
Nov 02 04:51:42.723 INFO running `"docker" "create" "-v" "/mnt/big/crater/work/local/target-dirs/beta-1.31-1/worker-3/beta-2018-10-30:/target:rw,Z" "-v" "/mnt/big/crater/work/local/test-source/worker-3/beta-1.31-1/beta-2018-10-30:/source:ro,Z" "-v" "/mnt/big/crater/work/local/cargo-home:/cargo-home:ro,Z" "-v" "/mnt/big/crater/work/local/rustup-home:/rustup-home:ro,Z" "-e" "USER_ID=1000" "-e" "SOURCE_DIR=/source" "-e" "USER_ID=1000" "-e" "CMD=cargo +beta-2018-10-30 test --frozen" "-e" "CARGO_TARGET_DIR=/target" "-e" "CARGO_INCREMENTAL=0" "-e" "RUST_BACKTRACE=full" "-e" "RUSTFLAGS=--cap-lints=warn" "-e" "CARGO_HOME=/cargo-home" "-e" "RUSTUP_HOME=/rustup-home" "-m" "1536M" "--network" "none" "crater"`
Nov 02 04:51:42.928 INFO blam! 4aaf98d3ed21452c64d5834b532dfed3c0e49743c340ee7e30d8277bd1c82061
Nov 02 04:51:42.930 INFO running `"docker" "start" "-a" "4aaf98d3ed21452c64d5834b532dfed3c0e49743c340ee7e30d8277bd1c82061"`
Nov 02 04:51:43.435 INFO kablam! usermod: no changes
Nov 02 04:51:43.519 INFO kablam!     Finished dev [unoptimized + debuginfo] target(s) in 0.04s
Nov 02 04:51:43.531 INFO kablam!      Running /target/debug/deps/signatory-ae7cb5b4da9ce675
Nov 02 04:51:43.543 INFO blam! 
Nov 02 04:51:43.543 INFO kablam!    Doc-tests signatory
Nov 02 04:51:43.543 INFO blam! running 0 tests
Nov 02 04:51:43.543 INFO blam! 
Nov 02 04:51:43.543 INFO blam! test result: ok. 0 passed; 0 failed; 0 ignored; 0 measured; 0 filtered out
Nov 02 04:51:43.543 INFO blam! 
Nov 02 04:51:45.300 INFO blam! 
Nov 02 04:51:45.300 INFO blam! running 2 tests
Nov 02 04:51:48.156 INFO blam! test src/lib.rs -  (line 62) ... FAILED
Nov 02 04:51:48.156 INFO blam! test src/lib.rs -  (line 54) ... FAILED
Nov 02 04:51:48.156 INFO blam! 
Nov 02 04:51:48.156 INFO blam! failures:
Nov 02 04:51:48.156 INFO blam! 
Nov 02 04:51:48.156 INFO blam! ---- src/lib.rs -  (line 62) stdout ----
Nov 02 04:51:48.156 INFO blam! error[E0432]: unresolved import `signatory::ed25519`
Nov 02 04:51:48.156 INFO blam!  --> src/lib.rs:63:23
Nov 02 04:51:48.156 INFO blam!   |
Nov 02 04:51:48.156 INFO blam! 4 | use signatory::{self, ed25519};
Nov 02 04:51:48.156 INFO blam!   |                       ^^^^^^^ no `ed25519` in the root
Nov 02 04:51:48.156 INFO blam! 
Nov 02 04:51:48.156 INFO blam! error[E0425]: cannot find value `signer` in this scope
Nov 02 04:51:48.156 INFO blam!  --> src/lib.rs:65:49
Nov 02 04:51:48.156 INFO blam!   |
Nov 02 04:51:48.156 INFO blam! 6 | let sig = signatory::sign::<ed25519::Signature>(signer, &msg).unwrap();
Nov 02 04:51:48.156 INFO blam!   |                                                 ^^^^^^ not found in this scope
Nov 02 04:51:48.156 INFO blam! 
Nov 02 04:51:48.156 INFO blam! error[E0425]: cannot find value `msg` in this scope
Nov 02 04:51:48.156 INFO blam!  --> src/lib.rs:65:58
Nov 02 04:51:48.156 INFO blam!   |
Nov 02 04:51:48.156 INFO blam! 6 | let sig = signatory::sign::<ed25519::Signature>(signer, &msg).unwrap();
Nov 02 04:51:48.156 INFO blam!   |                                                          ^^^ not found in this scope
Nov 02 04:51:48.156 INFO blam! 
Nov 02 04:51:48.156 INFO blam! thread 'src/lib.rs -  (line 62)' panicked at 'couldn't compile the test', librustdoc/test.rs:332:13
Nov 02 04:51:48.156 INFO blam! stack backtrace:
Nov 02 04:51:48.156 INFO blam!    0:     0x7f5c88d4d6ff - std::sys::unix::backtrace::tracing::imp::unwind_backtrace::h3c55afa80a996a32
Nov 02 04:51:48.156 INFO blam!                                at libstd/sys/unix/backtrace/tracing/gcc_s.rs:49
Nov 02 04:51:48.156 INFO blam!    1:     0x7f5c88d32697 - std::sys_common::backtrace::print::hcef907ea7a07cd40
Nov 02 04:51:48.156 INFO blam!                                at libstd/sys_common/backtrace.rs:71
Nov 02 04:51:48.156 INFO blam!                                at libstd/sys_common/backtrace.rs:59
Nov 02 04:51:48.156 INFO blam!    2:     0x7f5c88d58acf - std::panicking::default_hook::{{closure}}::hf541876c65f36ea7
Nov 02 04:51:48.156 INFO blam!                                at libstd/panicking.rs:211
Nov 02 04:51:48.156 INFO blam!    3:     0x7f5c88d587ce - std::panicking::default_hook::h4ecc06b30ae4459d
Nov 02 04:51:48.156 INFO blam!                                at libstd/panicking.rs:221
Nov 02 04:51:48.156 INFO blam!    4:     0x7f5c8aff46d1 - rustc::util::common::panic_hook::hf4e6f5c3b281764b
Nov 02 04:51:48.156 INFO blam!    5:     0x7f5c88d592c6 - std::panicking::rust_panic_with_hook::h0cc6d9cc9f34a947
Nov 02 04:51:48.156 INFO blam!                                at libstd/panicking.rs:480
Nov 02 04:51:48.156 INFO blam!    6:     0x55a5ad7cd387 - std::panicking::begin_panic::he08470afd022350c
Nov 02 04:51:48.156 INFO blam!                                at libstd/panicking.rs:410
Nov 02 04:51:48.156 INFO blam!    7:     0x55a5ad95f707 - <rustdoc::test::Collector as rustdoc::test::Tester>::add_test::{{closure}}::{{closure}}::{{closure}}::h1097dd2aed0bc349
Nov 02 04:51:48.156 INFO blam!                                at librustdoc/test.rs:332
Nov 02 04:51:48.156 INFO blam!                                at librustdoc/test.rs:596
Nov 02 04:51:48.156 INFO blam!    8:     0x55a5ad914c78 - <scoped_tls::ScopedKey<T>>::set::h9bba31b35056dc07
Nov 02 04:51:48.156 INFO blam!                                at /cargo/registry/src/github.com-1ecc6299db9ec823/scoped-tls-0.1.2/src/lib.rs:155
Nov 02 04:51:48.156 INFO blam!                                at libsyntax/lib.rs:106
Nov 02 04:51:48.156 INFO blam!                                at /cargo/registry/src/github.com-1ecc6299db9ec823/scoped-tls-0.1.2/src/lib.rs:155
Nov 02 04:51:48.156 INFO blam!    9:     0x55a5ad71a481 - syntax::with_globals::h4fd10729776cd915
Nov 02 04:51:48.156 INFO blam!                                at libsyntax/lib.rs:105
Nov 02 04:51:48.156 INFO blam!   10:     0x55a5ad7cd5cb - std::panicking::try::do_call::he572b5001749b5c7
Nov 02 04:51:48.156 INFO blam!                                at librustdoc/test.rs:593
Nov 02 04:51:48.156 INFO blam!                                at libstd/panic.rs:313
Nov 02 04:51:48.156 INFO blam!                                at libstd/panicking.rs:310
Nov 02 04:51:48.156 INFO blam!   11:     0x7f5c88d66de9 - __rust_maybe_catch_panic
Nov 02 04:51:48.156 INFO blam!                                at libpanic_unwind/lib.rs:102
Nov 02 04:51:48.156 INFO blam!   12:     0x55a5ad7ef079 - rustc_driver::in_named_rustc_thread::hc8aa36ae7168454b
Nov 02 04:51:48.156 INFO blam!                                at libstd/panicking.rs:289
Nov 02 04:51:48.156 INFO blam!                                at libstd/panic.rs:392
Nov 02 04:51:48.157 INFO blam!                                at librustc_driver/lib.rs:1546
Nov 02 04:51:48.157 INFO blam!   13:     0x55a5ad92d960 - <F as alloc::boxed::FnBox<A>>::call_box::hf53e55f306710650
Nov 02 04:51:48.157 INFO blam!                                at librustdoc/test.rs:593
Nov 02 04:51:48.157 INFO blam!                                at liballoc/boxed.rs:672
Nov 02 04:51:48.157 INFO blam!   14:     0x7f5c8a3c5142 - <F as alloc::boxed::FnBox<A>>::call_box::hecf56d722ce7bb71
Nov 02 04:51:48.157 INFO blam!                                at libtest/lib.rs:1461
Nov 02 04:51:48.157 INFO blam!                                at liballoc/boxed.rs:672
Nov 02 04:51:48.157 INFO blam!   15:     0x7f5c88d66de9 - __rust_maybe_catch_panic
Nov 02 04:51:48.157 INFO blam!                                at libpanic_unwind/lib.rs:102
Nov 02 04:51:48.157 INFO blam!   16:     0x7f5c8a3ed412 - std::sys_common::backtrace::__rust_begin_short_backtrace::h1bb71a7386fd3269
Nov 02 04:51:48.157 INFO blam!                                at libstd/panicking.rs:289
Nov 02 04:51:48.157 INFO blam!                                at libstd/panic.rs:392
Nov 02 04:51:48.157 INFO blam!                                at libtest/lib.rs:1423
Nov 02 04:51:48.157 INFO blam!                                at libstd/sys_common/backtrace.rs:136
Nov 02 04:51:48.157 INFO blam!   17:     0x7f5c8a3ee1b4 - std::panicking::try::do_call::h9b94719c3074bb5c
Nov 02 04:51:48.157 INFO blam!                                at libstd/thread/mod.rs:409
Nov 02 04:51:48.157 INFO blam!                                at libstd/panic.rs:313
Nov 02 04:51:48.157 INFO blam!                                at libstd/panicking.rs:310
Nov 02 04:51:48.157 INFO blam!   18:     0x7f5c88d66de9 - __rust_maybe_catch_panic
Nov 02 04:51:48.157 INFO blam!                                at libpanic_unwind/lib.rs:102
Nov 02 04:51:48.157 INFO blam!   19:     0x7f5c8a3d690c - <F as alloc::boxed::FnBox<A>>::call_box::hb3bcd66d16fd3e84
Nov 02 04:51:48.157 INFO blam!                                at libstd/panicking.rs:289
Nov 02 04:51:48.157 INFO blam!                                at libstd/panic.rs:392
Nov 02 04:51:48.157 INFO blam!                                at libstd/thread/mod.rs:408
Nov 02 04:51:48.157 INFO blam!                                at liballoc/boxed.rs:672
Nov 02 04:51:48.157 INFO blam!   20:     0x7f5c88d53a8d - std::sys_common::thread::start_thread::had0c80d121669d29
Nov 02 04:51:48.157 INFO blam!                                at liballoc/boxed.rs:682
Nov 02 04:51:48.157 INFO blam!                                at libstd/sys_common/thread.rs:24
Nov 02 04:51:48.157 INFO blam!   21:     0x7f5c88d29435 - std::sys::unix::thread::Thread::new::thread_start::h4a5b66a70d76f47f
Nov 02 04:51:48.157 INFO blam!                                at libstd/sys/unix/thread.rs:90
Nov 02 04:51:48.157 INFO blam!   22:     0x7f5c888b56b9 - start_thread
Nov 02 04:51:48.157 INFO blam!   23:     0x7f5c883d541c - clone
Nov 02 04:51:48.157 INFO blam!   24:                0x0 - <unknown>
Nov 02 04:51:48.157 INFO blam! query stack during panic:
Nov 02 04:51:48.157 INFO blam! end of query stack
Nov 02 04:51:48.157 INFO blam! 
Nov 02 04:51:48.157 INFO blam! ---- src/lib.rs -  (line 54) stdout ----
Nov 02 04:51:48.157 INFO blam! error[E0432]: unresolved import `signatory::ed25519`
Nov 02 04:51:48.157 INFO blam!  --> src/lib.rs:55:23
Nov 02 04:51:48.157 INFO blam!   |
Nov 02 04:51:48.157 INFO blam! 4 | use signatory::{self, ed25519};
Nov 02 04:51:48.157 INFO blam!   |                       ^^^^^^^ no `ed25519` in the root
Nov 02 04:51:48.157 INFO blam! 
Nov 02 04:51:48.157 INFO blam! error[E0425]: cannot find value `signer` in this scope
Nov 02 04:51:48.157 INFO blam!  --> src/lib.rs:57:47
Nov 02 04:51:48.157 INFO blam!   |
Nov 02 04:51:48.157 INFO blam! 6 | let sig: ed25519::Signature = signatory::sign(signer, &msg).unwrap();
Nov 02 04:51:48.157 INFO blam!   |                                               ^^^^^^ not found in this scope
Nov 02 04:51:48.157 INFO blam! 
Nov 02 04:51:48.157 INFO blam! error[E0425]: cannot find value `msg` in this scope
Nov 02 04:51:48.157 INFO blam!  --> src/lib.rs:57:56
Nov 02 04:51:48.157 INFO blam!   |
Nov 02 04:51:48.157 INFO blam! 6 | let sig: ed25519::Signature = signatory::sign(signer, &msg).unwrap();
Nov 02 04:51:48.157 INFO blam!   |                                                        ^^^ not found in this scope
Nov 02 04:51:48.157 INFO blam! 
Nov 02 04:51:48.157 INFO blam! thread 'src/lib.rs -  (line 54)' panicked at 'couldn't compile the test', librustdoc/test.rs:332:13
Nov 02 04:51:48.157 INFO blam! stack backtrace:
Nov 02 04:51:48.157 INFO blam!    0:     0x7f5c88d4d6ff - std::sys::unix::backtrace::tracing::imp::unwind_backtrace::h3c55afa80a996a32
Nov 02 04:51:48.157 INFO blam!                                at libstd/sys/unix/backtrace/tracing/gcc_s.rs:49
Nov 02 04:51:48.157 INFO blam!    1:     0x7f5c88d32697 - std::sys_common::backtrace::print::hcef907ea7a07cd40
Nov 02 04:51:48.157 INFO blam!                                at libstd/sys_common/backtrace.rs:71
Nov 02 04:51:48.157 INFO blam!                                at libstd/sys_common/backtrace.rs:59
Nov 02 04:51:48.157 INFO blam!    2:     0x7f5c88d58acf - std::panicking::default_hook::{{closure}}::hf541876c65f36ea7
Nov 02 04:51:48.157 INFO blam!                                at libstd/panicking.rs:211
Nov 02 04:51:48.157 INFO blam!    3:     0x7f5c88d587ce - std::panicking::default_hook::h4ecc06b30ae4459d
Nov 02 04:51:48.157 INFO blam!                                at libstd/panicking.rs:221
Nov 02 04:51:48.157 INFO blam!    4:     0x7f5c8aff46d1 - rustc::util::common::panic_hook::hf4e6f5c3b281764b
Nov 02 04:51:48.157 INFO blam!    5:     0x7f5c88d592c6 - std::panicking::rust_panic_with_hook::h0cc6d9cc9f34a947
Nov 02 04:51:48.157 INFO blam!                                at libstd/panicking.rs:480
Nov 02 04:51:48.157 INFO blam!    6:     0x55a5ad7cd387 - std::panicking::begin_panic::he08470afd022350c
Nov 02 04:51:48.157 INFO blam!                                at libstd/panicking.rs:410
Nov 02 04:51:48.157 INFO blam!    7:     0x55a5ad95f707 - <rustdoc::test::Collector as rustdoc::test::Tester>::add_test::{{closure}}::{{closure}}::{{closure}}::h1097dd2aed0bc349
Nov 02 04:51:48.157 INFO blam!                                at librustdoc/test.rs:332
Nov 02 04:51:48.157 INFO blam!                                at librustdoc/test.rs:596
Nov 02 04:51:48.157 INFO blam!    8:     0x55a5ad914c78 - <scoped_tls::ScopedKey<T>>::set::h9bba31b35056dc07
Nov 02 04:51:48.157 INFO blam!                                at /cargo/registry/src/github.com-1ecc6299db9ec823/scoped-tls-0.1.2/src/lib.rs:155
Nov 02 04:51:48.157 INFO blam!                                at libsyntax/lib.rs:106
Nov 02 04:51:48.157 INFO blam!                                at /cargo/registry/src/github.com-1ecc6299db9ec823/scoped-tls-0.1.2/src/lib.rs:155
Nov 02 04:51:48.157 INFO blam!    9:     0x55a5ad71a481 - syntax::with_globals::h4fd10729776cd915
Nov 02 04:51:48.157 INFO blam!                                at libsyntax/lib.rs:105
Nov 02 04:51:48.157 INFO blam!   10:     0x55a5ad7cd5cb - std::panicking::try::do_call::he572b5001749b5c7
Nov 02 04:51:48.157 INFO blam!                                at librustdoc/test.rs:593
Nov 02 04:51:48.157 INFO blam!                                at libstd/panic.rs:313
Nov 02 04:51:48.157 INFO blam!                                at libstd/panicking.rs:310
Nov 02 04:51:48.158 INFO blam!   11:     0x7f5c88d66de9 - __rust_maybe_catch_panic
Nov 02 04:51:48.158 INFO blam!                                at libpanic_unwind/lib.rs:102
Nov 02 04:51:48.158 INFO blam!   12:     0x55a5ad7ef079 - rustc_driver::in_named_rustc_thread::hc8aa36ae7168454b
Nov 02 04:51:48.158 INFO blam!                                at libstd/panicking.rs:289
Nov 02 04:51:48.158 INFO blam!                                at libstd/panic.rs:392
Nov 02 04:51:48.158 INFO blam!                                at librustc_driver/lib.rs:1546
Nov 02 04:51:48.158 INFO blam!   13:     0x55a5ad92d960 - <F as alloc::boxed::FnBox<A>>::call_box::hf53e55f306710650
Nov 02 04:51:48.158 INFO blam!                                at librustdoc/test.rs:593
Nov 02 04:51:48.158 INFO blam!                                at liballoc/boxed.rs:672
Nov 02 04:51:48.158 INFO blam!   14:     0x7f5c8a3c5142 - <F as alloc::boxed::FnBox<A>>::call_box::hecf56d722ce7bb71
Nov 02 04:51:48.158 INFO blam!                                at libtest/lib.rs:1461
Nov 02 04:51:48.158 INFO blam!                                at liballoc/boxed.rs:672
Nov 02 04:51:48.158 INFO blam!   15:     0x7f5c88d66de9 - __rust_maybe_catch_panic
Nov 02 04:51:48.158 INFO blam!                                at libpanic_unwind/lib.rs:102
Nov 02 04:51:48.158 INFO blam!   16:     0x7f5c8a3ed412 - std::sys_common::backtrace::__rust_begin_short_backtrace::h1bb71a7386fd3269
Nov 02 04:51:48.158 INFO blam!                                at libstd/panicking.rs:289
Nov 02 04:51:48.158 INFO blam!                                at libstd/panic.rs:392
Nov 02 04:51:48.158 INFO blam!                                at libtest/lib.rs:1423
Nov 02 04:51:48.158 INFO blam!                                at libstd/sys_common/backtrace.rs:136
Nov 02 04:51:48.158 INFO blam!   17:     0x7f5c8a3ee1b4 - std::panicking::try::do_call::h9b94719c3074bb5c
Nov 02 04:51:48.158 INFO blam!                                at libstd/thread/mod.rs:409
Nov 02 04:51:48.158 INFO blam!                                at libstd/panic.rs:313
Nov 02 04:51:48.158 INFO blam!                                at libstd/panicking.rs:310
Nov 02 04:51:48.158 INFO blam!   18:     0x7f5c88d66de9 - __rust_maybe_catch_panic
Nov 02 04:51:48.158 INFO blam!                                at libpanic_unwind/lib.rs:102
Nov 02 04:51:48.158 INFO blam!   19:     0x7f5c8a3d690c - <F as alloc::boxed::FnBox<A>>::call_box::hb3bcd66d16fd3e84
Nov 02 04:51:48.158 INFO blam!                                at libstd/panicking.rs:289
Nov 02 04:51:48.158 INFO blam!                                at libstd/panic.rs:392
Nov 02 04:51:48.158 INFO blam!                                at libstd/thread/mod.rs:408
Nov 02 04:51:48.158 INFO blam!                                at liballoc/boxed.rs:672
Nov 02 04:51:48.158 INFO blam!   20:     0x7f5c88d53a8d - std::sys_common::thread::start_thread::had0c80d121669d29
Nov 02 04:51:48.158 INFO blam!                                at liballoc/boxed.rs:682
Nov 02 04:51:48.158 INFO blam!                                at libstd/sys_common/thread.rs:24
Nov 02 04:51:48.158 INFO blam!   21:     0x7f5c88d29435 - std::sys::unix::thread::Thread::new::thread_start::h4a5b66a70d76f47f
Nov 02 04:51:48.158 INFO blam!                                at libstd/sys/unix/thread.rs:90
Nov 02 04:51:48.158 INFO blam!   22:     0x7f5c888b56b9 - start_thread
Nov 02 04:51:48.158 INFO blam!   23:     0x7f5c883d541c - clone
Nov 02 04:51:48.158 INFO blam!   24:                0x0 - <unknown>
Nov 02 04:51:48.158 INFO blam! query stack during panic:
Nov 02 04:51:48.158 INFO blam! end of query stack
Nov 02 04:51:48.158 INFO blam! 
Nov 02 04:51:48.158 INFO blam! 
Nov 02 04:51:48.158 INFO blam! failures:
Nov 02 04:51:48.158 INFO blam!     src/lib.rs -  (line 54)
Nov 02 04:51:48.158 INFO blam!     src/lib.rs -  (line 62)
Nov 02 04:51:48.158 INFO blam! 
Nov 02 04:51:48.158 INFO blam! test result: FAILED. 0 passed; 2 failed; 0 ignored; 0 measured; 0 filtered out
Nov 02 04:51:48.158 INFO blam! 
Nov 02 04:51:48.168 INFO kablam! error: test failed, to rerun pass '--doc'
Nov 02 04:51:48.168 INFO kablam! su: No module specific data is present
Nov 02 04:51:48.611 INFO running `"docker" "rm" "-f" "4aaf98d3ed21452c64d5834b532dfed3c0e49743c340ee7e30d8277bd1c82061"`
Nov 02 04:51:48.886 INFO blam! 4aaf98d3ed21452c64d5834b532dfed3c0e49743c340ee7e30d8277bd1c82061
