Nov 02 05:37:17.383 INFO testing screeps-game-api-0.2.0 against 1.30.0 for beta-1.31-1
Nov 02 05:37:17.385 INFO running `"docker" "create" "-v" "/mnt/big/crater/work/local/target-dirs/beta-1.31-1/worker-1/1.30.0:/target:rw,Z" "-v" "/mnt/big/crater/work/local/test-source/worker-1/beta-1.31-1/1.30.0:/source:ro,Z" "-v" "/mnt/big/crater/work/local/cargo-home:/cargo-home:ro,Z" "-v" "/mnt/big/crater/work/local/rustup-home:/rustup-home:ro,Z" "-e" "USER_ID=1000" "-e" "SOURCE_DIR=/source" "-e" "USER_ID=1000" "-e" "CMD=cargo +1.30.0 build --frozen" "-e" "CARGO_TARGET_DIR=/target" "-e" "CARGO_INCREMENTAL=0" "-e" "RUST_BACKTRACE=full" "-e" "RUSTFLAGS=--cap-lints=warn" "-e" "CARGO_HOME=/cargo-home" "-e" "RUSTUP_HOME=/rustup-home" "-m" "1536M" "--network" "none" "crater"`
Nov 02 05:37:17.861 INFO blam! 70c47112d57c24162e2573a7ca6c6dde08a5c46862e46670d442b7780dcbf888
Nov 02 05:37:17.864 INFO running `"docker" "start" "-a" "70c47112d57c24162e2573a7ca6c6dde08a5c46862e46670d442b7780dcbf888"`
Nov 02 05:37:19.175 INFO kablam! usermod: no changes
Nov 02 05:37:19.344 INFO kablam!    Compiling stdweb-internal-runtime v0.1.2
Nov 02 05:37:19.344 INFO kablam!    Compiling base-x v0.2.3
Nov 02 05:37:19.344 INFO kablam!    Compiling discard v1.0.4
Nov 02 05:37:19.355 INFO kablam!    Compiling stdweb-internal-macros v0.2.2
Nov 02 05:37:19.359 INFO kablam!    Compiling stdweb v0.4.10
Nov 02 05:37:19.359 INFO kablam!    Compiling stdweb-derive v0.5.1
Nov 02 05:37:59.905 INFO kablam!    Compiling screeps-game-api v0.2.0 (/source)
Nov 02 05:38:11.648 INFO kablam!     Finished dev [unoptimized + debuginfo] target(s) in 52.44s
Nov 02 05:38:11.653 INFO kablam! su: No module specific data is present
Nov 02 05:38:12.770 INFO running `"docker" "rm" "-f" "70c47112d57c24162e2573a7ca6c6dde08a5c46862e46670d442b7780dcbf888"`
Nov 02 05:38:13.071 INFO blam! 70c47112d57c24162e2573a7ca6c6dde08a5c46862e46670d442b7780dcbf888
Nov 02 05:38:13.073 INFO running `"docker" "create" "-v" "/mnt/big/crater/work/local/target-dirs/beta-1.31-1/worker-1/1.30.0:/target:rw,Z" "-v" "/mnt/big/crater/work/local/test-source/worker-1/beta-1.31-1/1.30.0:/source:ro,Z" "-v" "/mnt/big/crater/work/local/cargo-home:/cargo-home:ro,Z" "-v" "/mnt/big/crater/work/local/rustup-home:/rustup-home:ro,Z" "-e" "USER_ID=1000" "-e" "SOURCE_DIR=/source" "-e" "USER_ID=1000" "-e" "CMD=cargo +1.30.0 test --frozen --no-run" "-e" "CARGO_TARGET_DIR=/target" "-e" "CARGO_INCREMENTAL=0" "-e" "RUST_BACKTRACE=full" "-e" "RUSTFLAGS=--cap-lints=warn" "-e" "CARGO_HOME=/cargo-home" "-e" "RUSTUP_HOME=/rustup-home" "-m" "1536M" "--network" "none" "crater"`
Nov 02 05:38:13.512 INFO blam! 07881fb13188e9386875a9349b3bd0cbca0ef478798afea4148b212e8d982144
Nov 02 05:38:13.514 INFO running `"docker" "start" "-a" "07881fb13188e9386875a9349b3bd0cbca0ef478798afea4148b212e8d982144"`
Nov 02 05:38:14.766 INFO kablam! usermod: no changes
Nov 02 05:38:14.896 INFO kablam!    Compiling screeps-game-api v0.2.0 (/source)
Nov 02 05:38:23.020 INFO kablam!     Finished dev [unoptimized + debuginfo] target(s) in 8.21s
Nov 02 05:38:23.026 INFO kablam! su: No module specific data is present
Nov 02 05:38:24.457 INFO running `"docker" "rm" "-f" "07881fb13188e9386875a9349b3bd0cbca0ef478798afea4148b212e8d982144"`
Nov 02 05:38:24.747 INFO blam! 07881fb13188e9386875a9349b3bd0cbca0ef478798afea4148b212e8d982144
Nov 02 05:38:24.749 INFO running `"docker" "create" "-v" "/mnt/big/crater/work/local/target-dirs/beta-1.31-1/worker-1/1.30.0:/target:rw,Z" "-v" "/mnt/big/crater/work/local/test-source/worker-1/beta-1.31-1/1.30.0:/source:ro,Z" "-v" "/mnt/big/crater/work/local/cargo-home:/cargo-home:ro,Z" "-v" "/mnt/big/crater/work/local/rustup-home:/rustup-home:ro,Z" "-e" "USER_ID=1000" "-e" "SOURCE_DIR=/source" "-e" "USER_ID=1000" "-e" "CMD=cargo +1.30.0 test --frozen" "-e" "CARGO_TARGET_DIR=/target" "-e" "CARGO_INCREMENTAL=0" "-e" "RUST_BACKTRACE=full" "-e" "RUSTFLAGS=--cap-lints=warn" "-e" "CARGO_HOME=/cargo-home" "-e" "RUSTUP_HOME=/rustup-home" "-m" "1536M" "--network" "none" "crater"`
Nov 02 05:38:25.378 INFO blam! 493d43309e6ddd94f749c0c899a977e23bb63f992d8bbcfd4ddb590cf313e260
Nov 02 05:38:25.380 INFO running `"docker" "start" "-a" "493d43309e6ddd94f749c0c899a977e23bb63f992d8bbcfd4ddb590cf313e260"`
Nov 02 05:38:27.466 INFO kablam! usermod: no changes
Nov 02 05:38:27.644 INFO kablam!     Finished dev [unoptimized + debuginfo] target(s) in 0.13s
Nov 02 05:38:27.653 INFO kablam!      Running /target/debug/deps/screeps-12d2218e523f0e1d
Nov 02 05:38:27.655 INFO blam! 
Nov 02 05:38:27.655 INFO blam! running 0 tests
Nov 02 05:38:27.655 INFO blam! 
Nov 02 05:38:27.655 INFO blam! test result: ok. 0 passed; 0 failed; 0 ignored; 0 measured; 0 filtered out
Nov 02 05:38:27.655 INFO blam! 
Nov 02 05:38:27.659 INFO kablam!    Doc-tests screeps
Nov 02 05:38:32.301 INFO blam! 
Nov 02 05:38:32.301 INFO blam! running 7 tests
Nov 02 05:38:32.374 INFO blam! test src/objects/impls/room.rs - objects::impls::room::Room::look_for_at_area (line 227) ... ignored
Nov 02 05:38:51.115 INFO blam! test src/memory.rs - memory (line 42) ... FAILED
Nov 02 05:38:51.116 INFO blam! test src/macros.rs - mem_get (line 487) ... FAILED
Nov 02 05:38:51.117 INFO blam! test src/memory.rs - memory (line 26) ... FAILED
Nov 02 05:38:51.451 INFO blam! test src/macros.rs - mem_get (line 475) ... FAILED
Nov 02 05:38:51.495 INFO blam! test src/macros.rs - mem_set (line 563) ... ok
Nov 02 05:38:51.510 INFO blam! test src/macros.rs - mem_set (line 551) ... ok
Nov 02 05:38:51.511 INFO blam! 
Nov 02 05:38:51.511 INFO blam! failures:
Nov 02 05:38:51.512 INFO blam! 
Nov 02 05:38:51.514 INFO blam! ---- src/memory.rs - memory (line 42) stdout ----
Nov 02 05:38:51.514 INFO blam! error[E0599]: no method named `path_num` found for type `screeps::memory::MemoryReference` in the current scope
Nov 02 05:38:51.514 INFO blam!  --> src/memory.rs:44:22
Nov 02 05:38:51.514 INFO blam!   |
Nov 02 05:38:51.514 INFO blam! 5 | let creep_time = mem.path_num("creeps.John.time").unwrap();
Nov 02 05:38:51.514 INFO blam!   |                      ^^^^^^^^
Nov 02 05:38:51.514 INFO blam! 
Nov 02 05:38:51.514 INFO blam! thread 'src/memory.rs - memory (line 42)' panicked at 'couldn't compile the test', librustdoc/test.rs:332:13
Nov 02 05:38:51.514 INFO blam! stack backtrace:
Nov 02 05:38:51.514 INFO blam!    0:     0x7fd3cefee75e - std::sys::unix::backtrace::tracing::imp::unwind_backtrace::hf5316c67202e23c8
Nov 02 05:38:51.514 INFO blam!                                at libstd/sys/unix/backtrace/tracing/gcc_s.rs:49
Nov 02 05:38:51.514 INFO blam!    1:     0x7fd3cefc7946 - std::sys_common::backtrace::print::h3068ed2a6dc7ac86
Nov 02 05:38:51.514 INFO blam!                                at libstd/sys_common/backtrace.rs:71
Nov 02 05:38:51.514 INFO blam!                                at libstd/sys_common/backtrace.rs:59
Nov 02 05:38:51.514 INFO blam!    2:     0x7fd3cefc554d - std::panicking::default_hook::{{closure}}::h1b9d29cc09d41897
Nov 02 05:38:51.514 INFO blam!                                at libstd/panicking.rs:211
Nov 02 05:38:51.514 INFO blam!    3:     0x7fd3cefc525b - std::panicking::default_hook::h3a27b204a313406b
Nov 02 05:38:51.514 INFO blam!                                at libstd/panicking.rs:221
Nov 02 05:38:51.514 INFO blam!    4:     0x7fd3d112e9f1 - rustc::util::common::panic_hook::hf9d72254884e6e21
Nov 02 05:38:51.514 INFO blam!    5:     0x7fd3cefc5c53 - std::panicking::rust_panic_with_hook::h0e12cb2fc86d00fa
Nov 02 05:38:51.514 INFO blam!                                at libstd/panicking.rs:481
Nov 02 05:38:51.514 INFO blam!    6:     0x560145e95f56 - std::panicking::begin_panic::h21f1ead623a7b507
Nov 02 05:38:51.514 INFO blam!                                at libstd/panicking.rs:411
Nov 02 05:38:51.514 INFO blam!    7:     0x5601460632c7 - rustdoc::test::Collector::add_test::{{closure}}::{{closure}}::{{closure}}::hed130f7399558a0a
Nov 02 05:38:51.514 INFO blam!                                at librustdoc/test.rs:332
Nov 02 05:38:51.514 INFO blam!                                at librustdoc/test.rs:564
Nov 02 05:38:51.514 INFO blam!    8:     0x56014601cb40 - <scoped_tls::ScopedKey<T>>::set::h8f0919d2f77ba016
Nov 02 05:38:51.514 INFO blam!                                at /cargo/registry/src/github.com-1ecc6299db9ec823/scoped-tls-0.1.2/src/lib.rs:155
Nov 02 05:38:51.514 INFO blam!                                at libsyntax/lib.rs:108
Nov 02 05:38:51.514 INFO blam!                                at /cargo/registry/src/github.com-1ecc6299db9ec823/scoped-tls-0.1.2/src/lib.rs:155
Nov 02 05:38:51.514 INFO blam!    9:     0x560145e45c8d - syntax::with_globals::hd11e81a0116456bb
Nov 02 05:38:51.514 INFO blam!                                at libsyntax/lib.rs:107
Nov 02 05:38:51.514 INFO blam!   10:     0x560145e961a4 - std::panicking::try::do_call::hece5c13d7a24e473
Nov 02 05:38:51.514 INFO blam!                                at librustdoc/test.rs:561
Nov 02 05:38:51.514 INFO blam!                                at libstd/panic.rs:313
Nov 02 05:38:51.514 INFO blam!                                at libstd/panicking.rs:310
Nov 02 05:38:51.514 INFO blam!   11:     0x7fd3cf005469 - __rust_maybe_catch_panic
Nov 02 05:38:51.514 INFO blam!                                at libpanic_unwind/lib.rs:103
Nov 02 05:38:51.514 INFO blam!   12:     0x560145f0dd43 - rustc_driver::in_named_rustc_thread::h2eb14efcd2031db9
Nov 02 05:38:51.514 INFO blam!                                at libstd/panicking.rs:289
Nov 02 05:38:51.514 INFO blam!                                at libstd/panic.rs:392
Nov 02 05:38:51.514 INFO blam!                                at librustc_driver/lib.rs:1574
Nov 02 05:38:51.514 INFO blam!   13:     0x56014603be4c - <F as alloc::boxed::FnBox<A>>::call_box::h1a3519e0a4ef9ca4
Nov 02 05:38:51.514 INFO blam!                                at librustdoc/test.rs:561
Nov 02 05:38:51.514 INFO blam!                                at liballoc/boxed.rs:646
Nov 02 05:38:51.514 INFO blam!   14:     0x7fd3d0649dc2 - <F as alloc::boxed::FnBox<A>>::call_box::h79a77abfa30ef4cc
Nov 02 05:38:51.514 INFO blam!                                at libtest/lib.rs:1454
Nov 02 05:38:51.514 INFO blam!                                at liballoc/boxed.rs:646
Nov 02 05:38:51.514 INFO blam!   15:     0x7fd3cf005469 - __rust_maybe_catch_panic
Nov 02 05:38:51.514 INFO blam!                                at libpanic_unwind/lib.rs:103
Nov 02 05:38:51.514 INFO blam!   16:     0x7fd3d06571fd - std::sys_common::backtrace::__rust_begin_short_backtrace::h470b05235fe5e5ad
Nov 02 05:38:51.514 INFO blam!                                at libstd/panicking.rs:289
Nov 02 05:38:51.514 INFO blam!                                at libstd/panic.rs:392
Nov 02 05:38:51.514 INFO blam!                                at libtest/lib.rs:1416
Nov 02 05:38:51.514 INFO blam!                                at libstd/sys_common/backtrace.rs:136
Nov 02 05:38:51.514 INFO blam!   17:     0x7fd3d0675004 - std::panicking::try::do_call::h1f0578498122cc00
Nov 02 05:38:51.514 INFO blam!                                at libstd/thread/mod.rs:409
Nov 02 05:38:51.514 INFO blam!                                at libstd/panic.rs:313
Nov 02 05:38:51.514 INFO blam!                                at libstd/panicking.rs:310
Nov 02 05:38:51.514 INFO blam!   18:     0x7fd3cf005469 - __rust_maybe_catch_panic
Nov 02 05:38:51.514 INFO blam!                                at libpanic_unwind/lib.rs:103
Nov 02 05:38:51.515 INFO blam!   19:     0x7fd3d0661be6 - <F as alloc::boxed::FnBox<A>>::call_box::h7b129f9f235ab460
Nov 02 05:38:51.515 INFO blam!                                at libstd/panicking.rs:289
Nov 02 05:38:51.515 INFO blam!                                at libstd/panic.rs:392
Nov 02 05:38:51.515 INFO blam!                                at libstd/thread/mod.rs:408
Nov 02 05:38:51.515 INFO blam!                                at liballoc/boxed.rs:646
Nov 02 05:38:51.515 INFO blam!   20:     0x7fd3ceff2c5a - std::sys_common::thread::start_thread::hb77935aee02382da
Nov 02 05:38:51.515 INFO blam!                                at liballoc/boxed.rs:656
Nov 02 05:38:51.515 INFO blam!                                at libstd/sys_common/thread.rs:24
Nov 02 05:38:51.515 INFO blam!   21:     0x7fd3cefc68d5 - std::sys::unix::thread::Thread::new::thread_start::hd61f7429b3de1d75
Nov 02 05:38:51.515 INFO blam!                                at libstd/sys/unix/thread.rs:90
Nov 02 05:38:51.515 INFO blam!   22:     0x7fd3ced5b6b9 - start_thread
Nov 02 05:38:51.515 INFO blam!   23:     0x7fd3ce87b41c - clone
Nov 02 05:38:51.515 INFO blam!   24:                0x0 - <unknown>
Nov 02 05:38:51.515 INFO blam! query stack during panic:
Nov 02 05:38:51.515 INFO blam! end of query stack
Nov 02 05:38:51.515 INFO blam! 
Nov 02 05:38:51.515 INFO blam! ---- src/macros.rs - mem_get (line 487) stdout ----
Nov 02 05:38:51.515 INFO blam! error[E0308]: mismatched types
Nov 02 05:38:51.515 INFO blam!  --> src/macros.rs:495:12
Nov 02 05:38:51.515 INFO blam!   |
Nov 02 05:38:51.515 INFO blam! 9 | let val1 = mem_get!(mem.creeps[creep_name][what_to_get].int);
Nov 02 05:38:51.515 INFO blam!   |            ^^^^^^^^^^^^^^^^^^^^^^^^^^^^^^^^^^^^^^^^^^^^^^^^^ expected enum `std::option::Option`, found enum `std::result::Result`
Nov 02 05:38:51.515 INFO blam!   |
Nov 02 05:38:51.515 INFO blam!   = note: expected type `std::option::Option<_>`
Nov 02 05:38:51.515 INFO blam!              found type `std::result::Result<std::option::Option<screeps::memory::MemoryReference>, stdweb::webcore::value::ConversionError>`
Nov 02 05:38:51.515 INFO blam!   = note: this error originates in a macro outside of the current crate (in Nightly builds, run with -Z external-macro-backtrace for more info)
Nov 02 05:38:51.515 INFO blam! 
Nov 02 05:38:51.515 INFO blam! error[E0308]: mismatched types
Nov 02 05:38:51.515 INFO blam!   --> src/macros.rs:496:12
Nov 02 05:38:51.515 INFO blam!    |
Nov 02 05:38:51.515 INFO blam! 10 | let val2 = mem_get!(mem.creeps[creep_name].count.int);
Nov 02 05:38:51.515 INFO blam!    |            ^^^^^^^^^^^^^^^^^^^^^^^^^^^^^^^^^^^^^^^^^^ expected enum `std::option::Option`, found enum `std::result::Result`
Nov 02 05:38:51.515 INFO blam!    |
Nov 02 05:38:51.515 INFO blam!    = note: expected type `std::option::Option<_>`
Nov 02 05:38:51.515 INFO blam!               found type `std::result::Result<std::option::Option<screeps::memory::MemoryReference>, stdweb::webcore::value::ConversionError>`
Nov 02 05:38:51.515 INFO blam!    = note: this error originates in a macro outside of the current crate (in Nightly builds, run with -Z external-macro-backtrace for more info)
Nov 02 05:38:51.515 INFO blam! 
Nov 02 05:38:51.515 INFO blam! thread 'src/macros.rs - mem_get (line 487)' panicked at 'couldn't compile the test', librustdoc/test.rs:332:13
Nov 02 05:38:51.515 INFO blam! stack backtrace:
Nov 02 05:38:51.515 INFO blam!    0:     0x7fd3cefee75e - std::sys::unix::backtrace::tracing::imp::unwind_backtrace::hf5316c67202e23c8
Nov 02 05:38:51.515 INFO blam!                                at libstd/sys/unix/backtrace/tracing/gcc_s.rs:49
Nov 02 05:38:51.515 INFO blam!    1:     0x7fd3cefc7946 - std::sys_common::backtrace::print::h3068ed2a6dc7ac86
Nov 02 05:38:51.515 INFO blam!                                at libstd/sys_common/backtrace.rs:71
Nov 02 05:38:51.515 INFO blam!                                at libstd/sys_common/backtrace.rs:59
Nov 02 05:38:51.515 INFO blam!    2:     0x7fd3cefc554d - std::panicking::default_hook::{{closure}}::h1b9d29cc09d41897
Nov 02 05:38:51.515 INFO blam!                                at libstd/panicking.rs:211
Nov 02 05:38:51.515 INFO blam!    3:     0x7fd3cefc525b - std::panicking::default_hook::h3a27b204a313406b
Nov 02 05:38:51.515 INFO blam!                                at libstd/panicking.rs:221
Nov 02 05:38:51.515 INFO blam!    4:     0x7fd3d112e9f1 - rustc::util::common::panic_hook::hf9d72254884e6e21
Nov 02 05:38:51.515 INFO blam!    5:     0x7fd3cefc5c53 - std::panicking::rust_panic_with_hook::h0e12cb2fc86d00fa
Nov 02 05:38:51.515 INFO blam!                                at libstd/panicking.rs:481
Nov 02 05:38:51.515 INFO blam!    6:     0x560145e95f56 - std::panicking::begin_panic::h21f1ead623a7b507
Nov 02 05:38:51.515 INFO blam!                                at libstd/panicking.rs:411
Nov 02 05:38:51.515 INFO blam!    7:     0x5601460632c7 - rustdoc::test::Collector::add_test::{{closure}}::{{closure}}::{{closure}}::hed130f7399558a0a
Nov 02 05:38:51.515 INFO blam!                                at librustdoc/test.rs:332
Nov 02 05:38:51.515 INFO blam!                                at librustdoc/test.rs:564
Nov 02 05:38:51.515 INFO blam!    8:     0x56014601cb40 - <scoped_tls::ScopedKey<T>>::set::h8f0919d2f77ba016
Nov 02 05:38:51.515 INFO blam!                                at /cargo/registry/src/github.com-1ecc6299db9ec823/scoped-tls-0.1.2/src/lib.rs:155
Nov 02 05:38:51.515 INFO blam!                                at libsyntax/lib.rs:108
Nov 02 05:38:51.515 INFO blam!                                at /cargo/registry/src/github.com-1ecc6299db9ec823/scoped-tls-0.1.2/src/lib.rs:155
Nov 02 05:38:51.515 INFO blam!    9:     0x560145e45c8d - syntax::with_globals::hd11e81a0116456bb
Nov 02 05:38:51.515 INFO blam!                                at libsyntax/lib.rs:107
Nov 02 05:38:51.515 INFO blam!   10:     0x560145e961a4 - std::panicking::try::do_call::hece5c13d7a24e473
Nov 02 05:38:51.515 INFO blam!                                at librustdoc/test.rs:561
Nov 02 05:38:51.515 INFO blam!                                at libstd/panic.rs:313
Nov 02 05:38:51.515 INFO blam!                                at libstd/panicking.rs:310
Nov 02 05:38:51.515 INFO blam!   11:     0x7fd3cf005469 - __rust_maybe_catch_panic
Nov 02 05:38:51.515 INFO blam!                                at libpanic_unwind/lib.rs:103
Nov 02 05:38:51.515 INFO blam!   12:     0x560145f0dd43 - rustc_driver::in_named_rustc_thread::h2eb14efcd2031db9
Nov 02 05:38:51.515 INFO blam!                                at libstd/panicking.rs:289
Nov 02 05:38:51.515 INFO blam!                                at libstd/panic.rs:392
Nov 02 05:38:51.515 INFO blam!                                at librustc_driver/lib.rs:1574
Nov 02 05:38:51.515 INFO blam!   13:     0x56014603be4c - <F as alloc::boxed::FnBox<A>>::call_box::h1a3519e0a4ef9ca4
Nov 02 05:38:51.515 INFO blam!                                at librustdoc/test.rs:561
Nov 02 05:38:51.515 INFO blam!                                at liballoc/boxed.rs:646
Nov 02 05:38:51.515 INFO blam!   14:     0x7fd3d0649dc2 - <F as alloc::boxed::FnBox<A>>::call_box::h79a77abfa30ef4cc
Nov 02 05:38:51.515 INFO blam!                                at libtest/lib.rs:1454
Nov 02 05:38:51.515 INFO blam!                                at liballoc/boxed.rs:646
Nov 02 05:38:51.515 INFO blam!   15:     0x7fd3cf005469 - __rust_maybe_catch_panic
Nov 02 05:38:51.515 INFO blam!                                at libpanic_unwind/lib.rs:103
Nov 02 05:38:51.515 INFO blam!   16:     0x7fd3d06571fd - std::sys_common::backtrace::__rust_begin_short_backtrace::h470b05235fe5e5ad
Nov 02 05:38:51.515 INFO blam!                                at libstd/panicking.rs:289
Nov 02 05:38:51.516 INFO blam!                                at libstd/panic.rs:392
Nov 02 05:38:51.516 INFO blam!                                at libtest/lib.rs:1416
Nov 02 05:38:51.516 INFO blam!                                at libstd/sys_common/backtrace.rs:136
Nov 02 05:38:51.516 INFO blam!   17:     0x7fd3d0675004 - std::panicking::try::do_call::h1f0578498122cc00
Nov 02 05:38:51.516 INFO blam!                                at libstd/thread/mod.rs:409
Nov 02 05:38:51.516 INFO blam!                                at libstd/panic.rs:313
Nov 02 05:38:51.516 INFO blam!                                at libstd/panicking.rs:310
Nov 02 05:38:51.516 INFO blam!   18:     0x7fd3cf005469 - __rust_maybe_catch_panic
Nov 02 05:38:51.516 INFO blam!                                at libpanic_unwind/lib.rs:103
Nov 02 05:38:51.516 INFO blam!   19:     0x7fd3d0661be6 - <F as alloc::boxed::FnBox<A>>::call_box::h7b129f9f235ab460
Nov 02 05:38:51.516 INFO blam!                                at libstd/panicking.rs:289
Nov 02 05:38:51.516 INFO blam!                                at libstd/panic.rs:392
Nov 02 05:38:51.516 INFO blam!                                at libstd/thread/mod.rs:408
Nov 02 05:38:51.516 INFO blam!                                at liballoc/boxed.rs:646
Nov 02 05:38:51.516 INFO blam!   20:     0x7fd3ceff2c5a - std::sys_common::thread::start_thread::hb77935aee02382da
Nov 02 05:38:51.516 INFO blam!                                at liballoc/boxed.rs:656
Nov 02 05:38:51.516 INFO blam!                                at libstd/sys_common/thread.rs:24
Nov 02 05:38:51.516 INFO blam!   21:     0x7fd3cefc68d5 - std::sys::unix::thread::Thread::new::thread_start::hd61f7429b3de1d75
Nov 02 05:38:51.516 INFO blam!                                at libstd/sys/unix/thread.rs:90
Nov 02 05:38:51.516 INFO blam!   22:     0x7fd3ced5b6b9 - start_thread
Nov 02 05:38:51.516 INFO blam!   23:     0x7fd3ce87b41c - clone
Nov 02 05:38:51.516 INFO blam!   24:                0x0 - <unknown>
Nov 02 05:38:51.516 INFO blam! query stack during panic:
Nov 02 05:38:51.516 INFO blam! end of query stack
Nov 02 05:38:51.516 INFO blam! 
Nov 02 05:38:51.516 INFO blam! ---- src/memory.rs - memory (line 26) stdout ----
Nov 02 05:38:51.516 INFO blam! error[E0599]: no method named `int` found for type `screeps::memory::MemoryReference` in the current scope
Nov 02 05:38:51.516 INFO blam!  --> src/memory.rs:28:30
Nov 02 05:38:51.516 INFO blam!   |
Nov 02 05:38:51.516 INFO blam! 5 | let cpu_used_last_tick = mem.int("cpu_used_last_tick").unwrap();
Nov 02 05:38:51.516 INFO blam!   |                              ^^^
Nov 02 05:38:51.516 INFO blam! 
Nov 02 05:38:51.516 INFO blam! thread 'src/memory.rs - memory (line 26)' panicked at 'couldn't compile the test', librustdoc/test.rs:332:13
Nov 02 05:38:51.516 INFO blam! stack backtrace:
Nov 02 05:38:51.516 INFO blam!    0:     0x7fd3cefee75e - std::sys::unix::backtrace::tracing::imp::unwind_backtrace::hf5316c67202e23c8
Nov 02 05:38:51.516 INFO blam!                                at libstd/sys/unix/backtrace/tracing/gcc_s.rs:49
Nov 02 05:38:51.516 INFO blam!    1:     0x7fd3cefc7946 - std::sys_common::backtrace::print::h3068ed2a6dc7ac86
Nov 02 05:38:51.516 INFO blam!                                at libstd/sys_common/backtrace.rs:71
Nov 02 05:38:51.516 INFO blam!                                at libstd/sys_common/backtrace.rs:59
Nov 02 05:38:51.516 INFO blam!    2:     0x7fd3cefc554d - std::panicking::default_hook::{{closure}}::h1b9d29cc09d41897
Nov 02 05:38:51.516 INFO blam!                                at libstd/panicking.rs:211
Nov 02 05:38:51.516 INFO blam!    3:     0x7fd3cefc525b - std::panicking::default_hook::h3a27b204a313406b
Nov 02 05:38:51.516 INFO blam!                                at libstd/panicking.rs:221
Nov 02 05:38:51.516 INFO blam!    4:     0x7fd3d112e9f1 - rustc::util::common::panic_hook::hf9d72254884e6e21
Nov 02 05:38:51.516 INFO blam!    5:     0x7fd3cefc5c53 - std::panicking::rust_panic_with_hook::h0e12cb2fc86d00fa
Nov 02 05:38:51.516 INFO blam!                                at libstd/panicking.rs:481
Nov 02 05:38:51.516 INFO blam!    6:     0x560145e95f56 - std::panicking::begin_panic::h21f1ead623a7b507
Nov 02 05:38:51.516 INFO blam!                                at libstd/panicking.rs:411
Nov 02 05:38:51.516 INFO blam!    7:     0x5601460632c7 - rustdoc::test::Collector::add_test::{{closure}}::{{closure}}::{{closure}}::hed130f7399558a0a
Nov 02 05:38:51.516 INFO blam!                                at librustdoc/test.rs:332
Nov 02 05:38:51.516 INFO blam!                                at librustdoc/test.rs:564
Nov 02 05:38:51.516 INFO blam!    8:     0x56014601cb40 - <scoped_tls::ScopedKey<T>>::set::h8f0919d2f77ba016
Nov 02 05:38:51.516 INFO blam!                                at /cargo/registry/src/github.com-1ecc6299db9ec823/scoped-tls-0.1.2/src/lib.rs:155
Nov 02 05:38:51.516 INFO blam!                                at libsyntax/lib.rs:108
Nov 02 05:38:51.516 INFO blam!                                at /cargo/registry/src/github.com-1ecc6299db9ec823/scoped-tls-0.1.2/src/lib.rs:155
Nov 02 05:38:51.516 INFO blam!    9:     0x560145e45c8d - syntax::with_globals::hd11e81a0116456bb
Nov 02 05:38:51.516 INFO blam!                                at libsyntax/lib.rs:107
Nov 02 05:38:51.516 INFO blam!   10:     0x560145e961a4 - std::panicking::try::do_call::hece5c13d7a24e473
Nov 02 05:38:51.516 INFO blam!                                at librustdoc/test.rs:561
Nov 02 05:38:51.516 INFO blam!                                at libstd/panic.rs:313
Nov 02 05:38:51.516 INFO blam!                                at libstd/panicking.rs:310
Nov 02 05:38:51.516 INFO blam!   11:     0x7fd3cf005469 - __rust_maybe_catch_panic
Nov 02 05:38:51.516 INFO blam!                                at libpanic_unwind/lib.rs:103
Nov 02 05:38:51.516 INFO blam!   12:     0x560145f0dd43 - rustc_driver::in_named_rustc_thread::h2eb14efcd2031db9
Nov 02 05:38:51.516 INFO blam!                                at libstd/panicking.rs:289
Nov 02 05:38:51.516 INFO blam!                                at libstd/panic.rs:392
Nov 02 05:38:51.516 INFO blam!                                at librustc_driver/lib.rs:1574
Nov 02 05:38:51.516 INFO blam!   13:     0x56014603be4c - <F as alloc::boxed::FnBox<A>>::call_box::h1a3519e0a4ef9ca4
Nov 02 05:38:51.516 INFO blam!                                at librustdoc/test.rs:561
Nov 02 05:38:51.516 INFO blam!                                at liballoc/boxed.rs:646
Nov 02 05:38:51.516 INFO blam!   14:     0x7fd3d0649dc2 - <F as alloc::boxed::FnBox<A>>::call_box::h79a77abfa30ef4cc
Nov 02 05:38:51.516 INFO blam!                                at libtest/lib.rs:1454
Nov 02 05:38:51.516 INFO blam!                                at liballoc/boxed.rs:646
Nov 02 05:38:51.516 INFO blam!   15:     0x7fd3cf005469 - __rust_maybe_catch_panic
Nov 02 05:38:51.516 INFO blam!                                at libpanic_unwind/lib.rs:103
Nov 02 05:38:51.516 INFO blam!   16:     0x7fd3d06571fd - std::sys_common::backtrace::__rust_begin_short_backtrace::h470b05235fe5e5ad
Nov 02 05:38:51.516 INFO blam!                                at libstd/panicking.rs:289
Nov 02 05:38:51.516 INFO blam!                                at libstd/panic.rs:392
Nov 02 05:38:51.516 INFO blam!                                at libtest/lib.rs:1416
Nov 02 05:38:51.516 INFO blam!                                at libstd/sys_common/backtrace.rs:136
Nov 02 05:38:51.516 INFO blam!   17:     0x7fd3d0675004 - std::panicking::try::do_call::h1f0578498122cc00
Nov 02 05:38:51.516 INFO blam!                                at libstd/thread/mod.rs:409
Nov 02 05:38:51.516 INFO blam!                                at libstd/panic.rs:313
Nov 02 05:38:51.516 INFO blam!                                at libstd/panicking.rs:310
Nov 02 05:38:51.517 INFO blam!   18:     0x7fd3cf005469 - __rust_maybe_catch_panic
Nov 02 05:38:51.517 INFO blam!                                at libpanic_unwind/lib.rs:103
Nov 02 05:38:51.517 INFO blam!   19:     0x7fd3d0661be6 - <F as alloc::boxed::FnBox<A>>::call_box::h7b129f9f235ab460
Nov 02 05:38:51.517 INFO blam!                                at libstd/panicking.rs:289
Nov 02 05:38:51.517 INFO blam!                                at libstd/panic.rs:392
Nov 02 05:38:51.517 INFO blam!                                at libstd/thread/mod.rs:408
Nov 02 05:38:51.517 INFO blam!                                at liballoc/boxed.rs:646
Nov 02 05:38:51.517 INFO blam!   20:     0x7fd3ceff2c5a - std::sys_common::thread::start_thread::hb77935aee02382da
Nov 02 05:38:51.517 INFO blam!                                at liballoc/boxed.rs:656
Nov 02 05:38:51.517 INFO blam!                                at libstd/sys_common/thread.rs:24
Nov 02 05:38:51.517 INFO blam!   21:     0x7fd3cefc68d5 - std::sys::unix::thread::Thread::new::thread_start::hd61f7429b3de1d75
Nov 02 05:38:51.517 INFO blam!                                at libstd/sys/unix/thread.rs:90
Nov 02 05:38:51.517 INFO blam!   22:     0x7fd3ced5b6b9 - start_thread
Nov 02 05:38:51.517 INFO blam!   23:     0x7fd3ce87b41c - clone
Nov 02 05:38:51.517 INFO blam!   24:                0x0 - <unknown>
Nov 02 05:38:51.517 INFO blam! query stack during panic:
Nov 02 05:38:51.517 INFO blam! end of query stack
Nov 02 05:38:51.517 INFO blam! 
Nov 02 05:38:51.517 INFO blam! ---- src/macros.rs - mem_get (line 475) stdout ----
Nov 02 05:38:51.517 INFO blam! error[E0308]: mismatched types
Nov 02 05:38:51.517 INFO blam!  --> src/macros.rs:481:11
Nov 02 05:38:51.517 INFO blam!   |
Nov 02 05:38:51.517 INFO blam! 7 | let val = mem_get!(mem.creeps.John.count.int);
Nov 02 05:38:51.517 INFO blam!   |           ^^^^^^^^^^^^^^^^^^^^^^^^^^^^^^^^^^^ expected enum `std::option::Option`, found enum `std::result::Result`
Nov 02 05:38:51.517 INFO blam!   |
Nov 02 05:38:51.517 INFO blam!   = note: expected type `std::option::Option<_>`
Nov 02 05:38:51.517 INFO blam!              found type `std::result::Result<std::option::Option<screeps::memory::MemoryReference>, stdweb::webcore::value::ConversionError>`
Nov 02 05:38:51.517 INFO blam!   = note: this error originates in a macro outside of the current crate (in Nightly builds, run with -Z external-macro-backtrace for more info)
Nov 02 05:38:51.517 INFO blam! 
Nov 02 05:38:51.517 INFO blam! thread 'src/macros.rs - mem_get (line 475)' panicked at 'couldn't compile the test', librustdoc/test.rs:332:13
Nov 02 05:38:51.517 INFO blam! stack backtrace:
Nov 02 05:38:51.517 INFO blam!    0:     0x7fd3cefee75e - std::sys::unix::backtrace::tracing::imp::unwind_backtrace::hf5316c67202e23c8
Nov 02 05:38:51.517 INFO blam!                                at libstd/sys/unix/backtrace/tracing/gcc_s.rs:49
Nov 02 05:38:51.517 INFO blam!    1:     0x7fd3cefc7946 - std::sys_common::backtrace::print::h3068ed2a6dc7ac86
Nov 02 05:38:51.517 INFO blam!                                at libstd/sys_common/backtrace.rs:71
Nov 02 05:38:51.517 INFO blam!                                at libstd/sys_common/backtrace.rs:59
Nov 02 05:38:51.517 INFO blam!    2:     0x7fd3cefc554d - std::panicking::default_hook::{{closure}}::h1b9d29cc09d41897
Nov 02 05:38:51.517 INFO blam!                                at libstd/panicking.rs:211
Nov 02 05:38:51.517 INFO blam!    3:     0x7fd3cefc525b - std::panicking::default_hook::h3a27b204a313406b
Nov 02 05:38:51.517 INFO blam!                                at libstd/panicking.rs:221
Nov 02 05:38:51.517 INFO blam!    4:     0x7fd3d112e9f1 - rustc::util::common::panic_hook::hf9d72254884e6e21
Nov 02 05:38:51.517 INFO blam!    5:     0x7fd3cefc5c53 - std::panicking::rust_panic_with_hook::h0e12cb2fc86d00fa
Nov 02 05:38:51.517 INFO blam!                                at libstd/panicking.rs:481
Nov 02 05:38:51.517 INFO blam!    6:     0x560145e95f56 - std::panicking::begin_panic::h21f1ead623a7b507
Nov 02 05:38:51.517 INFO blam!                                at libstd/panicking.rs:411
Nov 02 05:38:51.517 INFO blam!    7:     0x5601460632c7 - rustdoc::test::Collector::add_test::{{closure}}::{{closure}}::{{closure}}::hed130f7399558a0a
Nov 02 05:38:51.517 INFO blam!                                at librustdoc/test.rs:332
Nov 02 05:38:51.517 INFO blam!                                at librustdoc/test.rs:564
Nov 02 05:38:51.517 INFO blam!    8:     0x56014601cb40 - <scoped_tls::ScopedKey<T>>::set::h8f0919d2f77ba016
Nov 02 05:38:51.517 INFO blam!                                at /cargo/registry/src/github.com-1ecc6299db9ec823/scoped-tls-0.1.2/src/lib.rs:155
Nov 02 05:38:51.517 INFO blam!                                at libsyntax/lib.rs:108
Nov 02 05:38:51.517 INFO blam!                                at /cargo/registry/src/github.com-1ecc6299db9ec823/scoped-tls-0.1.2/src/lib.rs:155
Nov 02 05:38:51.517 INFO blam!    9:     0x560145e45c8d - syntax::with_globals::hd11e81a0116456bb
Nov 02 05:38:51.517 INFO blam!                                at libsyntax/lib.rs:107
Nov 02 05:38:51.517 INFO blam!   10:     0x560145e961a4 - std::panicking::try::do_call::hece5c13d7a24e473
Nov 02 05:38:51.517 INFO blam!                                at librustdoc/test.rs:561
Nov 02 05:38:51.517 INFO blam!                                at libstd/panic.rs:313
Nov 02 05:38:51.517 INFO blam!                                at libstd/panicking.rs:310
Nov 02 05:38:51.517 INFO blam!   11:     0x7fd3cf005469 - __rust_maybe_catch_panic
Nov 02 05:38:51.517 INFO blam!                                at libpanic_unwind/lib.rs:103
Nov 02 05:38:51.517 INFO blam!   12:     0x560145f0dd43 - rustc_driver::in_named_rustc_thread::h2eb14efcd2031db9
Nov 02 05:38:51.517 INFO blam!                                at libstd/panicking.rs:289
Nov 02 05:38:51.517 INFO blam!                                at libstd/panic.rs:392
Nov 02 05:38:51.517 INFO blam!                                at librustc_driver/lib.rs:1574
Nov 02 05:38:51.517 INFO blam!   13:     0x56014603be4c - <F as alloc::boxed::FnBox<A>>::call_box::h1a3519e0a4ef9ca4
Nov 02 05:38:51.517 INFO blam!                                at librustdoc/test.rs:561
Nov 02 05:38:51.517 INFO blam!                                at liballoc/boxed.rs:646
Nov 02 05:38:51.517 INFO blam!   14:     0x7fd3d0649dc2 - <F as alloc::boxed::FnBox<A>>::call_box::h79a77abfa30ef4cc
Nov 02 05:38:51.517 INFO blam!                                at libtest/lib.rs:1454
Nov 02 05:38:51.517 INFO blam!                                at liballoc/boxed.rs:646
Nov 02 05:38:51.517 INFO blam!   15:     0x7fd3cf005469 - __rust_maybe_catch_panic
Nov 02 05:38:51.517 INFO blam!                                at libpanic_unwind/lib.rs:103
Nov 02 05:38:51.517 INFO blam!   16:     0x7fd3d06571fd - std::sys_common::backtrace::__rust_begin_short_backtrace::h470b05235fe5e5ad
Nov 02 05:38:51.517 INFO blam!                                at libstd/panicking.rs:289
Nov 02 05:38:51.517 INFO blam!                                at libstd/panic.rs:392
Nov 02 05:38:51.517 INFO blam!                                at libtest/lib.rs:1416
Nov 02 05:38:51.517 INFO blam!                                at libstd/sys_common/backtrace.rs:136
Nov 02 05:38:51.517 INFO blam!   17:     0x7fd3d0675004 - std::panicking::try::do_call::h1f0578498122cc00
Nov 02 05:38:51.517 INFO blam!                                at libstd/thread/mod.rs:409
Nov 02 05:38:51.517 INFO blam!                                at libstd/panic.rs:313
Nov 02 05:38:51.517 INFO blam!                                at libstd/panicking.rs:310
Nov 02 05:38:51.517 INFO blam!   18:     0x7fd3cf005469 - __rust_maybe_catch_panic
Nov 02 05:38:51.517 INFO blam!                                at libpanic_unwind/lib.rs:103
Nov 02 05:38:51.517 INFO blam!   19:     0x7fd3d0661be6 - <F as alloc::boxed::FnBox<A>>::call_box::h7b129f9f235ab460
Nov 02 05:38:51.518 INFO blam!                                at libstd/panicking.rs:289
Nov 02 05:38:51.518 INFO blam!                                at libstd/panic.rs:392
Nov 02 05:38:51.518 INFO blam!                                at libstd/thread/mod.rs:408
Nov 02 05:38:51.518 INFO blam!                                at liballoc/boxed.rs:646
Nov 02 05:38:51.518 INFO blam!   20:     0x7fd3ceff2c5a - std::sys_common::thread::start_thread::hb77935aee02382da
Nov 02 05:38:51.518 INFO blam!                                at liballoc/boxed.rs:656
Nov 02 05:38:51.518 INFO blam!                                at libstd/sys_common/thread.rs:24
Nov 02 05:38:51.518 INFO blam!   21:     0x7fd3cefc68d5 - std::sys::unix::thread::Thread::new::thread_start::hd61f7429b3de1d75
Nov 02 05:38:51.518 INFO blam!                                at libstd/sys/unix/thread.rs:90
Nov 02 05:38:51.518 INFO blam!   22:     0x7fd3ced5b6b9 - start_thread
Nov 02 05:38:51.518 INFO blam!   23:     0x7fd3ce87b41c - clone
Nov 02 05:38:51.518 INFO blam!   24:                0x0 - <unknown>
Nov 02 05:38:51.518 INFO blam! query stack during panic:
Nov 02 05:38:51.518 INFO blam! end of query stack
Nov 02 05:38:51.518 INFO blam! 
Nov 02 05:38:51.539 INFO blam! 
Nov 02 05:38:51.539 INFO blam! failures:
Nov 02 05:38:51.539 INFO blam!     src/macros.rs - mem_get (line 475)
Nov 02 05:38:51.539 INFO blam!     src/macros.rs - mem_get (line 487)
Nov 02 05:38:51.539 INFO blam!     src/memory.rs - memory (line 26)
Nov 02 05:38:51.539 INFO blam!     src/memory.rs - memory (line 42)
Nov 02 05:38:51.539 INFO blam! 
Nov 02 05:38:51.539 INFO blam! test result: FAILED. 2 passed; 4 failed; 1 ignored; 0 measured; 0 filtered out
Nov 02 05:38:51.539 INFO blam! 
Nov 02 05:38:51.556 INFO kablam! error: test failed, to rerun pass '--doc'
Nov 02 05:38:51.558 INFO kablam! su: No module specific data is present
Nov 02 05:38:52.580 INFO running `"docker" "rm" "-f" "493d43309e6ddd94f749c0c899a977e23bb63f992d8bbcfd4ddb590cf313e260"`
Nov 02 05:38:52.803 INFO blam! 493d43309e6ddd94f749c0c899a977e23bb63f992d8bbcfd4ddb590cf313e260
