Nov 02 07:32:35.380 INFO testing rollbar-0.5.0 against beta-2018-10-30 for beta-1.31-1
Nov 02 07:32:35.380 INFO running `"docker" "create" "-v" "/mnt/big/crater/work/local/target-dirs/beta-1.31-1/worker-6/beta-2018-10-30:/target:rw,Z" "-v" "/mnt/big/crater/work/local/test-source/worker-6/beta-1.31-1/beta-2018-10-30:/source:ro,Z" "-v" "/mnt/big/crater/work/local/cargo-home:/cargo-home:ro,Z" "-v" "/mnt/big/crater/work/local/rustup-home:/rustup-home:ro,Z" "-e" "USER_ID=1000" "-e" "SOURCE_DIR=/source" "-e" "USER_ID=1000" "-e" "CMD=cargo +beta-2018-10-30 build --frozen" "-e" "CARGO_TARGET_DIR=/target" "-e" "CARGO_INCREMENTAL=0" "-e" "RUST_BACKTRACE=full" "-e" "RUSTFLAGS=--cap-lints=warn" "-e" "CARGO_HOME=/cargo-home" "-e" "RUSTUP_HOME=/rustup-home" "-m" "1536M" "--network" "none" "crater"`
Nov 02 07:32:35.751 INFO blam! 152bcc6008d661a6cc721bf1da200ecd2d5ab724ef37e830721f0571c165f225
Nov 02 07:32:35.767 INFO running `"docker" "start" "-a" "152bcc6008d661a6cc721bf1da200ecd2d5ab724ef37e830721f0571c165f225"`
Nov 02 07:32:36.728 INFO kablam! usermod: no changes
Nov 02 07:32:36.963 INFO kablam!    Compiling rollbar v0.5.0 (/source)
Nov 02 07:32:40.870 INFO kablam!     Finished dev [unoptimized + debuginfo] target(s) in 4.11s
Nov 02 07:32:40.883 INFO kablam! su: No module specific data is present
Nov 02 07:32:42.019 INFO running `"docker" "rm" "-f" "152bcc6008d661a6cc721bf1da200ecd2d5ab724ef37e830721f0571c165f225"`
Nov 02 07:32:42.351 INFO blam! 152bcc6008d661a6cc721bf1da200ecd2d5ab724ef37e830721f0571c165f225
Nov 02 07:32:42.356 INFO running `"docker" "create" "-v" "/mnt/big/crater/work/local/target-dirs/beta-1.31-1/worker-6/beta-2018-10-30:/target:rw,Z" "-v" "/mnt/big/crater/work/local/test-source/worker-6/beta-1.31-1/beta-2018-10-30:/source:ro,Z" "-v" "/mnt/big/crater/work/local/cargo-home:/cargo-home:ro,Z" "-v" "/mnt/big/crater/work/local/rustup-home:/rustup-home:ro,Z" "-e" "USER_ID=1000" "-e" "SOURCE_DIR=/source" "-e" "USER_ID=1000" "-e" "CMD=cargo +beta-2018-10-30 test --frozen --no-run" "-e" "CARGO_TARGET_DIR=/target" "-e" "CARGO_INCREMENTAL=0" "-e" "RUST_BACKTRACE=full" "-e" "RUSTFLAGS=--cap-lints=warn" "-e" "CARGO_HOME=/cargo-home" "-e" "RUSTUP_HOME=/rustup-home" "-m" "1536M" "--network" "none" "crater"`
Nov 02 07:32:42.719 INFO blam! 8202815e8463a469d8531cc8e17d7ce86e1dc8815fc89e33a7ebf3dced1fc192
Nov 02 07:32:42.735 INFO running `"docker" "start" "-a" "8202815e8463a469d8531cc8e17d7ce86e1dc8815fc89e33a7ebf3dced1fc192"`
Nov 02 07:32:44.046 INFO kablam! usermod: no changes
Nov 02 07:32:44.219 INFO kablam!    Compiling rollbar v0.5.0 (/source)
Nov 02 07:33:05.373 INFO kablam!     Finished dev [unoptimized + debuginfo] target(s) in 21.28s
Nov 02 07:33:05.393 INFO kablam! su: No module specific data is present
Nov 02 07:33:06.395 INFO running `"docker" "rm" "-f" "8202815e8463a469d8531cc8e17d7ce86e1dc8815fc89e33a7ebf3dced1fc192"`
Nov 02 07:33:06.691 INFO blam! 8202815e8463a469d8531cc8e17d7ce86e1dc8815fc89e33a7ebf3dced1fc192
Nov 02 07:33:06.697 INFO running `"docker" "create" "-v" "/mnt/big/crater/work/local/target-dirs/beta-1.31-1/worker-6/beta-2018-10-30:/target:rw,Z" "-v" "/mnt/big/crater/work/local/test-source/worker-6/beta-1.31-1/beta-2018-10-30:/source:ro,Z" "-v" "/mnt/big/crater/work/local/cargo-home:/cargo-home:ro,Z" "-v" "/mnt/big/crater/work/local/rustup-home:/rustup-home:ro,Z" "-e" "USER_ID=1000" "-e" "SOURCE_DIR=/source" "-e" "USER_ID=1000" "-e" "CMD=cargo +beta-2018-10-30 test --frozen" "-e" "CARGO_TARGET_DIR=/target" "-e" "CARGO_INCREMENTAL=0" "-e" "RUST_BACKTRACE=full" "-e" "RUSTFLAGS=--cap-lints=warn" "-e" "CARGO_HOME=/cargo-home" "-e" "RUSTUP_HOME=/rustup-home" "-m" "1536M" "--network" "none" "crater"`
Nov 02 07:33:07.151 INFO blam! 3062c57b9bf5e09a4d3634299b95c75639024c4a06d283f91e298442fae42564
Nov 02 07:33:07.157 INFO running `"docker" "start" "-a" "3062c57b9bf5e09a4d3634299b95c75639024c4a06d283f91e298442fae42564"`
Nov 02 07:33:08.179 INFO kablam! usermod: no changes
Nov 02 07:33:08.327 INFO kablam!     Finished dev [unoptimized + debuginfo] target(s) in 0.11s
Nov 02 07:33:08.347 INFO kablam!      Running /target/debug/deps/rollbar-29bff527c9fd1de9
Nov 02 07:33:08.351 INFO blam! 
Nov 02 07:33:08.351 INFO blam! running 4 tests
Nov 02 07:33:08.451 INFO blam! test tests::test_report_error ... ok
Nov 02 07:33:08.463 INFO blam! test tests::test_report_message ... ok
Nov 02 07:33:08.594 INFO blam! Your application raised an error:
Nov 02 07:33:08.594 INFO blam! {"access_token":"ACCESS_TOKEN","data":{"body":{"message":{"body":"hai"}},"environment":"ENVIRONMENT","level":"info"}}
Nov 02 07:33:08.594 INFO blam! 
Nov 02 07:33:08.594 INFO blam! Error while sending a report to Rollbar.
Nov 02 07:33:08.594 INFO blam! The error returned by Rollbar was: Io(Custom { kind: Other, error: StringError("failed to lookup address information: Temporary failure in name resolution") }).
Nov 02 07:33:08.594 INFO blam! 
Nov 02 07:33:08.627 INFO blam! test tests::test_response ... FAILED
Nov 02 07:33:08.663 INFO blam! test tests::test_report_panics ... FAILED
Nov 02 07:33:08.663 INFO blam! 
Nov 02 07:33:08.663 INFO blam! failures:
Nov 02 07:33:08.663 INFO blam! 
Nov 02 07:33:08.663 INFO blam! ---- tests::test_report_panics stdout ----
Nov 02 07:33:08.663 INFO blam! thread 'tests::test_report_panics' panicked at 'assertion failed: `(left == right)`
Nov 02 07:33:08.663 INFO blam!   left: `"{\"access_token\":\"ACCESS_TOKEN\",\"data\":{\"body\":{\"trace\":{\"exception\":{\"class\":\"tests::test_report_panics\",\"description\":\"attempt to divide by zero\",\"message\":\"attempt to divide by zero\"},\"frames\":[{\"filename\":\"src/lib.rs\",\"lineno\":769}]}},\"environment\":\"ENVIRONMENT\",\"language\":\"rust\",\"level\":\"info\",\"title\":\"attempt to divide by zero\"}}"`,
Nov 02 07:33:08.663 INFO blam!  right: `"{\"access_token\":\"ACCESS_TOKEN\",\"data\":{\"body\":{\"trace\":{\"exception\":{\"class\":\"tests::test_response\",\"description\":\"Box<Any>\",\"message\":\"Box<Any>\"},\"frames\":[{\"filename\":\"src/lib.rs\",\"lineno\":769}]}},\"environment\":\"ENVIRONMENT\",\"language\":\"rust\",\"level\":\"info\",\"title\":\"Box<Any>\"}}"`', src/lib.rs:675:9
Nov 02 07:33:08.663 INFO blam! stack backtrace:
Nov 02 07:33:08.663 INFO blam!    0:     0x561ca941eddf - std::sys::unix::backtrace::tracing::imp::unwind_backtrace::h3c55afa80a996a32
Nov 02 07:33:08.663 INFO blam!                                at libstd/sys/unix/backtrace/tracing/gcc_s.rs:49
Nov 02 07:33:08.663 INFO blam!    1:     0x561ca9428807 - std::sys_common::backtrace::print::hcef907ea7a07cd40
Nov 02 07:33:08.663 INFO blam!                                at libstd/sys_common/backtrace.rs:71
Nov 02 07:33:08.663 INFO blam!                                at libstd/sys_common/backtrace.rs:59
Nov 02 07:33:08.663 INFO blam!    2:     0x561ca94232df - std::panicking::default_hook::{{closure}}::hf541876c65f36ea7
Nov 02 07:33:08.663 INFO blam!                                at libstd/panicking.rs:211
Nov 02 07:33:08.663 INFO blam!    3:     0x561ca9422fde - std::panicking::default_hook::h4ecc06b30ae4459d
Nov 02 07:33:08.663 INFO blam!                                at libstd/panicking.rs:221
Nov 02 07:33:08.663 INFO blam!    4:     0x561ca94239be - std::panicking::rust_panic_with_hook::h0cc6d9cc9f34a947
Nov 02 07:33:08.663 INFO blam!                                at libstd/panicking.rs:476
Nov 02 07:33:08.663 INFO blam!    5:     0x561ca9423561 - std::panicking::continue_panic_fmt::hc71ad5f01496e320
Nov 02 07:33:08.663 INFO blam!                                at libstd/panicking.rs:390
Nov 02 07:33:08.663 INFO blam!    6:     0x561ca94234ae - std::panicking::begin_panic_fmt::hdb958223ae20ca60
Nov 02 07:33:08.663 INFO blam!                                at libstd/panicking.rs:345
Nov 02 07:33:08.663 INFO blam!    7:     0x561ca91fe262 - rollbar::tests::test_report_panics::hb04863d48d2edd7d
Nov 02 07:33:08.663 INFO blam!                                at src/lib.rs:675
Nov 02 07:33:08.663 INFO blam!    8:     0x561ca91fc779 - rollbar::tests::test_report_panics::{{closure}}::h750e326324db441f
Nov 02 07:33:08.663 INFO blam!                                at src/lib.rs:597
Nov 02 07:33:08.663 INFO blam!    9:     0x561ca91e152d - core::ops::function::FnOnce::call_once::h985f09a712cdc4c5
Nov 02 07:33:08.663 INFO blam!                                at libcore/ops/function.rs:238
Nov 02 07:33:08.663 INFO blam!   10:     0x561ca921462e - <F as alloc::boxed::FnBox<A>>::call_box::hf32558bd83684b60
Nov 02 07:33:08.663 INFO blam!                                at libtest/lib.rs:1468
Nov 02 07:33:08.663 INFO blam!                                at libcore/ops/function.rs:238
Nov 02 07:33:08.663 INFO blam!                                at liballoc/boxed.rs:672
Nov 02 07:33:08.663 INFO blam!   11:     0x561ca9433a39 - __rust_maybe_catch_panic
Nov 02 07:33:08.663 INFO blam!                                at libpanic_unwind/lib.rs:102
Nov 02 07:33:08.663 INFO blam!   12:     0x561ca9236292 - std::sys_common::backtrace::__rust_begin_short_backtrace::h1bb71a7386fd3269
Nov 02 07:33:08.663 INFO blam!                                at libstd/panicking.rs:289
Nov 02 07:33:08.663 INFO blam!                                at libstd/panic.rs:392
Nov 02 07:33:08.663 INFO blam!                                at libtest/lib.rs:1423
Nov 02 07:33:08.663 INFO blam!                                at libstd/sys_common/backtrace.rs:136
Nov 02 07:33:08.663 INFO blam!   13:     0x561ca9236d44 - std::panicking::try::do_call::h9b94719c3074bb5c
Nov 02 07:33:08.663 INFO blam!                                at libstd/thread/mod.rs:409
Nov 02 07:33:08.663 INFO blam!                                at libstd/panic.rs:313
Nov 02 07:33:08.663 INFO blam!                                at libstd/panicking.rs:310
Nov 02 07:33:08.663 INFO blam!   14:     0x561ca9433a39 - __rust_maybe_catch_panic
Nov 02 07:33:08.663 INFO blam!                                at libpanic_unwind/lib.rs:102
Nov 02 07:33:08.663 INFO blam!   15:     0x561ca9223f6c - <F as alloc::boxed::FnBox<A>>::call_box::hb3bcd66d16fd3e84
Nov 02 07:33:08.663 INFO blam!                                at libstd/panicking.rs:289
Nov 02 07:33:08.663 INFO blam!                                at libstd/panic.rs:392
Nov 02 07:33:08.663 INFO blam!                                at libstd/thread/mod.rs:408
Nov 02 07:33:08.663 INFO blam!                                at liballoc/boxed.rs:672
Nov 02 07:33:08.663 INFO blam!   16:     0x561ca9420cdd - std::sys_common::thread::start_thread::had0c80d121669d29
Nov 02 07:33:08.663 INFO blam!                                at liballoc/boxed.rs:682
Nov 02 07:33:08.663 INFO blam!                                at libstd/sys_common/thread.rs:24
Nov 02 07:33:08.663 INFO blam!   17:     0x561ca9413fb5 - std::sys::unix::thread::Thread::new::thread_start::h4a5b66a70d76f47f
Nov 02 07:33:08.663 INFO blam!                                at libstd/sys/unix/thread.rs:90
Nov 02 07:33:08.663 INFO blam!   18:     0x7f2e5fec96b9 - start_thread
Nov 02 07:33:08.663 INFO blam!   19:     0x7f2e5f9e941c - clone
Nov 02 07:33:08.663 INFO blam!   20:                0x0 - <unknown>
Nov 02 07:33:08.663 INFO blam! 
Nov 02 07:33:08.663 INFO blam! 
Nov 02 07:33:08.663 INFO blam! failures:
Nov 02 07:33:08.663 INFO blam!     tests::test_report_panics
Nov 02 07:33:08.663 INFO blam!     tests::test_response
Nov 02 07:33:08.663 INFO blam! 
Nov 02 07:33:08.663 INFO blam! test result: FAILED. 2 passed; 2 failed; 0 ignored; 0 measured; 0 filtered out
Nov 02 07:33:08.663 INFO blam! 
Nov 02 07:33:08.680 INFO kablam! error: test failed, to rerun pass '--lib'
Nov 02 07:33:08.681 INFO kablam! su: No module specific data is present
Nov 02 07:33:09.688 INFO running `"docker" "rm" "-f" "3062c57b9bf5e09a4d3634299b95c75639024c4a06d283f91e298442fae42564"`
Nov 02 07:33:10.059 INFO blam! 3062c57b9bf5e09a4d3634299b95c75639024c4a06d283f91e298442fae42564
