Nov 02 07:35:33.688 INFO testing robinhood-0.1.1-alpha.1 against 1.30.0 for beta-1.31-1
Nov 02 07:35:33.688 INFO running `"docker" "create" "-v" "/mnt/big/crater/work/local/target-dirs/beta-1.31-1/worker-3/1.30.0:/target:rw,Z" "-v" "/mnt/big/crater/work/local/test-source/worker-3/beta-1.31-1/1.30.0:/source:ro,Z" "-v" "/mnt/big/crater/work/local/cargo-home:/cargo-home:ro,Z" "-v" "/mnt/big/crater/work/local/rustup-home:/rustup-home:ro,Z" "-e" "USER_ID=1000" "-e" "SOURCE_DIR=/source" "-e" "USER_ID=1000" "-e" "CMD=cargo +1.30.0 build --frozen" "-e" "CARGO_TARGET_DIR=/target" "-e" "CARGO_INCREMENTAL=0" "-e" "RUST_BACKTRACE=full" "-e" "RUSTFLAGS=--cap-lints=warn" "-e" "CARGO_HOME=/cargo-home" "-e" "RUSTUP_HOME=/rustup-home" "-m" "1536M" "--network" "none" "crater"`
Nov 02 07:35:33.954 INFO blam! 19a489a84f2551edf293d61140e1e7a7846c91597ce006af8eed9bdb54da0b2e
Nov 02 07:35:33.955 INFO running `"docker" "start" "-a" "19a489a84f2551edf293d61140e1e7a7846c91597ce006af8eed9bdb54da0b2e"`
Nov 02 07:35:34.530 INFO kablam! usermod: no changes
Nov 02 07:35:34.837 INFO kablam!    Compiling error-chain v0.10.0
Nov 02 07:35:36.109 INFO kablam!    Compiling robinhood v0.1.1-alpha.1 (/source)
Nov 02 07:35:48.720 INFO kablam!     Finished dev [unoptimized + debuginfo] target(s) in 14.17s
Nov 02 07:35:48.743 INFO kablam! su: No module specific data is present
Nov 02 07:35:49.560 INFO running `"docker" "rm" "-f" "19a489a84f2551edf293d61140e1e7a7846c91597ce006af8eed9bdb54da0b2e"`
Nov 02 07:35:49.675 INFO blam! 19a489a84f2551edf293d61140e1e7a7846c91597ce006af8eed9bdb54da0b2e
Nov 02 07:35:49.680 INFO running `"docker" "create" "-v" "/mnt/big/crater/work/local/target-dirs/beta-1.31-1/worker-3/1.30.0:/target:rw,Z" "-v" "/mnt/big/crater/work/local/test-source/worker-3/beta-1.31-1/1.30.0:/source:ro,Z" "-v" "/mnt/big/crater/work/local/cargo-home:/cargo-home:ro,Z" "-v" "/mnt/big/crater/work/local/rustup-home:/rustup-home:ro,Z" "-e" "USER_ID=1000" "-e" "SOURCE_DIR=/source" "-e" "USER_ID=1000" "-e" "CMD=cargo +1.30.0 test --frozen --no-run" "-e" "CARGO_TARGET_DIR=/target" "-e" "CARGO_INCREMENTAL=0" "-e" "RUST_BACKTRACE=full" "-e" "RUSTFLAGS=--cap-lints=warn" "-e" "CARGO_HOME=/cargo-home" "-e" "RUSTUP_HOME=/rustup-home" "-m" "1536M" "--network" "none" "crater"`
Nov 02 07:35:49.915 INFO blam! 32a5290c4e094fcad140d020074f57b495e4c9eb2f392159c6a5baeac59f8be0
Nov 02 07:35:49.917 INFO running `"docker" "start" "-a" "32a5290c4e094fcad140d020074f57b495e4c9eb2f392159c6a5baeac59f8be0"`
Nov 02 07:35:50.419 INFO kablam! usermod: no changes
Nov 02 07:35:50.597 INFO kablam!    Compiling robinhood v0.1.1-alpha.1 (/source)
Nov 02 07:36:03.341 INFO kablam!     Finished dev [unoptimized + debuginfo] target(s) in 12.91s
Nov 02 07:36:03.356 INFO kablam! su: No module specific data is present
Nov 02 07:36:03.911 INFO running `"docker" "rm" "-f" "32a5290c4e094fcad140d020074f57b495e4c9eb2f392159c6a5baeac59f8be0"`
Nov 02 07:36:04.126 INFO blam! 32a5290c4e094fcad140d020074f57b495e4c9eb2f392159c6a5baeac59f8be0
Nov 02 07:36:04.130 INFO running `"docker" "create" "-v" "/mnt/big/crater/work/local/target-dirs/beta-1.31-1/worker-3/1.30.0:/target:rw,Z" "-v" "/mnt/big/crater/work/local/test-source/worker-3/beta-1.31-1/1.30.0:/source:ro,Z" "-v" "/mnt/big/crater/work/local/cargo-home:/cargo-home:ro,Z" "-v" "/mnt/big/crater/work/local/rustup-home:/rustup-home:ro,Z" "-e" "USER_ID=1000" "-e" "SOURCE_DIR=/source" "-e" "USER_ID=1000" "-e" "CMD=cargo +1.30.0 test --frozen" "-e" "CARGO_TARGET_DIR=/target" "-e" "CARGO_INCREMENTAL=0" "-e" "RUST_BACKTRACE=full" "-e" "RUSTFLAGS=--cap-lints=warn" "-e" "CARGO_HOME=/cargo-home" "-e" "RUSTUP_HOME=/rustup-home" "-m" "1536M" "--network" "none" "crater"`
Nov 02 07:36:04.399 INFO blam! 434203325ef3d7b2ba270f508041ba3f4c4b3f9f257b17b4c8c12e4e3428bb2d
Nov 02 07:36:04.401 INFO running `"docker" "start" "-a" "434203325ef3d7b2ba270f508041ba3f4c4b3f9f257b17b4c8c12e4e3428bb2d"`
Nov 02 07:36:04.820 INFO kablam! usermod: no changes
Nov 02 07:36:05.012 INFO kablam!     Finished dev [unoptimized + debuginfo] target(s) in 0.14s
Nov 02 07:36:05.013 INFO kablam!      Running /target/debug/deps/robinhood-25a6df774951dbac
Nov 02 07:36:05.031 INFO blam! 
Nov 02 07:36:05.031 INFO blam! running 6 tests
Nov 02 07:36:05.031 INFO blam! test test_order_builder::order_builder ... ok
Nov 02 07:36:05.031 INFO blam! test tests::it_works ... ok
Nov 02 07:36:05.038 INFO blam! test test_order_builder::client_builder_bad_login ... ok
Nov 02 07:36:05.082 INFO blam! test test_client_builder::client_builder ... ok
Nov 02 07:36:05.240 INFO blam! test test_client_builder::client_builder_bad_login ... ok
Nov 02 07:36:05.241 INFO blam! test test_instruments::grab_instruments ... FAILED
Nov 02 07:36:05.241 INFO blam! 
Nov 02 07:36:05.241 INFO blam! failures:
Nov 02 07:36:05.241 INFO blam! 
Nov 02 07:36:05.241 INFO blam! ---- test_instruments::grab_instruments stdout ----
Nov 02 07:36:05.241 INFO blam! Instruments {
Nov 02 07:36:05.241 INFO blam!     results: IntoIter(
Nov 02 07:36:05.241 INFO blam!         []
Nov 02 07:36:05.241 INFO blam!     ),
Nov 02 07:36:05.241 INFO blam!     next: Some(
Nov 02 07:36:05.241 INFO blam!         "https://api.robinhood.com/instruments/"
Nov 02 07:36:05.241 INFO blam!     ),
Nov 02 07:36:05.241 INFO blam!     client: Client
Nov 02 07:36:05.241 INFO blam! }
Nov 02 07:36:05.241 INFO blam! Instrument: Err(
Nov 02 07:36:05.241 INFO blam!     Error(
Nov 02 07:36:05.241 INFO blam!         Reqwest(
Nov 02 07:36:05.241 INFO blam!             Error {
Nov 02 07:36:05.241 INFO blam!                 kind: Io(
Nov 02 07:36:05.241 INFO blam!                     Custom {
Nov 02 07:36:05.241 INFO blam!                         kind: Other,
Nov 02 07:36:05.241 INFO blam!                         error: StringError(
Nov 02 07:36:05.241 INFO blam!                             "failed to lookup address information: Temporary failure in name resolution"
Nov 02 07:36:05.241 INFO blam!                         )
Nov 02 07:36:05.241 INFO blam!                     }
Nov 02 07:36:05.241 INFO blam!                 ),
Nov 02 07:36:05.241 INFO blam!                 url: Some(
Nov 02 07:36:05.241 INFO blam!                     "https://api.robinhood.com/instruments/"
Nov 02 07:36:05.241 INFO blam!                 )
Nov 02 07:36:05.241 INFO blam!             }
Nov 02 07:36:05.241 INFO blam!         ),
Nov 02 07:36:05.241 INFO blam!         State {
Nov 02 07:36:05.241 INFO blam!             next_error: None,
Nov 02 07:36:05.241 INFO blam!             backtrace: Some(
Nov 02 07:36:05.241 INFO blam!                 stack backtrace:
Nov 02 07:36:05.241 INFO blam!                    0:     0x55ed3f9e2125 - backtrace::backtrace::libunwind::trace::h1be80d204973f767
Nov 02 07:36:05.241 INFO blam!                                         at /cargo-home/registry/src/github.com-1ecc6299db9ec823/backtrace-0.3.9/src/backtrace/libunwind.rs:53
Nov 02 07:36:05.241 INFO blam!                                          - backtrace::backtrace::trace::hc2cd1a4a754271e5
Nov 02 07:36:05.241 INFO blam!                                         at /cargo-home/registry/src/github.com-1ecc6299db9ec823/backtrace-0.3.9/src/backtrace/mod.rs:42
Nov 02 07:36:05.241 INFO blam!                    1:     0x55ed3f9dcfee - backtrace::capture::Backtrace::new_unresolved::h910583233dba78c1
Nov 02 07:36:05.241 INFO blam!                                         at /cargo-home/registry/src/github.com-1ecc6299db9ec823/backtrace-0.3.9/src/capture.rs:88
Nov 02 07:36:05.241 INFO blam!                    2:     0x55ed3f9dcf4c - backtrace::capture::Backtrace::new::h97e9f53500c4bfc2
Nov 02 07:36:05.241 INFO blam!                                         at /cargo-home/registry/src/github.com-1ecc6299db9ec823/backtrace-0.3.9/src/capture.rs:63
Nov 02 07:36:05.241 INFO blam!                    3:     0x55ed3f9dba13 - error_chain::make_backtrace::h6ff65ce79d622590
Nov 02 07:36:05.241 INFO blam!                                         at /cargo-home/registry/src/github.com-1ecc6299db9ec823/error-chain-0.10.0/src/lib.rs:417
Nov 02 07:36:05.241 INFO blam!                    4:     0x55ed3f9dbabe - <error_chain::State as core::default::Default>::default::hfccc618ae15daa18
Nov 02 07:36:05.241 INFO blam!                                         at /cargo-home/registry/src/github.com-1ecc6299db9ec823/error-chain-0.10.0/src/lib.rs:504
Nov 02 07:36:05.241 INFO blam!                    5:     0x55ed3f540887 - robinhood::Error::from_kind::h1ca9eb53468bb800
Nov 02 07:36:05.241 INFO blam!                                         at /source/<::error_chain::error_chain::error_chain_processed macros>:52
Nov 02 07:36:05.241 INFO blam!                    6:     0x55ed3f540982 - <robinhood::Error as core::convert::From<reqwest::error::Error>>::from::h6074dae8d6858e24
Nov 02 07:36:05.241 INFO blam!                                         at src/lib.rs:57
Nov 02 07:36:05.241 INFO blam!                    7:     0x55ed3f54b093 - robinhood::Instruments::try_next::h2d06b525aa12a3d1
Nov 02 07:36:05.241 INFO blam!                                         at src/macros.rs:86
Nov 02 07:36:05.241 INFO blam!                    8:     0x55ed3f54b869 - <robinhood::Instruments as core::iter::iterator::Iterator>::next::h821514db27b43f1d
Nov 02 07:36:05.241 INFO blam!                                         at src/macros.rs:104
Nov 02 07:36:05.241 INFO blam!                    9:     0x55ed3f577c47 - <core::iter::Take<I> as core::iter::iterator::Iterator>::next::hb20a1728da30909b
Nov 02 07:36:05.241 INFO blam!                                         at libcore/iter/mod.rs:2366
Nov 02 07:36:05.241 INFO blam!                   10:     0x55ed3f5783cd - robinhood::test_instruments::grab_instruments::h1ef680e820df678e
Nov 02 07:36:05.241 INFO blam!                                         at src/lib.rs:599
Nov 02 07:36:05.241 INFO blam!                   11:     0x55ed3f5781d9 - robinhood::test_instruments::grab_instruments::{{closure}}::hc1b2fbe5041bdf76
Nov 02 07:36:05.241 INFO blam!                                         at src/lib.rs:593
Nov 02 07:36:05.241 INFO blam!                   12:     0x55ed3f58a34d - core::ops::function::FnOnce::call_once::ha0611042ff6ed9e8
Nov 02 07:36:05.241 INFO blam!                                         at libcore/ops/function.rs:238
Nov 02 07:36:05.241 INFO blam!                   13:     0x55ed3f59a72e - test::run_test::{{closure}}::hf4068a250838d27b
Nov 02 07:36:05.241 INFO blam!                                         at libtest/lib.rs:1461
Nov 02 07:36:05.241 INFO blam!                                          - core::ops::function::FnOnce::call_once::hdfd4feedf352750f
Nov 02 07:36:05.241 INFO blam!                                         at libcore/ops/function.rs:238
Nov 02 07:36:05.241 INFO blam!                                          - <F as alloc::boxed::FnBox<A>>::call_box::ha9910eac2d17ff23
Nov 02 07:36:05.241 INFO blam!                                         at liballoc/boxed.rs:646
Nov 02 07:36:05.241 INFO blam!                   14:     0x55ed3fa29289 - __rust_maybe_catch_panic
Nov 02 07:36:05.241 INFO blam!                                         at libpanic_unwind/lib.rs:103
Nov 02 07:36:05.241 INFO blam!                   15:     0x55ed3f5a603d - std::panicking::try::hd0ee8dcb07136cac
Nov 02 07:36:05.241 INFO blam!                                         at libstd/panicking.rs:289
Nov 02 07:36:05.241 INFO blam!                                          - std::panic::catch_unwind::h3d4bd0497112eda5
Nov 02 07:36:05.241 INFO blam!                                         at libstd/panic.rs:392
Nov 02 07:36:05.241 INFO blam!                                          - test::run_test::run_test_inner::{{closure}}::h260797d90c7e6a75
Nov 02 07:36:05.241 INFO blam!                                         at libtest/lib.rs:1416
Nov 02 07:36:05.241 INFO blam!                                          - std::sys_common::backtrace::__rust_begin_short_backtrace::h470b05235fe5e5ad
Nov 02 07:36:05.241 INFO blam!                                         at libstd/sys_common/backtrace.rs:136
Nov 02 07:36:05.242 INFO blam!                   16:     0x55ed3f5be674 - std::thread::Builder::spawn::{{closure}}::{{closure}}::h7b31ebf82e700f54
Nov 02 07:36:05.242 INFO blam!                                         at libstd/thread/mod.rs:409
Nov 02 07:36:05.242 INFO blam!                                          - <std::panic::AssertUnwindSafe<F> as core::ops::function::FnOnce<()>>::call_once::hd582f65cf50021bb
Nov 02 07:36:05.242 INFO blam!                                         at libstd/panic.rs:313
Nov 02 07:36:05.242 INFO blam!                                          - std::panicking::try::do_call::h1f0578498122cc00
Nov 02 07:36:05.242 INFO blam!                                         at libstd/panicking.rs:310
Nov 02 07:36:05.242 INFO blam!                   17:     0x55ed3fa29289 - __rust_maybe_catch_panic
Nov 02 07:36:05.242 INFO blam!                                         at libpanic_unwind/lib.rs:103
Nov 02 07:36:05.242 INFO blam!                   18:     0x55ed3f5aef46 - std::panicking::try::h98677b2e7ed3000c
Nov 02 07:36:05.242 INFO blam!                                         at libstd/panicking.rs:289
Nov 02 07:36:05.242 INFO blam!                                          - std::panic::catch_unwind::hc09c3094254e9a1f
Nov 02 07:36:05.242 INFO blam!                                         at libstd/panic.rs:392
Nov 02 07:36:05.242 INFO blam!                                          - std::thread::Builder::spawn::{{closure}}::h34f16bcb619e5d45
Nov 02 07:36:05.242 INFO blam!                                         at libstd/thread/mod.rs:408
Nov 02 07:36:05.242 INFO blam!                                          - <F as alloc::boxed::FnBox<A>>::call_box::h7b129f9f235ab460
Nov 02 07:36:05.242 INFO blam!                                         at liballoc/boxed.rs:646
Nov 02 07:36:05.242 INFO blam!                   19:     0x55ed3fa1be2a - <alloc::boxed::Box<(dyn alloc::boxed::FnBox<A, Output=R> + 'a)> as core::ops::function::FnOnce<A>>::call_once::hd022a0500f5eee13
Nov 02 07:36:05.242 INFO blam!                                         at liballoc/boxed.rs:656
Nov 02 07:36:05.242 INFO blam!                                          - std::sys_common::thread::start_thread::hb77935aee02382da
Nov 02 07:36:05.242 INFO blam!                                         at libstd/sys_common/thread.rs:24
Nov 02 07:36:05.242 INFO blam!                   20:     0x55ed3fa0a7b5 - std::sys::unix::thread::Thread::new::thread_start::hd61f7429b3de1d75
Nov 02 07:36:05.242 INFO blam!                                         at libstd/sys/unix/thread.rs:90
Nov 02 07:36:05.242 INFO blam!                   21:     0x7f73d76cc6b9 - start_thread
Nov 02 07:36:05.242 INFO blam!                   22:     0x7f73d71ec41c - clone
Nov 02 07:36:05.242 INFO blam!                   23:                0x0 - <unknown>
Nov 02 07:36:05.242 INFO blam!             )
Nov 02 07:36:05.242 INFO blam!         }
Nov 02 07:36:05.242 INFO blam!     )
Nov 02 07:36:05.242 INFO blam! )
Nov 02 07:36:05.242 INFO blam! thread 'test_instruments::grab_instruments' panicked at 'assertion failed: instrument.is_ok()', src/lib.rs:601:13
Nov 02 07:36:05.242 INFO blam! stack backtrace:
Nov 02 07:36:05.242 INFO blam!    0:     0x55ed3fa1a29e - std::sys::unix::backtrace::tracing::imp::unwind_backtrace::hf5316c67202e23c8
Nov 02 07:36:05.242 INFO blam!                                at libstd/sys/unix/backtrace/tracing/gcc_s.rs:49
Nov 02 07:36:05.242 INFO blam!    1:     0x55ed3fa0b616 - std::sys_common::backtrace::print::h3068ed2a6dc7ac86
Nov 02 07:36:05.242 INFO blam!                                at libstd/sys_common/backtrace.rs:71
Nov 02 07:36:05.242 INFO blam!                                at libstd/sys_common/backtrace.rs:59
Nov 02 07:36:05.242 INFO blam!    2:     0x55ed3fa0988d - std::panicking::default_hook::{{closure}}::h1b9d29cc09d41897
Nov 02 07:36:05.242 INFO blam!                                at libstd/panicking.rs:211
Nov 02 07:36:05.242 INFO blam!    3:     0x55ed3fa0959b - std::panicking::default_hook::h3a27b204a313406b
Nov 02 07:36:05.242 INFO blam!                                at libstd/panicking.rs:221
Nov 02 07:36:05.242 INFO blam!    4:     0x55ed3fa09f3c - std::panicking::rust_panic_with_hook::h0e12cb2fc86d00fa
Nov 02 07:36:05.242 INFO blam!                                at libstd/panicking.rs:477
Nov 02 07:36:05.242 INFO blam!    5:     0x55ed3f7c61df - std::panicking::begin_panic::h4681d4ad658555f4
Nov 02 07:36:05.242 INFO blam!                                at libstd/panicking.rs:411
Nov 02 07:36:05.242 INFO blam!    6:     0x55ed3f5785dc - robinhood::test_instruments::grab_instruments::h1ef680e820df678e
Nov 02 07:36:05.242 INFO blam!                                at src/lib.rs:601
Nov 02 07:36:05.242 INFO blam!    7:     0x55ed3f5781d9 - robinhood::test_instruments::grab_instruments::{{closure}}::hc1b2fbe5041bdf76
Nov 02 07:36:05.242 INFO blam!                                at src/lib.rs:593
Nov 02 07:36:05.242 INFO blam!    8:     0x55ed3f58a34d - core::ops::function::FnOnce::call_once::ha0611042ff6ed9e8
Nov 02 07:36:05.242 INFO blam!                                at libcore/ops/function.rs:238
Nov 02 07:36:05.242 INFO blam!    9:     0x55ed3f59a72e - <F as alloc::boxed::FnBox<A>>::call_box::ha9910eac2d17ff23
Nov 02 07:36:05.242 INFO blam!                                at libtest/lib.rs:1461
Nov 02 07:36:05.242 INFO blam!                                at libcore/ops/function.rs:238
Nov 02 07:36:05.242 INFO blam!                                at liballoc/boxed.rs:646
Nov 02 07:36:05.242 INFO blam!   10:     0x55ed3fa29289 - __rust_maybe_catch_panic
Nov 02 07:36:05.242 INFO blam!                                at libpanic_unwind/lib.rs:103
Nov 02 07:36:05.242 INFO blam!   11:     0x55ed3f5a603d - std::sys_common::backtrace::__rust_begin_short_backtrace::h470b05235fe5e5ad
Nov 02 07:36:05.242 INFO blam!                                at libstd/panicking.rs:289
Nov 02 07:36:05.242 INFO blam!                                at libstd/panic.rs:392
Nov 02 07:36:05.242 INFO blam!                                at libtest/lib.rs:1416
Nov 02 07:36:05.242 INFO blam!                                at libstd/sys_common/backtrace.rs:136
Nov 02 07:36:05.242 INFO blam!   12:     0x55ed3f5be674 - std::panicking::try::do_call::h1f0578498122cc00
Nov 02 07:36:05.242 INFO blam!                                at libstd/thread/mod.rs:409
Nov 02 07:36:05.242 INFO blam!                                at libstd/panic.rs:313
Nov 02 07:36:05.242 INFO blam!                                at libstd/panicking.rs:310
Nov 02 07:36:05.242 INFO blam!   13:     0x55ed3fa29289 - __rust_maybe_catch_panic
Nov 02 07:36:05.242 INFO blam!                                at libpanic_unwind/lib.rs:103
Nov 02 07:36:05.242 INFO blam!   14:     0x55ed3f5aef46 - <F as alloc::boxed::FnBox<A>>::call_box::h7b129f9f235ab460
Nov 02 07:36:05.242 INFO blam!                                at libstd/panicking.rs:289
Nov 02 07:36:05.242 INFO blam!                                at libstd/panic.rs:392
Nov 02 07:36:05.242 INFO blam!                                at libstd/thread/mod.rs:408
Nov 02 07:36:05.242 INFO blam!                                at liballoc/boxed.rs:646
Nov 02 07:36:05.242 INFO blam!   15:     0x55ed3fa1be2a - std::sys_common::thread::start_thread::hb77935aee02382da
Nov 02 07:36:05.242 INFO blam!                                at liballoc/boxed.rs:656
Nov 02 07:36:05.242 INFO blam!                                at libstd/sys_common/thread.rs:24
Nov 02 07:36:05.242 INFO blam!   16:     0x55ed3fa0a7b5 - std::sys::unix::thread::Thread::new::thread_start::hd61f7429b3de1d75
Nov 02 07:36:05.242 INFO blam!                                at libstd/sys/unix/thread.rs:90
Nov 02 07:36:05.242 INFO blam!   17:     0x7f73d76cc6b9 - start_thread
Nov 02 07:36:05.242 INFO blam!   18:     0x7f73d71ec41c - clone
Nov 02 07:36:05.242 INFO blam!   19:                0x0 - <unknown>
Nov 02 07:36:05.243 INFO blam! 
Nov 02 07:36:05.243 INFO blam! 
Nov 02 07:36:05.243 INFO blam! failures:
Nov 02 07:36:05.243 INFO blam!     test_instruments::grab_instruments
Nov 02 07:36:05.243 INFO blam! 
Nov 02 07:36:05.243 INFO blam! test result: FAILED. 5 passed; 1 failed; 0 ignored; 0 measured; 0 filtered out
Nov 02 07:36:05.243 INFO blam! 
Nov 02 07:36:05.268 INFO kablam! error: test failed, to rerun pass '--lib'
Nov 02 07:36:05.269 INFO kablam! su: No module specific data is present
Nov 02 07:36:05.739 INFO running `"docker" "rm" "-f" "434203325ef3d7b2ba270f508041ba3f4c4b3f9f257b17b4c8c12e4e3428bb2d"`
Nov 02 07:36:05.911 INFO blam! 434203325ef3d7b2ba270f508041ba3f4c4b3f9f257b17b4c8c12e4e3428bb2d
