Nov 02 08:16:47.096 INFO testing re_animatr-0.1.0 against beta-2018-10-30 for beta-1.31-1
Nov 02 08:16:47.096 INFO running `"docker" "create" "-v" "/mnt/big/crater/work/local/target-dirs/beta-1.31-1/worker-4/beta-2018-10-30:/target:rw,Z" "-v" "/mnt/big/crater/work/local/test-source/worker-4/beta-1.31-1/beta-2018-10-30:/source:ro,Z" "-v" "/mnt/big/crater/work/local/cargo-home:/cargo-home:ro,Z" "-v" "/mnt/big/crater/work/local/rustup-home:/rustup-home:ro,Z" "-e" "USER_ID=1000" "-e" "SOURCE_DIR=/source" "-e" "USER_ID=1000" "-e" "CMD=cargo +beta-2018-10-30 build --frozen" "-e" "CARGO_TARGET_DIR=/target" "-e" "CARGO_INCREMENTAL=0" "-e" "RUST_BACKTRACE=full" "-e" "RUSTFLAGS=--cap-lints=warn" "-e" "CARGO_HOME=/cargo-home" "-e" "RUSTUP_HOME=/rustup-home" "-m" "1536M" "--network" "none" "crater"`
Nov 02 08:16:47.499 INFO blam! 1cde9b30777cb2fc695de1f4fc87486d5f6a0ceaadf444ecf756c94f11f4bbc9
Nov 02 08:16:47.515 INFO running `"docker" "start" "-a" "1cde9b30777cb2fc695de1f4fc87486d5f6a0ceaadf444ecf756c94f11f4bbc9"`
Nov 02 08:16:48.483 INFO kablam! usermod: no changes
Nov 02 08:16:48.567 INFO kablam!    Compiling re_animatr v0.1.0 (/source)
Nov 02 08:16:49.152 INFO kablam!     Finished dev [unoptimized + debuginfo] target(s) in 0.61s
Nov 02 08:16:49.157 INFO kablam! su: No module specific data is present
Nov 02 08:16:49.723 INFO running `"docker" "rm" "-f" "1cde9b30777cb2fc695de1f4fc87486d5f6a0ceaadf444ecf756c94f11f4bbc9"`
Nov 02 08:16:49.964 INFO blam! 1cde9b30777cb2fc695de1f4fc87486d5f6a0ceaadf444ecf756c94f11f4bbc9
Nov 02 08:16:49.977 INFO running `"docker" "create" "-v" "/mnt/big/crater/work/local/target-dirs/beta-1.31-1/worker-4/beta-2018-10-30:/target:rw,Z" "-v" "/mnt/big/crater/work/local/test-source/worker-4/beta-1.31-1/beta-2018-10-30:/source:ro,Z" "-v" "/mnt/big/crater/work/local/cargo-home:/cargo-home:ro,Z" "-v" "/mnt/big/crater/work/local/rustup-home:/rustup-home:ro,Z" "-e" "USER_ID=1000" "-e" "SOURCE_DIR=/source" "-e" "USER_ID=1000" "-e" "CMD=cargo +beta-2018-10-30 test --frozen --no-run" "-e" "CARGO_TARGET_DIR=/target" "-e" "CARGO_INCREMENTAL=0" "-e" "RUST_BACKTRACE=full" "-e" "RUSTFLAGS=--cap-lints=warn" "-e" "CARGO_HOME=/cargo-home" "-e" "RUSTUP_HOME=/rustup-home" "-m" "1536M" "--network" "none" "crater"`
Nov 02 08:16:50.451 INFO blam! 58c980c120dfb2254644af14c0732aa09707b7495db3652cc9ab1d8e7e6fc251
Nov 02 08:16:50.455 INFO running `"docker" "start" "-a" "58c980c120dfb2254644af14c0732aa09707b7495db3652cc9ab1d8e7e6fc251"`
Nov 02 08:16:51.727 INFO kablam! usermod: no changes
Nov 02 08:16:51.783 INFO kablam!    Compiling re_animatr v0.1.0 (/source)
Nov 02 08:16:53.877 INFO kablam!     Finished dev [unoptimized + debuginfo] target(s) in 2.12s
Nov 02 08:16:53.881 INFO kablam! su: No module specific data is present
Nov 02 08:16:54.447 INFO running `"docker" "rm" "-f" "58c980c120dfb2254644af14c0732aa09707b7495db3652cc9ab1d8e7e6fc251"`
Nov 02 08:16:54.732 INFO blam! 58c980c120dfb2254644af14c0732aa09707b7495db3652cc9ab1d8e7e6fc251
Nov 02 08:16:54.744 INFO running `"docker" "create" "-v" "/mnt/big/crater/work/local/target-dirs/beta-1.31-1/worker-4/beta-2018-10-30:/target:rw,Z" "-v" "/mnt/big/crater/work/local/test-source/worker-4/beta-1.31-1/beta-2018-10-30:/source:ro,Z" "-v" "/mnt/big/crater/work/local/cargo-home:/cargo-home:ro,Z" "-v" "/mnt/big/crater/work/local/rustup-home:/rustup-home:ro,Z" "-e" "USER_ID=1000" "-e" "SOURCE_DIR=/source" "-e" "USER_ID=1000" "-e" "CMD=cargo +beta-2018-10-30 test --frozen" "-e" "CARGO_TARGET_DIR=/target" "-e" "CARGO_INCREMENTAL=0" "-e" "RUST_BACKTRACE=full" "-e" "RUSTFLAGS=--cap-lints=warn" "-e" "CARGO_HOME=/cargo-home" "-e" "RUSTUP_HOME=/rustup-home" "-m" "1536M" "--network" "none" "crater"`
Nov 02 08:16:55.167 INFO blam! 66216e816b7dd2392b38a7cdcdeb884b38364d2dab269a93f540b6df0c5ec79c
Nov 02 08:16:55.187 INFO running `"docker" "start" "-a" "66216e816b7dd2392b38a7cdcdeb884b38364d2dab269a93f540b6df0c5ec79c"`
Nov 02 08:16:56.354 INFO kablam! usermod: no changes
Nov 02 08:16:56.427 INFO kablam!     Finished dev [unoptimized + debuginfo] target(s) in 0.03s
Nov 02 08:16:56.441 INFO kablam!      Running /target/debug/deps/re_animatr-e1ef6be4d7cd45a4
Nov 02 08:16:56.442 INFO blam! 
Nov 02 08:16:56.442 INFO blam! running 5 tests
Nov 02 08:16:56.459 INFO blam! test tests::test_add ... ok
Nov 02 08:16:56.459 INFO blam! test tests::test_new ... ok
Nov 02 08:16:56.817 INFO blam! test tests::test_receive2 ... ok
Nov 02 08:16:56.959 INFO blam! Error when sending to channel: sending on a closed channel
Nov 02 08:16:57.131 INFO blam! test tests::test_update ... FAILED
Nov 02 08:16:59.573 INFO blam! test tests::test_receive ... ok
Nov 02 08:16:59.573 INFO blam! 
Nov 02 08:16:59.573 INFO blam! failures:
Nov 02 08:16:59.573 INFO blam! 
Nov 02 08:16:59.573 INFO blam! ---- tests::test_update stdout ----
Nov 02 08:16:59.573 INFO blam! thread 'tests::test_update' panicked at 'assertion failed: `(left == right)`
Nov 02 08:16:59.573 INFO blam!   left: `0`,
Nov 02 08:16:59.573 INFO blam!  right: `2`', src/lib.rs:169:9
Nov 02 08:16:59.573 INFO blam! stack backtrace:
Nov 02 08:16:59.573 INFO blam!    0:     0x55e3c434661f - std::sys::unix::backtrace::tracing::imp::unwind_backtrace::h3c55afa80a996a32
Nov 02 08:16:59.573 INFO blam!                                at libstd/sys/unix/backtrace/tracing/gcc_s.rs:49
Nov 02 08:16:59.573 INFO blam!    1:     0x55e3c434f647 - std::sys_common::backtrace::print::hcef907ea7a07cd40
Nov 02 08:16:59.573 INFO blam!                                at libstd/sys_common/backtrace.rs:71
Nov 02 08:16:59.574 INFO blam!                                at libstd/sys_common/backtrace.rs:59
Nov 02 08:16:59.574 INFO blam!    2:     0x55e3c434a32f - std::panicking::default_hook::{{closure}}::hf541876c65f36ea7
Nov 02 08:16:59.574 INFO blam!                                at libstd/panicking.rs:211
Nov 02 08:16:59.574 INFO blam!    3:     0x55e3c434a02e - std::panicking::default_hook::h4ecc06b30ae4459d
Nov 02 08:16:59.574 INFO blam!                                at libstd/panicking.rs:221
Nov 02 08:16:59.574 INFO blam!    4:     0x55e3c434aa0e - std::panicking::rust_panic_with_hook::h0cc6d9cc9f34a947
Nov 02 08:16:59.574 INFO blam!                                at libstd/panicking.rs:476
Nov 02 08:16:59.574 INFO blam!    5:     0x55e3c434a5b1 - std::panicking::continue_panic_fmt::hc71ad5f01496e320
Nov 02 08:16:59.574 INFO blam!                                at libstd/panicking.rs:390
Nov 02 08:16:59.574 INFO blam!    6:     0x55e3c434a4fe - std::panicking::begin_panic_fmt::hdb958223ae20ca60
Nov 02 08:16:59.574 INFO blam!                                at libstd/panicking.rs:345
Nov 02 08:16:59.574 INFO blam!    7:     0x55e3c42d4740 - re_animatr::tests::test_update::h1b209bfc28fb8a33
Nov 02 08:16:59.574 INFO blam!                                at src/lib.rs:169
Nov 02 08:16:59.574 INFO blam!    8:     0x55e3c42d4409 - re_animatr::tests::test_update::{{closure}}::h1667a6ed752e71da
Nov 02 08:16:59.574 INFO blam!                                at src/lib.rs:160
Nov 02 08:16:59.574 INFO blam!    9:     0x55e3c42d7abd - core::ops::function::FnOnce::call_once::h938def8960709b1e
Nov 02 08:16:59.574 INFO blam!                                at libcore/ops/function.rs:238
Nov 02 08:16:59.574 INFO blam!   10:     0x55e3c42fa1ee - <F as alloc::boxed::FnBox<A>>::call_box::hf32558bd83684b60
Nov 02 08:16:59.574 INFO blam!                                at libtest/lib.rs:1468
Nov 02 08:16:59.574 INFO blam!                                at libcore/ops/function.rs:238
Nov 02 08:16:59.574 INFO blam!                                at liballoc/boxed.rs:672
Nov 02 08:16:59.574 INFO blam!   11:     0x55e3c435a879 - __rust_maybe_catch_panic
Nov 02 08:16:59.574 INFO blam!                                at libpanic_unwind/lib.rs:102
Nov 02 08:16:59.574 INFO blam!   12:     0x55e3c431be52 - std::sys_common::backtrace::__rust_begin_short_backtrace::h1bb71a7386fd3269
Nov 02 08:16:59.574 INFO blam!                                at libstd/panicking.rs:289
Nov 02 08:16:59.574 INFO blam!                                at libstd/panic.rs:392
Nov 02 08:16:59.574 INFO blam!                                at libtest/lib.rs:1423
Nov 02 08:16:59.574 INFO blam!                                at libstd/sys_common/backtrace.rs:136
Nov 02 08:16:59.574 INFO blam!   13:     0x55e3c431c904 - std::panicking::try::do_call::h9b94719c3074bb5c
Nov 02 08:16:59.574 INFO blam!                                at libstd/thread/mod.rs:409
Nov 02 08:16:59.574 INFO blam!                                at libstd/panic.rs:313
Nov 02 08:16:59.574 INFO blam!                                at libstd/panicking.rs:310
Nov 02 08:16:59.574 INFO blam!   14:     0x55e3c435a879 - __rust_maybe_catch_panic
Nov 02 08:16:59.574 INFO blam!                                at libpanic_unwind/lib.rs:102
Nov 02 08:16:59.574 INFO blam!   15:     0x55e3c4309b2c - <F as alloc::boxed::FnBox<A>>::call_box::hb3bcd66d16fd3e84
Nov 02 08:16:59.574 INFO blam!                                at libstd/panicking.rs:289
Nov 02 08:16:59.574 INFO blam!                                at libstd/panic.rs:392
Nov 02 08:16:59.574 INFO blam!                                at libstd/thread/mod.rs:408
Nov 02 08:16:59.574 INFO blam!                                at liballoc/boxed.rs:672
Nov 02 08:16:59.574 INFO blam!   16:     0x55e3c434822d - std::sys_common::thread::start_thread::had0c80d121669d29
Nov 02 08:16:59.574 INFO blam!                                at liballoc/boxed.rs:682
Nov 02 08:16:59.574 INFO blam!                                at libstd/sys_common/thread.rs:24
Nov 02 08:16:59.574 INFO blam!   17:     0x55e3c433d7e5 - std::sys::unix::thread::Thread::new::thread_start::h4a5b66a70d76f47f
Nov 02 08:16:59.574 INFO blam!                                at libstd/sys/unix/thread.rs:90
Nov 02 08:16:59.574 INFO blam!   18:     0x7f39432286b9 - start_thread
Nov 02 08:16:59.574 INFO blam!   19:     0x7f3942d4841c - clone
Nov 02 08:16:59.574 INFO blam!   20:                0x0 - <unknown>
Nov 02 08:16:59.574 INFO blam! 
Nov 02 08:16:59.574 INFO blam! 
Nov 02 08:16:59.574 INFO blam! failures:
Nov 02 08:16:59.574 INFO blam!     tests::test_update
Nov 02 08:16:59.574 INFO blam! 
Nov 02 08:16:59.574 INFO blam! test result: FAILED. 4 passed; 1 failed; 0 ignored; 0 measured; 0 filtered out
Nov 02 08:16:59.574 INFO blam! 
Nov 02 08:16:59.583 INFO kablam! error: test failed, to rerun pass '--lib'
Nov 02 08:16:59.583 INFO kablam! su: No module specific data is present
Nov 02 08:17:00.339 INFO running `"docker" "rm" "-f" "66216e816b7dd2392b38a7cdcdeb884b38364d2dab269a93f540b6df0c5ec79c"`
Nov 02 08:17:00.623 INFO blam! 66216e816b7dd2392b38a7cdcdeb884b38364d2dab269a93f540b6df0c5ec79c
