Nov 02 11:31:57.999 INFO testing ndarray-csv-0.2.1 against beta-2018-10-30 for beta-1.31-1
Nov 02 11:31:58.000 INFO running `"docker" "create" "-v" "/mnt/big/crater/work/local/target-dirs/beta-1.31-1/worker-3/beta-2018-10-30:/target:rw,Z" "-v" "/mnt/big/crater/work/local/test-source/worker-3/beta-1.31-1/beta-2018-10-30:/source:ro,Z" "-v" "/mnt/big/crater/work/local/cargo-home:/cargo-home:ro,Z" "-v" "/mnt/big/crater/work/local/rustup-home:/rustup-home:ro,Z" "-e" "USER_ID=1000" "-e" "SOURCE_DIR=/source" "-e" "USER_ID=1000" "-e" "CMD=cargo +beta-2018-10-30 build --frozen" "-e" "CARGO_TARGET_DIR=/target" "-e" "CARGO_INCREMENTAL=0" "-e" "RUST_BACKTRACE=full" "-e" "RUSTFLAGS=--cap-lints=warn" "-e" "CARGO_HOME=/cargo-home" "-e" "RUSTUP_HOME=/rustup-home" "-m" "1536M" "--network" "none" "crater"`
Nov 02 11:31:58.396 INFO blam! c95e65886429b1f19a8cad95019bbcd505ce2ef9af489705c8b40be41a8a8c56
Nov 02 11:31:58.399 INFO running `"docker" "start" "-a" "c95e65886429b1f19a8cad95019bbcd505ce2ef9af489705c8b40be41a8a8c56"`
Nov 02 11:32:00.715 INFO kablam! usermod: no changes
Nov 02 11:32:00.863 INFO kablam!    Compiling num-complex v0.2.1
Nov 02 11:32:00.864 INFO kablam!    Compiling ndarray v0.12.0
Nov 02 11:32:00.867 INFO kablam!    Compiling memchr v2.1.1
Nov 02 11:32:00.867 INFO kablam!    Compiling itertools v0.7.8
Nov 02 11:32:05.619 INFO kablam!    Compiling csv-core v0.1.4
Nov 02 11:32:07.439 INFO kablam!    Compiling csv v1.0.2
Nov 02 11:32:17.071 INFO kablam!    Compiling ndarray-csv v0.2.1 (/source)
Nov 02 11:32:18.956 INFO kablam!     Finished dev [unoptimized + debuginfo] target(s) in 18.21s
Nov 02 11:32:18.961 INFO kablam! su: No module specific data is present
Nov 02 11:32:19.924 INFO running `"docker" "rm" "-f" "c95e65886429b1f19a8cad95019bbcd505ce2ef9af489705c8b40be41a8a8c56"`
Nov 02 11:32:20.267 INFO blam! c95e65886429b1f19a8cad95019bbcd505ce2ef9af489705c8b40be41a8a8c56
Nov 02 11:32:20.277 INFO running `"docker" "create" "-v" "/mnt/big/crater/work/local/target-dirs/beta-1.31-1/worker-3/beta-2018-10-30:/target:rw,Z" "-v" "/mnt/big/crater/work/local/test-source/worker-3/beta-1.31-1/beta-2018-10-30:/source:ro,Z" "-v" "/mnt/big/crater/work/local/cargo-home:/cargo-home:ro,Z" "-v" "/mnt/big/crater/work/local/rustup-home:/rustup-home:ro,Z" "-e" "USER_ID=1000" "-e" "SOURCE_DIR=/source" "-e" "USER_ID=1000" "-e" "CMD=cargo +beta-2018-10-30 test --frozen --no-run" "-e" "CARGO_TARGET_DIR=/target" "-e" "CARGO_INCREMENTAL=0" "-e" "RUST_BACKTRACE=full" "-e" "RUSTFLAGS=--cap-lints=warn" "-e" "CARGO_HOME=/cargo-home" "-e" "RUSTUP_HOME=/rustup-home" "-m" "1536M" "--network" "none" "crater"`
Nov 02 11:32:20.711 INFO blam! 6ac1479a7c495e057e6080d6d0a4932d04388b1d31ded776abd076e943e2ef16
Nov 02 11:32:20.715 INFO running `"docker" "start" "-a" "6ac1479a7c495e057e6080d6d0a4932d04388b1d31ded776abd076e943e2ef16"`
Nov 02 11:32:21.687 INFO kablam! usermod: no changes
Nov 02 11:32:21.800 INFO kablam!    Compiling ndarray-csv v0.2.1 (/source)
Nov 02 11:32:25.078 INFO kablam!     Finished dev [unoptimized + debuginfo] target(s) in 3.35s
Nov 02 11:32:25.083 INFO kablam! su: No module specific data is present
Nov 02 11:32:25.975 INFO running `"docker" "rm" "-f" "6ac1479a7c495e057e6080d6d0a4932d04388b1d31ded776abd076e943e2ef16"`
Nov 02 11:32:26.288 INFO blam! 6ac1479a7c495e057e6080d6d0a4932d04388b1d31ded776abd076e943e2ef16
Nov 02 11:32:26.296 INFO running `"docker" "create" "-v" "/mnt/big/crater/work/local/target-dirs/beta-1.31-1/worker-3/beta-2018-10-30:/target:rw,Z" "-v" "/mnt/big/crater/work/local/test-source/worker-3/beta-1.31-1/beta-2018-10-30:/source:ro,Z" "-v" "/mnt/big/crater/work/local/cargo-home:/cargo-home:ro,Z" "-v" "/mnt/big/crater/work/local/rustup-home:/rustup-home:ro,Z" "-e" "USER_ID=1000" "-e" "SOURCE_DIR=/source" "-e" "USER_ID=1000" "-e" "CMD=cargo +beta-2018-10-30 test --frozen" "-e" "CARGO_TARGET_DIR=/target" "-e" "CARGO_INCREMENTAL=0" "-e" "RUST_BACKTRACE=full" "-e" "RUSTFLAGS=--cap-lints=warn" "-e" "CARGO_HOME=/cargo-home" "-e" "RUSTUP_HOME=/rustup-home" "-m" "1536M" "--network" "none" "crater"`
Nov 02 11:32:26.671 INFO blam! 025533ef49c78aed90d1f3b37d266f309ac3f1afa4b173a7ad3c5082903757e0
Nov 02 11:32:26.677 INFO running `"docker" "start" "-a" "025533ef49c78aed90d1f3b37d266f309ac3f1afa4b173a7ad3c5082903757e0"`
Nov 02 11:32:28.138 INFO kablam! usermod: no changes
Nov 02 11:32:28.263 INFO kablam!     Finished dev [unoptimized + debuginfo] target(s) in 0.09s
Nov 02 11:32:28.263 INFO kablam!      Running /target/debug/deps/ndarray_csv-3b825419f33ef480
Nov 02 11:32:28.269 INFO blam! 
Nov 02 11:32:28.269 INFO blam! running 9 tests
Nov 02 11:32:28.270 INFO blam! test tests::test_read_too_few_columns ... ok
Nov 02 11:32:28.270 INFO blam! test tests::test_read_integer ... ok
Nov 02 11:32:28.270 INFO blam! test tests::test_read_too_few_rows ... ok
Nov 02 11:32:28.270 INFO blam! test tests::test_write_err ... ok
Nov 02 11:32:28.270 INFO blam! test tests::test_read_float ... ok
Nov 02 11:32:28.270 INFO blam! test tests::test_read_csv_error ... ok
Nov 02 11:32:28.270 INFO blam! test tests::test_read_too_many_columns ... ok
Nov 02 11:32:28.272 INFO blam! test tests::test_read_too_many_rows ... ok
Nov 02 11:32:28.283 INFO blam! test tests::test_write_ok ... ok
Nov 02 11:32:28.283 INFO blam! 
Nov 02 11:32:28.283 INFO blam! test result: ok. 9 passed; 0 failed; 0 ignored; 0 measured; 0 filtered out
Nov 02 11:32:28.283 INFO blam! 
Nov 02 11:32:28.284 INFO kablam!    Doc-tests ndarray-csv
Nov 02 11:32:31.183 INFO blam! 
Nov 02 11:32:31.183 INFO blam! running 1 test
Nov 02 11:32:36.099 INFO blam! test src/lib.rs -  (line 3) ... FAILED
Nov 02 11:32:36.099 INFO blam! 
Nov 02 11:32:36.099 INFO blam! failures:
Nov 02 11:32:36.099 INFO blam! 
Nov 02 11:32:36.099 INFO blam! ---- src/lib.rs -  (line 3) stdout ----
Nov 02 11:32:36.099 INFO blam! thread 'src/lib.rs -  (line 3)' panicked at 'test executable failed:
Nov 02 11:32:36.099 INFO blam! 
Nov 02 11:32:36.099 INFO blam! thread 'main' panicked at 'creating file failed: Os { code: 30, kind: Other, message: "Read-only file system" }', libcore/result.rs:1009:5
Nov 02 11:32:36.099 INFO blam! stack backtrace:
Nov 02 11:32:36.099 INFO blam!    0:     0x55b338fc1a5f - std::sys::unix::backtrace::tracing::imp::unwind_backtrace::h3c55afa80a996a32
Nov 02 11:32:36.099 INFO blam!                                at libstd/sys/unix/backtrace/tracing/gcc_s.rs:49
Nov 02 11:32:36.099 INFO blam!    1:     0x55b338fc9b67 - std::sys_common::backtrace::print::hcef907ea7a07cd40
Nov 02 11:32:36.099 INFO blam!                                at libstd/sys_common/backtrace.rs:71
Nov 02 11:32:36.099 INFO blam!                                at libstd/sys_common/backtrace.rs:59
Nov 02 11:32:36.099 INFO blam!    2:     0x55b338fc4b0f - std::panicking::default_hook::{{closure}}::hf541876c65f36ea7
Nov 02 11:32:36.099 INFO blam!                                at libstd/panicking.rs:211
Nov 02 11:32:36.099 INFO blam!    3:     0x55b338fc4874 - std::panicking::default_hook::h4ecc06b30ae4459d
Nov 02 11:32:36.099 INFO blam!                                at libstd/panicking.rs:227
Nov 02 11:32:36.099 INFO blam!    4:     0x55b338fc518e - std::panicking::rust_panic_with_hook::h0cc6d9cc9f34a947
Nov 02 11:32:36.099 INFO blam!                                at libstd/panicking.rs:476
Nov 02 11:32:36.100 INFO blam!    5:     0x55b338fc4d31 - std::panicking::continue_panic_fmt::hc71ad5f01496e320
Nov 02 11:32:36.100 INFO blam!                                at libstd/panicking.rs:390
Nov 02 11:32:36.100 INFO blam!    6:     0x55b338fc4c15 - rust_begin_unwind
Nov 02 11:32:36.100 INFO blam!                                at libstd/panicking.rs:325
Nov 02 11:32:36.100 INFO blam!    7:     0x55b339009fec - core::panicking::panic_fmt::ha71638b7d4f53c35
Nov 02 11:32:36.100 INFO blam!                                at libcore/panicking.rs:77
Nov 02 11:32:36.100 INFO blam!    8:     0x55b338f4a7b8 - core::result::unwrap_failed::h670eb50d3945a4e3
Nov 02 11:32:36.100 INFO blam!    9:     0x55b338f497bb - <core::result::Result<T, E>>::expect::h74d1a3c66b560355
Nov 02 11:32:36.100 INFO blam!   10:     0x55b338f62102 - rust_out::main::h944e552f3f67b4ba
Nov 02 11:32:36.100 INFO blam!   11:     0x55b338f51f82 - std::rt::lang_start::{{closure}}::h55d770898514aeb4
Nov 02 11:32:36.100 INFO blam!   12:     0x55b338fc4bb2 - std::panicking::try::do_call::h203c4989fde7f201
Nov 02 11:32:36.100 INFO blam!                                at libstd/rt.rs:59
Nov 02 11:32:36.100 INFO blam!                                at libstd/panicking.rs:310
Nov 02 11:32:36.100 INFO blam!   13:     0x55b338fd4d99 - __rust_maybe_catch_panic
Nov 02 11:32:36.100 INFO blam!                                at libpanic_unwind/lib.rs:102
Nov 02 11:32:36.100 INFO blam!   14:     0x55b338fbc4ca - std::rt::lang_start_internal::h80fd76ad39d9c8d9
Nov 02 11:32:36.100 INFO blam!                                at libstd/panicking.rs:289
Nov 02 11:32:36.100 INFO blam!                                at libstd/panic.rs:392
Nov 02 11:32:36.100 INFO blam!                                at libstd/rt.rs:58
Nov 02 11:32:36.100 INFO blam!   15:     0x55b338f51f64 - std::rt::lang_start::h6dd5f188d9e0f86d
Nov 02 11:32:36.100 INFO blam!   16:     0x55b338f625ca - main
Nov 02 11:32:36.100 INFO blam!   17:     0x7f44feb3382f - __libc_start_main
Nov 02 11:32:36.100 INFO blam!   18:     0x55b338f40bb8 - _start
Nov 02 11:32:36.100 INFO blam!   19:                0x0 - <unknown>
Nov 02 11:32:36.100 INFO blam! 
Nov 02 11:32:36.100 INFO blam! ', librustdoc/test.rs:367:17
Nov 02 11:32:36.100 INFO blam! stack backtrace:
Nov 02 11:32:36.100 INFO blam!    0:     0x7fe9a63556ff - std::sys::unix::backtrace::tracing::imp::unwind_backtrace::h3c55afa80a996a32
Nov 02 11:32:36.100 INFO blam!                                at libstd/sys/unix/backtrace/tracing/gcc_s.rs:49
Nov 02 11:32:36.100 INFO blam!    1:     0x7fe9a633a697 - std::sys_common::backtrace::print::hcef907ea7a07cd40
Nov 02 11:32:36.100 INFO blam!                                at libstd/sys_common/backtrace.rs:71
Nov 02 11:32:36.100 INFO blam!                                at libstd/sys_common/backtrace.rs:59
Nov 02 11:32:36.100 INFO blam!    2:     0x7fe9a6360acf - std::panicking::default_hook::{{closure}}::hf541876c65f36ea7
Nov 02 11:32:36.100 INFO blam!                                at libstd/panicking.rs:211
Nov 02 11:32:36.100 INFO blam!    3:     0x7fe9a63607ce - std::panicking::default_hook::h4ecc06b30ae4459d
Nov 02 11:32:36.100 INFO blam!                                at libstd/panicking.rs:221
Nov 02 11:32:36.100 INFO blam!    4:     0x7fe9a85fc6d1 - rustc::util::common::panic_hook::hf4e6f5c3b281764b
Nov 02 11:32:36.100 INFO blam!    5:     0x7fe9a63612c6 - std::panicking::rust_panic_with_hook::h0cc6d9cc9f34a947
Nov 02 11:32:36.100 INFO blam!                                at libstd/panicking.rs:480
Nov 02 11:32:36.100 INFO blam!    6:     0x7fe9a6360e11 - std::panicking::continue_panic_fmt::hc71ad5f01496e320
Nov 02 11:32:36.100 INFO blam!                                at libstd/panicking.rs:390
Nov 02 11:32:36.100 INFO blam!    7:     0x7fe9a6360d5e - std::panicking::begin_panic_fmt::hdb958223ae20ca60
Nov 02 11:32:36.100 INFO blam!                                at libstd/panicking.rs:345
Nov 02 11:32:36.100 INFO blam!    8:     0x55fb3b6b9a38 - <rustdoc::test::Collector as rustdoc::test::Tester>::add_test::{{closure}}::{{closure}}::{{closure}}::h1097dd2aed0bc349
Nov 02 11:32:36.100 INFO blam!                                at librustdoc/test.rs:367
Nov 02 11:32:36.100 INFO blam!                                at librustdoc/test.rs:596
Nov 02 11:32:36.100 INFO blam!    9:     0x55fb3b66ec78 - <scoped_tls::ScopedKey<T>>::set::h9bba31b35056dc07
Nov 02 11:32:36.100 INFO blam!                                at /cargo/registry/src/github.com-1ecc6299db9ec823/scoped-tls-0.1.2/src/lib.rs:155
Nov 02 11:32:36.100 INFO blam!                                at libsyntax/lib.rs:106
Nov 02 11:32:36.100 INFO blam!                                at /cargo/registry/src/github.com-1ecc6299db9ec823/scoped-tls-0.1.2/src/lib.rs:155
Nov 02 11:32:36.100 INFO blam!   10:     0x55fb3b474481 - syntax::with_globals::h4fd10729776cd915
Nov 02 11:32:36.100 INFO blam!                                at libsyntax/lib.rs:105
Nov 02 11:32:36.100 INFO blam!   11:     0x55fb3b5275cb - std::panicking::try::do_call::he572b5001749b5c7
Nov 02 11:32:36.100 INFO blam!                                at librustdoc/test.rs:593
Nov 02 11:32:36.100 INFO blam!                                at libstd/panic.rs:313
Nov 02 11:32:36.100 INFO blam!                                at libstd/panicking.rs:310
Nov 02 11:32:36.100 INFO blam!   12:     0x7fe9a636ede9 - __rust_maybe_catch_panic
Nov 02 11:32:36.100 INFO blam!                                at libpanic_unwind/lib.rs:102
Nov 02 11:32:36.100 INFO blam!   13:     0x55fb3b549079 - rustc_driver::in_named_rustc_thread::hc8aa36ae7168454b
Nov 02 11:32:36.100 INFO blam!                                at libstd/panicking.rs:289
Nov 02 11:32:36.100 INFO blam!                                at libstd/panic.rs:392
Nov 02 11:32:36.100 INFO blam!                                at librustc_driver/lib.rs:1546
Nov 02 11:32:36.100 INFO blam!   14:     0x55fb3b687960 - <F as alloc::boxed::FnBox<A>>::call_box::hf53e55f306710650
Nov 02 11:32:36.100 INFO blam!                                at librustdoc/test.rs:593
Nov 02 11:32:36.100 INFO blam!                                at liballoc/boxed.rs:672
Nov 02 11:32:36.100 INFO blam!   15:     0x7fe9a79cd142 - <F as alloc::boxed::FnBox<A>>::call_box::hecf56d722ce7bb71
Nov 02 11:32:36.100 INFO blam!                                at libtest/lib.rs:1461
Nov 02 11:32:36.100 INFO blam!                                at liballoc/boxed.rs:672
Nov 02 11:32:36.100 INFO blam!   16:     0x7fe9a636ede9 - __rust_maybe_catch_panic
Nov 02 11:32:36.100 INFO blam!                                at libpanic_unwind/lib.rs:102
Nov 02 11:32:36.100 INFO blam!   17:     0x7fe9a79f5412 - std::sys_common::backtrace::__rust_begin_short_backtrace::h1bb71a7386fd3269
Nov 02 11:32:36.100 INFO blam!                                at libstd/panicking.rs:289
Nov 02 11:32:36.100 INFO blam!                                at libstd/panic.rs:392
Nov 02 11:32:36.100 INFO blam!                                at libtest/lib.rs:1423
Nov 02 11:32:36.100 INFO blam!                                at libstd/sys_common/backtrace.rs:136
Nov 02 11:32:36.100 INFO blam!   18:     0x7fe9a79f61b4 - std::panicking::try::do_call::h9b94719c3074bb5c
Nov 02 11:32:36.100 INFO blam!                                at libstd/thread/mod.rs:409
Nov 02 11:32:36.100 INFO blam!                                at libstd/panic.rs:313
Nov 02 11:32:36.100 INFO blam!                                at libstd/panicking.rs:310
Nov 02 11:32:36.100 INFO blam!   19:     0x7fe9a636ede9 - __rust_maybe_catch_panic
Nov 02 11:32:36.100 INFO blam!                                at libpanic_unwind/lib.rs:102
Nov 02 11:32:36.100 INFO blam!   20:     0x7fe9a79de90c - <F as alloc::boxed::FnBox<A>>::call_box::hb3bcd66d16fd3e84
Nov 02 11:32:36.100 INFO blam!                                at libstd/panicking.rs:289
Nov 02 11:32:36.101 INFO blam!                                at libstd/panic.rs:392
Nov 02 11:32:36.101 INFO blam!                                at libstd/thread/mod.rs:408
Nov 02 11:32:36.101 INFO blam!                                at liballoc/boxed.rs:672
Nov 02 11:32:36.101 INFO blam!   21:     0x7fe9a635ba8d - std::sys_common::thread::start_thread::had0c80d121669d29
Nov 02 11:32:36.101 INFO blam!                                at liballoc/boxed.rs:682
Nov 02 11:32:36.101 INFO blam!                                at libstd/sys_common/thread.rs:24
Nov 02 11:32:36.101 INFO blam!   22:     0x7fe9a6331435 - std::sys::unix::thread::Thread::new::thread_start::h4a5b66a70d76f47f
Nov 02 11:32:36.101 INFO blam!                                at libstd/sys/unix/thread.rs:90
Nov 02 11:32:36.101 INFO blam!   23:     0x7fe9a5ebd6b9 - start_thread
Nov 02 11:32:36.101 INFO blam!   24:     0x7fe9a59dd41c - clone
Nov 02 11:32:36.101 INFO blam!   25:                0x0 - <unknown>
Nov 02 11:32:36.101 INFO blam! query stack during panic:
Nov 02 11:32:36.101 INFO blam! end of query stack
Nov 02 11:32:36.101 INFO blam! 
Nov 02 11:32:36.101 INFO blam! 
Nov 02 11:32:36.101 INFO blam! failures:
Nov 02 11:32:36.101 INFO blam!     src/lib.rs -  (line 3)
Nov 02 11:32:36.101 INFO blam! 
Nov 02 11:32:36.101 INFO blam! test result: FAILED. 0 passed; 1 failed; 0 ignored; 0 measured; 0 filtered out
Nov 02 11:32:36.101 INFO blam! 
Nov 02 11:32:36.118 INFO kablam! error: test failed, to rerun pass '--doc'
Nov 02 11:32:36.118 INFO kablam! su: No module specific data is present
Nov 02 11:32:36.831 INFO running `"docker" "rm" "-f" "025533ef49c78aed90d1f3b37d266f309ac3f1afa4b173a7ad3c5082903757e0"`
Nov 02 11:32:37.131 INFO blam! 025533ef49c78aed90d1f3b37d266f309ac3f1afa4b173a7ad3c5082903757e0
