Nov 02 11:45:30.392 INFO testing munch-0.6.0 against 1.30.0 for beta-1.31-1
Nov 02 11:45:30.392 INFO running `"docker" "create" "-v" "/mnt/big/crater/work/local/target-dirs/beta-1.31-1/worker-3/1.30.0:/target:rw,Z" "-v" "/mnt/big/crater/work/local/test-source/worker-3/beta-1.31-1/1.30.0:/source:ro,Z" "-v" "/mnt/big/crater/work/local/cargo-home:/cargo-home:ro,Z" "-v" "/mnt/big/crater/work/local/rustup-home:/rustup-home:ro,Z" "-e" "USER_ID=1000" "-e" "SOURCE_DIR=/source" "-e" "USER_ID=1000" "-e" "CMD=cargo +1.30.0 build --frozen" "-e" "CARGO_TARGET_DIR=/target" "-e" "CARGO_INCREMENTAL=0" "-e" "RUST_BACKTRACE=full" "-e" "RUSTFLAGS=--cap-lints=warn" "-e" "CARGO_HOME=/cargo-home" "-e" "RUSTUP_HOME=/rustup-home" "-m" "1536M" "--network" "none" "crater"`
Nov 02 11:45:30.575 INFO blam! 79c1752dd3cacf5ad1808aa9cf9ae255622a08dad2c90ba79e6cf01a0b189221
Nov 02 11:45:30.576 INFO running `"docker" "start" "-a" "79c1752dd3cacf5ad1808aa9cf9ae255622a08dad2c90ba79e6cf01a0b189221"`
Nov 02 11:45:31.085 INFO kablam! usermod: no changes
Nov 02 11:45:31.119 INFO kablam!    Compiling munch v0.6.0 (/source)
Nov 02 11:45:32.270 INFO kablam! warning: use of deprecated item 'core::str::<impl str>::slice_unchecked': use `get_unchecked(begin..end)` instead
Nov 02 11:45:32.270 INFO kablam!    --> src/str.rs:175:9
Nov 02 11:45:32.270 INFO kablam!     |
Nov 02 11:45:32.270 INFO kablam! 175 |     str.slice_unchecked(from, to)
Nov 02 11:45:32.270 INFO kablam!     |         ^^^^^^^^^^^^^^^
Nov 02 11:45:32.270 INFO kablam!     |
Nov 02 11:45:32.270 INFO kablam!     = note: #[warn(deprecated)] on by default
Nov 02 11:45:32.270 INFO kablam! 
Nov 02 11:45:32.823 INFO kablam!     Finished dev [unoptimized + debuginfo] target(s) in 1.71s
Nov 02 11:45:32.827 INFO kablam! su: No module specific data is present
Nov 02 11:45:33.491 INFO running `"docker" "rm" "-f" "79c1752dd3cacf5ad1808aa9cf9ae255622a08dad2c90ba79e6cf01a0b189221"`
Nov 02 11:45:33.657 INFO blam! 79c1752dd3cacf5ad1808aa9cf9ae255622a08dad2c90ba79e6cf01a0b189221
Nov 02 11:45:33.657 INFO running `"docker" "create" "-v" "/mnt/big/crater/work/local/target-dirs/beta-1.31-1/worker-3/1.30.0:/target:rw,Z" "-v" "/mnt/big/crater/work/local/test-source/worker-3/beta-1.31-1/1.30.0:/source:ro,Z" "-v" "/mnt/big/crater/work/local/cargo-home:/cargo-home:ro,Z" "-v" "/mnt/big/crater/work/local/rustup-home:/rustup-home:ro,Z" "-e" "USER_ID=1000" "-e" "SOURCE_DIR=/source" "-e" "USER_ID=1000" "-e" "CMD=cargo +1.30.0 test --frozen --no-run" "-e" "CARGO_TARGET_DIR=/target" "-e" "CARGO_INCREMENTAL=0" "-e" "RUST_BACKTRACE=full" "-e" "RUSTFLAGS=--cap-lints=warn" "-e" "CARGO_HOME=/cargo-home" "-e" "RUSTUP_HOME=/rustup-home" "-m" "1536M" "--network" "none" "crater"`
Nov 02 11:45:34.023 INFO blam! b0c87853ce3c3b7ac9f70c72847566586c07c20458215a1b36e9280b20a84822
Nov 02 11:45:34.027 INFO running `"docker" "start" "-a" "b0c87853ce3c3b7ac9f70c72847566586c07c20458215a1b36e9280b20a84822"`
Nov 02 11:45:35.057 INFO kablam! usermod: no changes
Nov 02 11:45:35.179 INFO kablam!    Compiling munch v0.6.0 (/source)
Nov 02 11:45:39.747 INFO kablam! warning: use of deprecated item 'core::str::<impl str>::slice_unchecked': use `get_unchecked(begin..end)` instead
Nov 02 11:45:39.747 INFO kablam!    --> src/str.rs:175:9
Nov 02 11:45:39.747 INFO kablam!     |
Nov 02 11:45:39.747 INFO kablam! 175 |     str.slice_unchecked(from, to)
Nov 02 11:45:39.747 INFO kablam!     |         ^^^^^^^^^^^^^^^
Nov 02 11:45:39.747 INFO kablam!     |
Nov 02 11:45:39.747 INFO kablam!     = note: #[warn(deprecated)] on by default
Nov 02 11:45:39.747 INFO kablam! 
Nov 02 11:45:43.903 INFO kablam! warning: unused `#[macro_use]` import
Nov 02 11:45:43.903 INFO kablam!  --> tests/mac.rs:1:1
Nov 02 11:45:43.903 INFO kablam!   |
Nov 02 11:45:43.903 INFO kablam! 1 | #[macro_use]
Nov 02 11:45:43.903 INFO kablam!   | ^^^^^^^^^^^^
Nov 02 11:45:43.903 INFO kablam!   |
Nov 02 11:45:43.903 INFO kablam!   = note: #[warn(unused_imports)] on by default
Nov 02 11:45:43.903 INFO kablam! 
Nov 02 11:45:45.155 INFO kablam! warning: unused import: `munch::str`
Nov 02 11:45:45.155 INFO kablam!  --> tests/ascii.rs:5:5
Nov 02 11:45:45.155 INFO kablam!   |
Nov 02 11:45:45.155 INFO kablam! 5 | use munch::str;
Nov 02 11:45:45.155 INFO kablam!   |     ^^^^^^^^^^
Nov 02 11:45:45.155 INFO kablam!   |
Nov 02 11:45:45.155 INFO kablam!   = note: #[warn(unused_imports)] on by default
Nov 02 11:45:45.155 INFO kablam! 
Nov 02 11:45:56.857 INFO kablam!     Finished dev [unoptimized + debuginfo] target(s) in 21.76s
Nov 02 11:45:56.865 INFO kablam! su: No module specific data is present
Nov 02 11:45:57.207 INFO running `"docker" "rm" "-f" "b0c87853ce3c3b7ac9f70c72847566586c07c20458215a1b36e9280b20a84822"`
Nov 02 11:45:57.358 INFO blam! b0c87853ce3c3b7ac9f70c72847566586c07c20458215a1b36e9280b20a84822
Nov 02 11:45:57.359 INFO running `"docker" "create" "-v" "/mnt/big/crater/work/local/target-dirs/beta-1.31-1/worker-3/1.30.0:/target:rw,Z" "-v" "/mnt/big/crater/work/local/test-source/worker-3/beta-1.31-1/1.30.0:/source:ro,Z" "-v" "/mnt/big/crater/work/local/cargo-home:/cargo-home:ro,Z" "-v" "/mnt/big/crater/work/local/rustup-home:/rustup-home:ro,Z" "-e" "USER_ID=1000" "-e" "SOURCE_DIR=/source" "-e" "USER_ID=1000" "-e" "CMD=cargo +1.30.0 test --frozen" "-e" "CARGO_TARGET_DIR=/target" "-e" "CARGO_INCREMENTAL=0" "-e" "RUST_BACKTRACE=full" "-e" "RUSTFLAGS=--cap-lints=warn" "-e" "CARGO_HOME=/cargo-home" "-e" "RUSTUP_HOME=/rustup-home" "-m" "1536M" "--network" "none" "crater"`
Nov 02 11:45:57.604 INFO blam! 2cdfd6ffc809bb149fda576e99ca3664d675ccc8d7e10c30cde6ce941063160e
Nov 02 11:45:57.611 INFO running `"docker" "start" "-a" "2cdfd6ffc809bb149fda576e99ca3664d675ccc8d7e10c30cde6ce941063160e"`
Nov 02 11:45:58.055 INFO kablam! usermod: no changes
Nov 02 11:45:58.095 INFO kablam!     Finished dev [unoptimized + debuginfo] target(s) in 0.01s
Nov 02 11:45:58.107 INFO kablam!      Running /target/debug/deps/munch-f023a4aaad97193b
Nov 02 11:45:58.111 INFO kablam!      Running /target/debug/deps/ascii-304c41825eb793a2
Nov 02 11:45:58.111 INFO blam! 
Nov 02 11:45:58.111 INFO blam! running 0 tests
Nov 02 11:45:58.111 INFO blam! 
Nov 02 11:45:58.111 INFO blam! test result: ok. 0 passed; 0 failed; 0 ignored; 0 measured; 0 filtered out
Nov 02 11:45:58.111 INFO blam! 
Nov 02 11:45:58.116 INFO blam! 
Nov 02 11:45:58.116 INFO blam! running 3 tests
Nov 02 11:45:58.121 INFO blam! test take_while1 ... ok
Nov 02 11:45:58.121 INFO blam! test take_while ... ok
Nov 02 11:45:58.122 INFO blam! test satisfy ... ok
Nov 02 11:45:58.122 INFO blam! 
Nov 02 11:45:58.122 INFO blam! test result: ok. 3 passed; 0 failed; 0 ignored; 0 measured; 0 filtered out
Nov 02 11:45:58.122 INFO blam! 
Nov 02 11:45:58.122 INFO kablam!      Running /target/debug/deps/byte-575ccf803f4cbf39
Nov 02 11:45:58.127 INFO blam! 
Nov 02 11:45:58.127 INFO blam! running 12 tests
Nov 02 11:45:58.128 INFO blam! test big_endian ... ok
Nov 02 11:45:58.128 INFO blam! test bytes ... ok
Nov 02 11:45:58.128 INFO blam! test byte ... ok
Nov 02 11:45:58.128 INFO blam! test satisfy ... ok
Nov 02 11:45:58.129 INFO blam! test peek ... ok
Nov 02 11:45:58.131 INFO blam! test take_while1 ... ok
Nov 02 11:45:58.131 INFO blam! test end ... ok
Nov 02 11:45:58.131 INFO blam! test any ... ok
Nov 02 11:45:58.131 INFO blam! test take_while ... ok
Nov 02 11:45:58.131 INFO blam! test take ... ok
Nov 02 11:45:58.139 INFO blam! test capture ... ok
Nov 02 11:45:58.143 INFO blam! test little_endian ... ok
Nov 02 11:45:58.143 INFO blam! 
Nov 02 11:45:58.143 INFO blam! test result: ok. 12 passed; 0 failed; 0 ignored; 0 measured; 0 filtered out
Nov 02 11:45:58.143 INFO blam! 
Nov 02 11:45:58.156 INFO kablam!      Running /target/debug/deps/lib-36ca5929f4122fa9
Nov 02 11:45:58.159 INFO blam! 
Nov 02 11:45:58.159 INFO blam! running 24 tests
Nov 02 11:45:58.159 INFO blam! test and ... ok
Nov 02 11:45:58.159 INFO blam! test by_ref ... ok
Nov 02 11:45:58.160 INFO blam! test and_then ... ok
Nov 02 11:45:58.160 INFO blam! test collect ... ok
Nov 02 11:45:58.160 INFO blam! test and_skip ... ok
Nov 02 11:45:58.160 INFO blam! test bind ... ok
Nov 02 11:45:58.160 INFO blam! test fn_ ... ok
Nov 02 11:45:58.160 INFO blam! test fail ... ok
Nov 02 11:45:58.163 INFO blam! test guard ... ok
Nov 02 11:45:58.175 INFO blam! test p ... ok
Nov 02 11:45:58.175 INFO blam! test map ... ok
Nov 02 11:45:58.175 INFO blam! test optional ... ok
Nov 02 11:45:58.175 INFO blam! test map_err ... ok
Nov 02 11:45:58.175 INFO blam! test or ... ok
Nov 02 11:45:58.199 INFO blam! test skip_and ... ok
Nov 02 11:45:58.199 INFO blam! test succeed ... ok
Nov 02 11:45:58.199 INFO blam! test pack ... ok
Nov 02 11:45:58.199 INFO blam! test position ... ok
Nov 02 11:45:58.231 INFO blam! test tuple ... ok
Nov 02 11:45:58.231 INFO blam! test try ... ok
Nov 02 11:45:58.232 INFO blam! test join ... ok
Nov 02 11:45:58.271 INFO blam! test join_fold ... ok
Nov 02 11:45:58.280 INFO blam! test fold ... ok
Nov 02 11:45:58.281 INFO blam! test repeat ... ok
Nov 02 11:45:58.281 INFO kablam!      Running /target/debug/deps/mac-b11fed2860e13b63
Nov 02 11:45:58.281 INFO blam! 
Nov 02 11:45:58.281 INFO blam! test result: ok. 24 passed; 0 failed; 0 ignored; 0 measured; 0 filtered out
Nov 02 11:45:58.282 INFO blam! 
Nov 02 11:45:58.282 INFO blam! 
Nov 02 11:45:58.282 INFO blam! running 1 test
Nov 02 11:45:58.283 INFO blam! test mac ... ok
Nov 02 11:45:58.283 INFO kablam!      Running /target/debug/deps/str-b979e3721a92fc38
Nov 02 11:45:58.283 INFO blam! 
Nov 02 11:45:58.284 INFO blam! test result: ok. 1 passed; 0 failed; 0 ignored; 0 measured; 0 filtered out
Nov 02 11:45:58.284 INFO blam! 
Nov 02 11:45:58.284 INFO blam! 
Nov 02 11:45:58.284 INFO blam! running 9 tests
Nov 02 11:45:58.285 INFO blam! test end ... ok
Nov 02 11:45:58.285 INFO blam! test char ... ok
Nov 02 11:45:58.288 INFO blam! test str ... ok
Nov 02 11:45:58.297 INFO blam! test satisfy ... ok
Nov 02 11:45:58.297 INFO blam! test any ... ok
Nov 02 11:45:58.297 INFO blam! test take_while1 ... ok
Nov 02 11:45:58.298 INFO blam! test take_while ... ok
Nov 02 11:45:58.301 INFO blam! test peek ... ok
Nov 02 11:45:58.324 INFO blam! test capture ... FAILED
Nov 02 11:45:58.324 INFO kablam! error: test failed, to rerun pass '--test str'
Nov 02 11:45:58.324 INFO blam! 
Nov 02 11:45:58.324 INFO kablam! su: No module specific data is present
Nov 02 11:45:58.324 INFO blam! failures:
Nov 02 11:45:58.324 INFO blam! 
Nov 02 11:45:58.324 INFO blam! ---- capture stdout ----
Nov 02 11:45:58.324 INFO blam! thread 'capture' panicked at 'assertion failed: `(left == right)`
Nov 02 11:45:58.324 INFO blam!   left: `Ok((5, "πr²"))`,
Nov 02 11:45:58.324 INFO blam!  right: `Ok((3, "πr"))`', tests/str.rs:72:5
Nov 02 11:45:58.324 INFO blam! stack backtrace:
Nov 02 11:45:58.324 INFO blam!    0:     0x55a25c01c75e - std::sys::unix::backtrace::tracing::imp::unwind_backtrace::hf5316c67202e23c8
Nov 02 11:45:58.324 INFO blam!                                at libstd/sys/unix/backtrace/tracing/gcc_s.rs:49
Nov 02 11:45:58.324 INFO blam!    1:     0x55a25c00fb36 - std::sys_common::backtrace::print::h3068ed2a6dc7ac86
Nov 02 11:45:58.324 INFO blam!                                at libstd/sys_common/backtrace.rs:71
Nov 02 11:45:58.324 INFO blam!                                at libstd/sys_common/backtrace.rs:59
Nov 02 11:45:58.325 INFO blam!    2:     0x55a25c00df0d - std::panicking::default_hook::{{closure}}::h1b9d29cc09d41897
Nov 02 11:45:58.325 INFO blam!                                at libstd/panicking.rs:211
Nov 02 11:45:58.325 INFO blam!    3:     0x55a25c00dc1b - std::panicking::default_hook::h3a27b204a313406b
Nov 02 11:45:58.325 INFO blam!                                at libstd/panicking.rs:221
Nov 02 11:45:58.325 INFO blam!    4:     0x55a25c00e5bc - std::panicking::rust_panic_with_hook::h0e12cb2fc86d00fa
Nov 02 11:45:58.325 INFO blam!                                at libstd/panicking.rs:477
Nov 02 11:45:58.325 INFO blam!    5:     0x55a25c00e179 - std::panicking::continue_panic_fmt::h141671b29fe0e27d
Nov 02 11:45:58.325 INFO blam!                                at libstd/panicking.rs:391
Nov 02 11:45:58.325 INFO blam!    6:     0x55a25c00e0dd - std::panicking::begin_panic_fmt::h598547fc766c278a
Nov 02 11:45:58.325 INFO blam!                                at libstd/panicking.rs:346
Nov 02 11:45:58.325 INFO blam!    7:     0x55a25bfb7c3b - str::capture::h7625f11a639cb76d
Nov 02 11:45:58.325 INFO blam!                                at tests/str.rs:72
Nov 02 11:45:58.325 INFO blam!    8:     0x55a25bfaf899 - str::capture::{{closure}}::hf0eab1c61c72f667
Nov 02 11:45:58.325 INFO blam!                                at tests/str.rs:71
Nov 02 11:45:58.325 INFO blam!    9:     0x55a25bfcb24d - core::ops::function::FnOnce::call_once::h05278104d57ea789
Nov 02 11:45:58.325 INFO blam!                                at libcore/ops/function.rs:238
Nov 02 11:45:58.325 INFO blam!   10:     0x55a25bfcd79e - <F as alloc::boxed::FnBox<A>>::call_box::ha9910eac2d17ff23
Nov 02 11:45:58.325 INFO blam!                                at libtest/lib.rs:1461
Nov 02 11:45:58.325 INFO blam!                                at libcore/ops/function.rs:238
Nov 02 11:45:58.325 INFO blam!                                at liballoc/boxed.rs:646
Nov 02 11:45:58.325 INFO blam!   11:     0x55a25c02b5d9 - __rust_maybe_catch_panic
Nov 02 11:45:58.325 INFO blam!                                at libpanic_unwind/lib.rs:103
Nov 02 11:45:58.325 INFO blam!   12:     0x55a25bfd90ad - std::sys_common::backtrace::__rust_begin_short_backtrace::h470b05235fe5e5ad
Nov 02 11:45:58.325 INFO blam!                                at libstd/panicking.rs:289
Nov 02 11:45:58.325 INFO blam!                                at libstd/panic.rs:392
Nov 02 11:45:58.325 INFO blam!                                at libtest/lib.rs:1416
Nov 02 11:45:58.325 INFO blam!                                at libstd/sys_common/backtrace.rs:136
Nov 02 11:45:58.325 INFO blam!   13:     0x55a25bff16e4 - std::panicking::try::do_call::h1f0578498122cc00
Nov 02 11:45:58.325 INFO blam!                                at libstd/thread/mod.rs:409
Nov 02 11:45:58.325 INFO blam!                                at libstd/panic.rs:313
Nov 02 11:45:58.325 INFO blam!                                at libstd/panicking.rs:310
Nov 02 11:45:58.325 INFO blam!   14:     0x55a25c02b5d9 - __rust_maybe_catch_panic
Nov 02 11:45:58.325 INFO blam!                                at libpanic_unwind/lib.rs:103
Nov 02 11:45:58.325 INFO blam!   15:     0x55a25bfe1fb6 - <F as alloc::boxed::FnBox<A>>::call_box::h7b129f9f235ab460
Nov 02 11:45:58.325 INFO blam!                                at libstd/panicking.rs:289
Nov 02 11:45:58.325 INFO blam!                                at libstd/panic.rs:392
Nov 02 11:45:58.325 INFO blam!                                at libstd/thread/mod.rs:408
Nov 02 11:45:58.325 INFO blam!                                at liballoc/boxed.rs:646
Nov 02 11:45:58.325 INFO blam!   16:     0x55a25c01e07a - std::sys_common::thread::start_thread::hb77935aee02382da
Nov 02 11:45:58.325 INFO blam!                                at liballoc/boxed.rs:656
Nov 02 11:45:58.325 INFO blam!                                at libstd/sys_common/thread.rs:24
Nov 02 11:45:58.325 INFO blam!   17:     0x55a25c00ed75 - std::sys::unix::thread::Thread::new::thread_start::hd61f7429b3de1d75
Nov 02 11:45:58.325 INFO blam!                                at libstd/sys/unix/thread.rs:90
Nov 02 11:45:58.325 INFO blam!   18:     0x7fe931f136b9 - start_thread
Nov 02 11:45:58.325 INFO blam!   19:     0x7fe931a3341c - clone
Nov 02 11:45:58.325 INFO blam!   20:                0x0 - <unknown>
Nov 02 11:45:58.325 INFO blam! 
Nov 02 11:45:58.325 INFO blam! 
Nov 02 11:45:58.325 INFO blam! failures:
Nov 02 11:45:58.325 INFO blam!     capture
Nov 02 11:45:58.325 INFO blam! 
Nov 02 11:45:58.325 INFO blam! test result: FAILED. 8 passed; 1 failed; 0 ignored; 0 measured; 0 filtered out
Nov 02 11:45:58.325 INFO blam! 
Nov 02 11:45:58.666 INFO running `"docker" "rm" "-f" "2cdfd6ffc809bb149fda576e99ca3664d675ccc8d7e10c30cde6ce941063160e"`
Nov 02 11:45:58.763 INFO blam! 2cdfd6ffc809bb149fda576e99ca3664d675ccc8d7e10c30cde6ce941063160e
