Nov 02 13:28:21.321 INFO testing libhoney-0.0.5 against beta-2018-10-30 for beta-1.31-1
Nov 02 13:28:21.321 INFO running `"docker" "create" "-v" "/mnt/big/crater/work/local/target-dirs/beta-1.31-1/worker-3/beta-2018-10-30:/target:rw,Z" "-v" "/mnt/big/crater/work/local/test-source/worker-3/beta-1.31-1/beta-2018-10-30:/source:ro,Z" "-v" "/mnt/big/crater/work/local/cargo-home:/cargo-home:ro,Z" "-v" "/mnt/big/crater/work/local/rustup-home:/rustup-home:ro,Z" "-e" "USER_ID=1000" "-e" "SOURCE_DIR=/source" "-e" "USER_ID=1000" "-e" "CMD=cargo +beta-2018-10-30 build --frozen" "-e" "CARGO_TARGET_DIR=/target" "-e" "CARGO_INCREMENTAL=0" "-e" "RUST_BACKTRACE=full" "-e" "RUSTFLAGS=--cap-lints=warn" "-e" "CARGO_HOME=/cargo-home" "-e" "RUSTUP_HOME=/rustup-home" "-m" "1536M" "--network" "none" "crater"`
Nov 02 13:28:21.551 INFO blam! ef2f6e548ad720f88dad643898eb6ebaca6808870fe593e06229b6974deca4a4
Nov 02 13:28:21.557 INFO running `"docker" "start" "-a" "ef2f6e548ad720f88dad643898eb6ebaca6808870fe593e06229b6974deca4a4"`
Nov 02 13:28:22.265 INFO kablam! usermod: no changes
Nov 02 13:28:22.451 INFO kablam!    Compiling libhoney v0.0.5 (/source)
Nov 02 13:28:27.495 INFO kablam! warning: unused `#[macro_use]` import
Nov 02 13:28:27.495 INFO kablam!  --> src/lib.rs:1:1
Nov 02 13:28:27.495 INFO kablam!   |
Nov 02 13:28:27.495 INFO kablam! 1 | #[macro_use] extern crate serde_json;
Nov 02 13:28:27.495 INFO kablam!   | ^^^^^^^^^^^^
Nov 02 13:28:27.495 INFO kablam!   |
Nov 02 13:28:27.495 INFO kablam!   = note: #[warn(unused_imports)] on by default
Nov 02 13:28:27.495 INFO kablam! 
Nov 02 13:28:29.999 INFO kablam!     Finished dev [unoptimized + debuginfo] target(s) in 7.72s
Nov 02 13:28:30.010 INFO kablam! su: No module specific data is present
Nov 02 13:28:30.371 INFO running `"docker" "rm" "-f" "ef2f6e548ad720f88dad643898eb6ebaca6808870fe593e06229b6974deca4a4"`
Nov 02 13:28:30.503 INFO blam! ef2f6e548ad720f88dad643898eb6ebaca6808870fe593e06229b6974deca4a4
Nov 02 13:28:30.506 INFO running `"docker" "create" "-v" "/mnt/big/crater/work/local/target-dirs/beta-1.31-1/worker-3/beta-2018-10-30:/target:rw,Z" "-v" "/mnt/big/crater/work/local/test-source/worker-3/beta-1.31-1/beta-2018-10-30:/source:ro,Z" "-v" "/mnt/big/crater/work/local/cargo-home:/cargo-home:ro,Z" "-v" "/mnt/big/crater/work/local/rustup-home:/rustup-home:ro,Z" "-e" "USER_ID=1000" "-e" "SOURCE_DIR=/source" "-e" "USER_ID=1000" "-e" "CMD=cargo +beta-2018-10-30 test --frozen --no-run" "-e" "CARGO_TARGET_DIR=/target" "-e" "CARGO_INCREMENTAL=0" "-e" "RUST_BACKTRACE=full" "-e" "RUSTFLAGS=--cap-lints=warn" "-e" "CARGO_HOME=/cargo-home" "-e" "RUSTUP_HOME=/rustup-home" "-m" "1536M" "--network" "none" "crater"`
Nov 02 13:28:30.741 INFO blam! 8cb2c3ecaedca7d5b2d41af3e5367892e22ed59e73bb6f818d358107c2c4ddec
Nov 02 13:28:30.743 INFO running `"docker" "start" "-a" "8cb2c3ecaedca7d5b2d41af3e5367892e22ed59e73bb6f818d358107c2c4ddec"`
Nov 02 13:28:31.243 INFO kablam! usermod: no changes
Nov 02 13:28:31.431 INFO kablam!    Compiling libhoney v0.0.5 (/source)
Nov 02 13:28:36.495 INFO kablam! warning: unused `#[macro_use]` import
Nov 02 13:28:36.495 INFO kablam!  --> src/lib.rs:1:1
Nov 02 13:28:36.495 INFO kablam!   |
Nov 02 13:28:36.495 INFO kablam! 1 | #[macro_use] extern crate serde_json;
Nov 02 13:28:36.495 INFO kablam!   | ^^^^^^^^^^^^
Nov 02 13:28:36.495 INFO kablam!   |
Nov 02 13:28:36.495 INFO kablam!   = note: #[warn(unused_imports)] on by default
Nov 02 13:28:36.495 INFO kablam! 
Nov 02 13:28:39.611 INFO kablam!     Finished dev [unoptimized + debuginfo] target(s) in 8.33s
Nov 02 13:28:39.623 INFO kablam! su: No module specific data is present
Nov 02 13:28:40.187 INFO running `"docker" "rm" "-f" "8cb2c3ecaedca7d5b2d41af3e5367892e22ed59e73bb6f818d358107c2c4ddec"`
Nov 02 13:28:40.387 INFO blam! 8cb2c3ecaedca7d5b2d41af3e5367892e22ed59e73bb6f818d358107c2c4ddec
Nov 02 13:28:40.389 INFO running `"docker" "create" "-v" "/mnt/big/crater/work/local/target-dirs/beta-1.31-1/worker-3/beta-2018-10-30:/target:rw,Z" "-v" "/mnt/big/crater/work/local/test-source/worker-3/beta-1.31-1/beta-2018-10-30:/source:ro,Z" "-v" "/mnt/big/crater/work/local/cargo-home:/cargo-home:ro,Z" "-v" "/mnt/big/crater/work/local/rustup-home:/rustup-home:ro,Z" "-e" "USER_ID=1000" "-e" "SOURCE_DIR=/source" "-e" "USER_ID=1000" "-e" "CMD=cargo +beta-2018-10-30 test --frozen" "-e" "CARGO_TARGET_DIR=/target" "-e" "CARGO_INCREMENTAL=0" "-e" "RUST_BACKTRACE=full" "-e" "RUSTFLAGS=--cap-lints=warn" "-e" "CARGO_HOME=/cargo-home" "-e" "RUSTUP_HOME=/rustup-home" "-m" "1536M" "--network" "none" "crater"`
Nov 02 13:28:40.607 INFO blam! ea50f094a6cfc5d725adeb8a72929608a25070d374aca1bd8e94efbf6a957f5e
Nov 02 13:28:40.609 INFO running `"docker" "start" "-a" "ea50f094a6cfc5d725adeb8a72929608a25070d374aca1bd8e94efbf6a957f5e"`
Nov 02 13:28:41.290 INFO kablam! usermod: no changes
Nov 02 13:28:41.415 INFO kablam!     Finished dev [unoptimized + debuginfo] target(s) in 0.11s
Nov 02 13:28:41.422 INFO kablam!      Running /target/debug/deps/libhoney-327764657acfdb39
Nov 02 13:28:41.424 INFO blam! 
Nov 02 13:28:41.424 INFO blam! running 0 tests
Nov 02 13:28:41.424 INFO blam! 
Nov 02 13:28:41.424 INFO blam! test result: ok. 0 passed; 0 failed; 0 ignored; 0 measured; 0 filtered out
Nov 02 13:28:41.424 INFO blam! 
Nov 02 13:28:41.424 INFO kablam!      Running /target/debug/deps/tests-e9de54e35a9ecb8f
Nov 02 13:28:41.427 INFO blam! 
Nov 02 13:28:41.427 INFO blam! running 2 tests
Nov 02 13:28:41.513 INFO blam! test test_add_maplit ... FAILED
Nov 02 13:28:41.517 INFO blam! test send_event ... FAILED
Nov 02 13:28:41.517 INFO blam! 
Nov 02 13:28:41.517 INFO blam! failures:
Nov 02 13:28:41.517 INFO blam! 
Nov 02 13:28:41.517 INFO blam! ---- test_add_maplit stdout ----
Nov 02 13:28:41.517 INFO blam! thread 'test_add_maplit' panicked at 'called `Result::unwrap()` on an `Err` value: Io(Custom { kind: Other, error: StringError("failed to lookup address information: Temporary failure in name resolution") })', libcore/result.rs:1009:5
Nov 02 13:28:41.517 INFO blam! stack backtrace:
Nov 02 13:28:41.517 INFO blam!    0:     0x561203382f9f - std::sys::unix::backtrace::tracing::imp::unwind_backtrace::h3c55afa80a996a32
Nov 02 13:28:41.517 INFO blam!                                at libstd/sys/unix/backtrace/tracing/gcc_s.rs:49
Nov 02 13:28:41.517 INFO blam!    1:     0x56120338c827 - std::sys_common::backtrace::print::hcef907ea7a07cd40
Nov 02 13:28:41.517 INFO blam!                                at libstd/sys_common/backtrace.rs:71
Nov 02 13:28:41.517 INFO blam!                                at libstd/sys_common/backtrace.rs:59
Nov 02 13:28:41.517 INFO blam!    2:     0x5612033872ff - std::panicking::default_hook::{{closure}}::hf541876c65f36ea7
Nov 02 13:28:41.517 INFO blam!                                at libstd/panicking.rs:211
Nov 02 13:28:41.517 INFO blam!    3:     0x561203386ffe - std::panicking::default_hook::h4ecc06b30ae4459d
Nov 02 13:28:41.517 INFO blam!                                at libstd/panicking.rs:221
Nov 02 13:28:41.517 INFO blam!    4:     0x5612033879de - std::panicking::rust_panic_with_hook::h0cc6d9cc9f34a947
Nov 02 13:28:41.517 INFO blam!                                at libstd/panicking.rs:476
Nov 02 13:28:41.517 INFO blam!    5:     0x561203387581 - std::panicking::continue_panic_fmt::hc71ad5f01496e320
Nov 02 13:28:41.517 INFO blam!                                at libstd/panicking.rs:390
Nov 02 13:28:41.517 INFO blam!    6:     0x561203387465 - rust_begin_unwind
Nov 02 13:28:41.517 INFO blam!                                at libstd/panicking.rs:325
Nov 02 13:28:41.517 INFO blam!    7:     0x5612033c86ac - core::panicking::panic_fmt::ha71638b7d4f53c35
Nov 02 13:28:41.517 INFO blam!                                at libcore/panicking.rs:77
Nov 02 13:28:41.517 INFO blam!    8:     0x5612030dd3a0 - core::result::unwrap_failed::h40456db8b2b6e3b6
Nov 02 13:28:41.517 INFO blam!                                at libcore/macros.rs:26
Nov 02 13:28:41.517 INFO blam!    9:     0x5612030d9a8d - <core::result::Result<T, E>>::unwrap::h3d68864c193bf4a7
Nov 02 13:28:41.517 INFO blam!                                at libcore/result.rs:808
Nov 02 13:28:41.517 INFO blam!   10:     0x561203100913 - <libhoney::transmission::Transmission as libhoney::transmission_trait::TransmissionT>::send_formatted_event::h38a88c6bed8c5f6b
Nov 02 13:28:41.517 INFO blam!                                at src/transmission.rs:79
Nov 02 13:28:41.517 INFO blam!   11:     0x56120314843f - libhoney::event::Event::send::h58d455ad50ce5596
Nov 02 13:28:41.517 INFO blam!                                at src/event.rs:34
Nov 02 13:28:41.517 INFO blam!   12:     0x561203068b4d - tests::test_add_maplit::ha7a0d1bb7b12f06a
Nov 02 13:28:41.517 INFO blam!                                at tests/tests.rs:41
Nov 02 13:28:41.517 INFO blam!   13:     0x561203068859 - tests::test_add_maplit::{{closure}}::h63e2e66231a03dd4
Nov 02 13:28:41.517 INFO blam!                                at tests/tests.rs:27
Nov 02 13:28:41.517 INFO blam!   14:     0x56120306a5fd - core::ops::function::FnOnce::call_once::h26acccb366ade023
Nov 02 13:28:41.517 INFO blam!                                at libcore/ops/function.rs:238
Nov 02 13:28:41.517 INFO blam!   15:     0x56120306dfae - <F as alloc::boxed::FnBox<A>>::call_box::hf32558bd83684b60
Nov 02 13:28:41.517 INFO blam!                                at libtest/lib.rs:1468
Nov 02 13:28:41.517 INFO blam!                                at libcore/ops/function.rs:238
Nov 02 13:28:41.517 INFO blam!                                at liballoc/boxed.rs:672
Nov 02 13:28:41.517 INFO blam!   16:     0x561203397a59 - __rust_maybe_catch_panic
Nov 02 13:28:41.517 INFO blam!                                at libpanic_unwind/lib.rs:102
Nov 02 13:28:41.517 INFO blam!   17:     0x56120308fc12 - std::sys_common::backtrace::__rust_begin_short_backtrace::h1bb71a7386fd3269
Nov 02 13:28:41.517 INFO blam!                                at libstd/panicking.rs:289
Nov 02 13:28:41.517 INFO blam!                                at libstd/panic.rs:392
Nov 02 13:28:41.517 INFO blam!                                at libtest/lib.rs:1423
Nov 02 13:28:41.517 INFO blam!                                at libstd/sys_common/backtrace.rs:136
Nov 02 13:28:41.517 INFO blam!   18:     0x5612030906c4 - std::panicking::try::do_call::h9b94719c3074bb5c
Nov 02 13:28:41.517 INFO blam!                                at libstd/thread/mod.rs:409
Nov 02 13:28:41.517 INFO blam!                                at libstd/panic.rs:313
Nov 02 13:28:41.517 INFO blam!                                at libstd/panicking.rs:310
Nov 02 13:28:41.517 INFO blam!   19:     0x561203397a59 - __rust_maybe_catch_panic
Nov 02 13:28:41.517 INFO blam!                                at libpanic_unwind/lib.rs:102
Nov 02 13:28:41.517 INFO blam!   20:     0x56120307d8ec - <F as alloc::boxed::FnBox<A>>::call_box::hb3bcd66d16fd3e84
Nov 02 13:28:41.517 INFO blam!                                at libstd/panicking.rs:289
Nov 02 13:28:41.517 INFO blam!                                at libstd/panic.rs:392
Nov 02 13:28:41.517 INFO blam!                                at libstd/thread/mod.rs:408
Nov 02 13:28:41.517 INFO blam!                                at liballoc/boxed.rs:672
Nov 02 13:28:41.517 INFO blam!   21:     0x561203384ffd - std::sys_common::thread::start_thread::had0c80d121669d29
Nov 02 13:28:41.517 INFO blam!                                at liballoc/boxed.rs:682
Nov 02 13:28:41.517 INFO blam!                                at libstd/sys_common/thread.rs:24
Nov 02 13:28:41.517 INFO blam!   22:     0x561203377a05 - std::sys::unix::thread::Thread::new::thread_start::h4a5b66a70d76f47f
Nov 02 13:28:41.518 INFO blam!                                at libstd/sys/unix/thread.rs:90
Nov 02 13:28:41.518 INFO blam!   23:     0x7f087101c6b9 - start_thread
Nov 02 13:28:41.518 INFO blam!   24:     0x7f0870b3c41c - clone
Nov 02 13:28:41.518 INFO blam!   25:                0x0 - <unknown>
Nov 02 13:28:41.518 INFO blam! 
Nov 02 13:28:41.518 INFO blam! ---- send_event stdout ----
Nov 02 13:28:41.518 INFO blam! thread 'send_event' panicked at 'called `Result::unwrap()` on an `Err` value: Io(Custom { kind: Other, error: StringError("failed to lookup address information: Temporary failure in name resolution") })', libcore/result.rs:1009:5
Nov 02 13:28:41.518 INFO blam! stack backtrace:
Nov 02 13:28:41.518 INFO blam!    0:     0x561203382f9f - std::sys::unix::backtrace::tracing::imp::unwind_backtrace::h3c55afa80a996a32
Nov 02 13:28:41.518 INFO blam!                                at libstd/sys/unix/backtrace/tracing/gcc_s.rs:49
Nov 02 13:28:41.518 INFO blam!    1:     0x56120338c827 - std::sys_common::backtrace::print::hcef907ea7a07cd40
Nov 02 13:28:41.518 INFO blam!                                at libstd/sys_common/backtrace.rs:71
Nov 02 13:28:41.518 INFO blam!                                at libstd/sys_common/backtrace.rs:59
Nov 02 13:28:41.518 INFO blam!    2:     0x5612033872ff - std::panicking::default_hook::{{closure}}::hf541876c65f36ea7
Nov 02 13:28:41.518 INFO blam!                                at libstd/panicking.rs:211
Nov 02 13:28:41.518 INFO blam!    3:     0x561203386ffe - std::panicking::default_hook::h4ecc06b30ae4459d
Nov 02 13:28:41.518 INFO blam!                                at libstd/panicking.rs:221
Nov 02 13:28:41.518 INFO blam!    4:     0x5612033879de - std::panicking::rust_panic_with_hook::h0cc6d9cc9f34a947
Nov 02 13:28:41.518 INFO blam!                                at libstd/panicking.rs:476
Nov 02 13:28:41.518 INFO blam!    5:     0x561203387581 - std::panicking::continue_panic_fmt::hc71ad5f01496e320
Nov 02 13:28:41.518 INFO blam!                                at libstd/panicking.rs:390
Nov 02 13:28:41.518 INFO blam!    6:     0x561203387465 - rust_begin_unwind
Nov 02 13:28:41.518 INFO blam!                                at libstd/panicking.rs:325
Nov 02 13:28:41.518 INFO blam!    7:     0x5612033c86ac - core::panicking::panic_fmt::ha71638b7d4f53c35
Nov 02 13:28:41.518 INFO blam!                                at libcore/panicking.rs:77
Nov 02 13:28:41.518 INFO blam!    8:     0x5612030dd3a0 - core::result::unwrap_failed::h40456db8b2b6e3b6
Nov 02 13:28:41.518 INFO blam!                                at libcore/macros.rs:26
Nov 02 13:28:41.518 INFO blam!    9:     0x5612030d9a8d - <core::result::Result<T, E>>::unwrap::h3d68864c193bf4a7
Nov 02 13:28:41.518 INFO blam!                                at libcore/result.rs:808
Nov 02 13:28:41.518 INFO blam!   10:     0x561203100913 - <libhoney::transmission::Transmission as libhoney::transmission_trait::TransmissionT>::send_formatted_event::h38a88c6bed8c5f6b
Nov 02 13:28:41.518 INFO blam!                                at src/transmission.rs:79
Nov 02 13:28:41.518 INFO blam!   11:     0x56120314843f - libhoney::event::Event::send::h58d455ad50ce5596
Nov 02 13:28:41.518 INFO blam!                                at src/event.rs:34
Nov 02 13:28:41.518 INFO blam!   12:     0x5612030687c7 - tests::send_event::h5f7469f5154b924c
Nov 02 13:28:41.518 INFO blam!                                at tests/tests.rs:23
Nov 02 13:28:41.518 INFO blam!   13:     0x5612030685b9 - tests::send_event::{{closure}}::h00753b5582465a32
Nov 02 13:28:41.518 INFO blam!                                at tests/tests.rs:10
Nov 02 13:28:41.518 INFO blam!   14:     0x56120306a5bd - core::ops::function::FnOnce::call_once::h02385df9d82a0c20
Nov 02 13:28:41.518 INFO blam!                                at libcore/ops/function.rs:238
Nov 02 13:28:41.518 INFO blam!   15:     0x56120306dfae - <F as alloc::boxed::FnBox<A>>::call_box::hf32558bd83684b60
Nov 02 13:28:41.518 INFO blam!                                at libtest/lib.rs:1468
Nov 02 13:28:41.518 INFO blam!                                at libcore/ops/function.rs:238
Nov 02 13:28:41.518 INFO blam!                                at liballoc/boxed.rs:672
Nov 02 13:28:41.518 INFO blam!   16:     0x561203397a59 - __rust_maybe_catch_panic
Nov 02 13:28:41.518 INFO blam!                                at libpanic_unwind/lib.rs:102
Nov 02 13:28:41.518 INFO blam!   17:     0x56120308fc12 - std::sys_common::backtrace::__rust_begin_short_backtrace::h1bb71a7386fd3269
Nov 02 13:28:41.518 INFO blam!                                at libstd/panicking.rs:289
Nov 02 13:28:41.518 INFO blam!                                at libstd/panic.rs:392
Nov 02 13:28:41.518 INFO blam!                                at libtest/lib.rs:1423
Nov 02 13:28:41.518 INFO blam!                                at libstd/sys_common/backtrace.rs:136
Nov 02 13:28:41.518 INFO blam!   18:     0x5612030906c4 - std::panicking::try::do_call::h9b94719c3074bb5c
Nov 02 13:28:41.518 INFO blam!                                at libstd/thread/mod.rs:409
Nov 02 13:28:41.518 INFO blam!                                at libstd/panic.rs:313
Nov 02 13:28:41.518 INFO blam!                                at libstd/panicking.rs:310
Nov 02 13:28:41.518 INFO blam!   19:     0x561203397a59 - __rust_maybe_catch_panic
Nov 02 13:28:41.518 INFO blam!                                at libpanic_unwind/lib.rs:102
Nov 02 13:28:41.518 INFO blam!   20:     0x56120307d8ec - <F as alloc::boxed::FnBox<A>>::call_box::hb3bcd66d16fd3e84
Nov 02 13:28:41.518 INFO blam!                                at libstd/panicking.rs:289
Nov 02 13:28:41.518 INFO blam!                                at libstd/panic.rs:392
Nov 02 13:28:41.518 INFO blam!                                at libstd/thread/mod.rs:408
Nov 02 13:28:41.518 INFO blam!                                at liballoc/boxed.rs:672
Nov 02 13:28:41.518 INFO blam!   21:     0x561203384ffd - std::sys_common::thread::start_thread::had0c80d121669d29
Nov 02 13:28:41.518 INFO blam!                                at liballoc/boxed.rs:682
Nov 02 13:28:41.518 INFO blam!                                at libstd/sys_common/thread.rs:24
Nov 02 13:28:41.518 INFO blam!   22:     0x561203377a05 - std::sys::unix::thread::Thread::new::thread_start::h4a5b66a70d76f47f
Nov 02 13:28:41.518 INFO blam!                                at libstd/sys/unix/thread.rs:90
Nov 02 13:28:41.518 INFO blam!   23:     0x7f087101c6b9 - start_thread
Nov 02 13:28:41.518 INFO blam!   24:     0x7f0870b3c41c - clone
Nov 02 13:28:41.518 INFO blam!   25:                0x0 - <unknown>
Nov 02 13:28:41.518 INFO blam! 
Nov 02 13:28:41.518 INFO blam! 
Nov 02 13:28:41.518 INFO blam! failures:
Nov 02 13:28:41.518 INFO blam!     send_event
Nov 02 13:28:41.518 INFO blam!     test_add_maplit
Nov 02 13:28:41.518 INFO blam! 
Nov 02 13:28:41.518 INFO blam! test result: FAILED. 0 passed; 2 failed; 0 ignored; 0 measured; 0 filtered out
Nov 02 13:28:41.518 INFO blam! 
Nov 02 13:28:41.522 INFO kablam! error: test failed, to rerun pass '--test tests'
Nov 02 13:28:41.524 INFO kablam! su: No module specific data is present
Nov 02 13:28:41.796 INFO running `"docker" "rm" "-f" "ea50f094a6cfc5d725adeb8a72929608a25070d374aca1bd8e94efbf6a957f5e"`
Nov 02 13:28:42.006 INFO blam! ea50f094a6cfc5d725adeb8a72929608a25070d374aca1bd8e94efbf6a957f5e
