Nov 02 15:53:18.767 INFO testing hey_listen-0.2.0 against 1.30.0 for beta-1.31-1
Nov 02 15:53:18.767 INFO running `"docker" "create" "-v" "/mnt/big/crater/work/local/target-dirs/beta-1.31-1/worker-1/1.30.0:/target:rw,Z" "-v" "/mnt/big/crater/work/local/test-source/worker-1/beta-1.31-1/1.30.0:/source:ro,Z" "-v" "/mnt/big/crater/work/local/cargo-home:/cargo-home:ro,Z" "-v" "/mnt/big/crater/work/local/rustup-home:/rustup-home:ro,Z" "-e" "USER_ID=1000" "-e" "SOURCE_DIR=/source" "-e" "USER_ID=1000" "-e" "CMD=cargo +1.30.0 build --frozen" "-e" "CARGO_TARGET_DIR=/target" "-e" "CARGO_INCREMENTAL=0" "-e" "RUST_BACKTRACE=full" "-e" "RUSTFLAGS=--cap-lints=warn" "-e" "CARGO_HOME=/cargo-home" "-e" "RUSTUP_HOME=/rustup-home" "-m" "1536M" "--network" "none" "crater"`
Nov 02 15:53:18.934 INFO blam! 8efe1e3502ec017c3e614bb7cf5dd063a688c79afdef7e97d024106b26914695
Nov 02 15:53:18.936 INFO running `"docker" "start" "-a" "8efe1e3502ec017c3e614bb7cf5dd063a688c79afdef7e97d024106b26914695"`
Nov 02 15:53:19.283 INFO kablam! usermod: no changes
Nov 02 15:53:19.420 INFO kablam!    Compiling hey_listen v0.2.0 (/source)
Nov 02 15:53:26.044 INFO kablam!     Finished dev [unoptimized + debuginfo] target(s) in 6.74s
Nov 02 15:53:26.049 INFO kablam! su: No module specific data is present
Nov 02 15:53:26.354 INFO running `"docker" "rm" "-f" "8efe1e3502ec017c3e614bb7cf5dd063a688c79afdef7e97d024106b26914695"`
Nov 02 15:53:26.446 INFO blam! 8efe1e3502ec017c3e614bb7cf5dd063a688c79afdef7e97d024106b26914695
Nov 02 15:53:26.452 INFO running `"docker" "create" "-v" "/mnt/big/crater/work/local/target-dirs/beta-1.31-1/worker-1/1.30.0:/target:rw,Z" "-v" "/mnt/big/crater/work/local/test-source/worker-1/beta-1.31-1/1.30.0:/source:ro,Z" "-v" "/mnt/big/crater/work/local/cargo-home:/cargo-home:ro,Z" "-v" "/mnt/big/crater/work/local/rustup-home:/rustup-home:ro,Z" "-e" "USER_ID=1000" "-e" "SOURCE_DIR=/source" "-e" "USER_ID=1000" "-e" "CMD=cargo +1.30.0 test --frozen --no-run" "-e" "CARGO_TARGET_DIR=/target" "-e" "CARGO_INCREMENTAL=0" "-e" "RUST_BACKTRACE=full" "-e" "RUSTFLAGS=--cap-lints=warn" "-e" "CARGO_HOME=/cargo-home" "-e" "RUSTUP_HOME=/rustup-home" "-m" "1536M" "--network" "none" "crater"`
Nov 02 15:53:26.636 INFO blam! 8859e56770c67926fca0330cf4b63b45cc0c5703f67c58678c300d51556d55cf
Nov 02 15:53:26.643 INFO running `"docker" "start" "-a" "8859e56770c67926fca0330cf4b63b45cc0c5703f67c58678c300d51556d55cf"`
Nov 02 15:53:27.047 INFO kablam! usermod: no changes
Nov 02 15:53:27.149 INFO kablam!    Compiling hey_listen v0.2.0 (/source)
Nov 02 15:53:32.949 INFO kablam!     Finished dev [unoptimized + debuginfo] target(s) in 5.88s
Nov 02 15:53:32.959 INFO kablam! su: No module specific data is present
Nov 02 15:53:33.229 INFO running `"docker" "rm" "-f" "8859e56770c67926fca0330cf4b63b45cc0c5703f67c58678c300d51556d55cf"`
Nov 02 15:53:33.532 INFO blam! 8859e56770c67926fca0330cf4b63b45cc0c5703f67c58678c300d51556d55cf
Nov 02 15:53:33.535 INFO running `"docker" "create" "-v" "/mnt/big/crater/work/local/target-dirs/beta-1.31-1/worker-1/1.30.0:/target:rw,Z" "-v" "/mnt/big/crater/work/local/test-source/worker-1/beta-1.31-1/1.30.0:/source:ro,Z" "-v" "/mnt/big/crater/work/local/cargo-home:/cargo-home:ro,Z" "-v" "/mnt/big/crater/work/local/rustup-home:/rustup-home:ro,Z" "-e" "USER_ID=1000" "-e" "SOURCE_DIR=/source" "-e" "USER_ID=1000" "-e" "CMD=cargo +1.30.0 test --frozen" "-e" "CARGO_TARGET_DIR=/target" "-e" "CARGO_INCREMENTAL=0" "-e" "RUST_BACKTRACE=full" "-e" "RUSTFLAGS=--cap-lints=warn" "-e" "CARGO_HOME=/cargo-home" "-e" "RUSTUP_HOME=/rustup-home" "-m" "1536M" "--network" "none" "crater"`
Nov 02 15:53:33.878 INFO blam! f395b1cb57a784a451501f069a548c1de6959dd9e089b88795f78bc54cf9178b
Nov 02 15:53:33.879 INFO running `"docker" "start" "-a" "f395b1cb57a784a451501f069a548c1de6959dd9e089b88795f78bc54cf9178b"`
Nov 02 15:53:34.627 INFO kablam! usermod: no changes
Nov 02 15:53:34.784 INFO kablam!     Finished dev [unoptimized + debuginfo] target(s) in 0.13s
Nov 02 15:53:34.800 INFO kablam!      Running /target/debug/deps/hey_listen-b34b4e4a760041ab
Nov 02 15:53:34.800 INFO blam! 
Nov 02 15:53:34.801 INFO kablam!      Running /target/debug/deps/parallel_dispatcher_test-4ebd41b834db5cd7
Nov 02 15:53:34.801 INFO blam! running 4 tests
Nov 02 15:53:34.801 INFO blam! test tests::execute_sync_dispatcher_requests::remove_one_element_and_stop ... ok
Nov 02 15:53:34.802 INFO blam! test tests::execute_sync_dispatcher_requests::empty_vec ... ok
Nov 02 15:53:34.802 INFO blam! test tests::execute_sync_dispatcher_requests::stop_listening ... ok
Nov 02 15:53:34.802 INFO blam! test tests::execute_sync_dispatcher_requests::removing_all ... ok
Nov 02 15:53:34.802 INFO blam! 
Nov 02 15:53:34.803 INFO blam! test result: ok. 4 passed; 0 failed; 0 ignored; 0 measured; 0 filtered out
Nov 02 15:53:34.803 INFO blam! 
Nov 02 15:53:34.808 INFO blam! 
Nov 02 15:53:34.809 INFO blam! running 5 tests
Nov 02 15:53:34.819 INFO blam! test is_send_and_sync ... ok
Nov 02 15:53:34.819 INFO blam! test stop_listening_parallel_for_dyn_traits ... ok
Nov 02 15:53:34.819 INFO blam! test stop_listening_parallel_for_fns ... ok
Nov 02 15:53:34.819 INFO blam! test dispatch_parallel_to_functions ... ok
Nov 02 15:53:34.823 INFO blam! test dispatch_parallel_to_dyn_traits ... ok
Nov 02 15:53:34.823 INFO blam! 
Nov 02 15:53:34.823 INFO blam! test result: ok. 5 passed; 0 failed; 0 ignored; 0 measured; 0 filtered out
Nov 02 15:53:34.824 INFO blam! 
Nov 02 15:53:34.834 INFO blam! 
Nov 02 15:53:34.835 INFO kablam!      Running /target/debug/deps/priority_listener_test-cae22b3236e62ff1
Nov 02 15:53:34.835 INFO blam! running 8 tests
Nov 02 15:53:34.835 INFO blam! test is_send_and_sync ... ok
Nov 02 15:53:34.835 INFO blam! test stop_propagation_of_fns ... ok
Nov 02 15:53:34.836 INFO blam! test stop_listening_of_fns ... ok
Nov 02 15:53:34.836 INFO blam! test stop_propagation ... ok
Nov 02 15:53:34.836 INFO blam! test stop_listening_and_propagation ... ok
Nov 02 15:53:34.836 INFO blam! test stop_listening_and_propagation_of_fns ... ok
Nov 02 15:53:34.842 INFO blam! test stop_listening ... ok
Nov 02 15:53:34.842 INFO kablam!      Running /target/debug/deps/skeptic-8978edf22991b81e
Nov 02 15:53:34.842 INFO blam! test listeners_dispatch_in_correct_order ... ok
Nov 02 15:53:34.842 INFO blam! 
Nov 02 15:53:34.842 INFO blam! test result: ok. 8 passed; 0 failed; 0 ignored; 0 measured; 0 filtered out
Nov 02 15:53:34.842 INFO blam! 
Nov 02 15:53:34.847 INFO blam! 
Nov 02 15:53:34.847 INFO blam! running 2 tests
Nov 02 15:53:34.847 INFO blam! test readme_sect_installation_line_62 ... ignored
Nov 02 15:54:34.844 INFO blam! test readme_sect_example_line_17 ... test readme_sect_example_line_17 has been running for over 60 seconds
Nov 02 15:55:11.101 INFO kablam! error[E0308]: mismatched types
Nov 02 15:55:11.101 INFO kablam!   --> /tmp/rust-skeptic.ru3q4GtU5zeO/test.rs:28:50
Nov 02 15:55:11.101 INFO kablam!    |
Nov 02 15:55:11.101 INFO kablam! 28 |     dispatcher.add_listener(Event::EventVariant, &listener);
Nov 02 15:55:11.101 INFO kablam!    |                                                  ^^^^^^^^^ expected struct `parking_lot::mutex::Mutex`, found struct `parking_lot::Mutex`
Nov 02 15:55:11.101 INFO kablam!    |
Nov 02 15:55:11.101 INFO kablam!    = note: expected type `&std::sync::Arc<parking_lot::mutex::Mutex<_>>`
Nov 02 15:55:11.101 INFO kablam!               found type `&std::sync::Arc<parking_lot::Mutex<ListenerStruct>>`
Nov 02 15:55:11.101 INFO kablam! note: Perhaps two different versions of crate `parking_lot` are being used?
Nov 02 15:55:11.101 INFO kablam!   --> /tmp/rust-skeptic.ru3q4GtU5zeO/test.rs:28:50
Nov 02 15:55:11.101 INFO kablam!    |
Nov 02 15:55:11.101 INFO kablam! 28 |     dispatcher.add_listener(Event::EventVariant, &listener);
Nov 02 15:55:11.101 INFO kablam!    |                                                  ^^^^^^^^^
Nov 02 15:55:11.101 INFO kablam! 
Nov 02 15:55:11.101 INFO kablam! error: aborting due to previous error
Nov 02 15:55:11.101 INFO kablam! 
Nov 02 15:55:11.101 INFO kablam! For more information about this error, try `rustc --explain E0308`.
Nov 02 15:55:11.129 INFO blam! test readme_sect_example_line_17 ... FAILED
Nov 02 15:55:11.129 INFO blam! 
Nov 02 15:55:11.129 INFO blam! failures:
Nov 02 15:55:11.129 INFO blam! 
Nov 02 15:55:11.129 INFO blam! ---- readme_sect_example_line_17 stdout ----
Nov 02 15:55:11.129 INFO blam! thread 'readme_sect_example_line_17' panicked at 'Command failed:
Nov 02 15:55:11.129 INFO blam! "rustc" "/tmp/rust-skeptic.ru3q4GtU5zeO/test.rs" "--verbose" "--crate-type=bin" "-L" "/target/debug" "-L" "/target/debug/deps" "--target" "x86_64-unknown-linux-gnu" "--extern" "hey_listen=/target/debug/deps/libhey_listen-bd85c50ee370c849.rlib" "--extern" "rayon=/target/debug/deps/librayon-33fd1cd9ec05141f.rlib" "--extern" "skeptic=/target/debug/deps/libskeptic-7b4d8cca0ef877bd.rlib" "--extern" "parking_lot=/target/debug/deps/libparking_lot-a00dd2fbecd672cf.rlib" "--extern" "failure_derive=/target/debug/deps/libfailure_derive-386f9ea8b5cf4459.so" "--extern" "failure=/target/debug/deps/libfailure-06efb2a5654e98e8.rlib" "-o" "/tmp/rust-skeptic.ru3q4GtU5zeO/out.exe"', /cargo-home/registry/src/github.com-1ecc6299db9ec823/skeptic-0.13.3/lib.rs:835:13
Nov 02 15:55:11.129 INFO blam! stack backtrace:
Nov 02 15:55:11.129 INFO blam!    0:     0x55a15bfeb33e - std::sys::unix::backtrace::tracing::imp::unwind_backtrace::hf5316c67202e23c8
Nov 02 15:55:11.129 INFO blam!                                at libstd/sys/unix/backtrace/tracing/gcc_s.rs:49
Nov 02 15:55:11.129 INFO blam!    1:     0x55a15bfd8f06 - std::sys_common::backtrace::print::h3068ed2a6dc7ac86
Nov 02 15:55:11.129 INFO blam!                                at libstd/sys_common/backtrace.rs:71
Nov 02 15:55:11.129 INFO blam!                                at libstd/sys_common/backtrace.rs:59
Nov 02 15:55:11.129 INFO blam!    2:     0x55a15bfd72dd - std::panicking::default_hook::{{closure}}::h1b9d29cc09d41897
Nov 02 15:55:11.129 INFO blam!                                at libstd/panicking.rs:211
Nov 02 15:55:11.129 INFO blam!    3:     0x55a15bfd6feb - std::panicking::default_hook::h3a27b204a313406b
Nov 02 15:55:11.129 INFO blam!                                at libstd/panicking.rs:221
Nov 02 15:55:11.129 INFO blam!    4:     0x55a15bfd798c - std::panicking::rust_panic_with_hook::h0e12cb2fc86d00fa
Nov 02 15:55:11.129 INFO blam!                                at libstd/panicking.rs:477
Nov 02 15:55:11.129 INFO blam!    5:     0x55a15bfd7549 - std::panicking::continue_panic_fmt::h141671b29fe0e27d
Nov 02 15:55:11.129 INFO blam!                                at libstd/panicking.rs:391
Nov 02 15:55:11.129 INFO blam!    6:     0x55a15bfd74ad - std::panicking::begin_panic_fmt::h598547fc766c278a
Nov 02 15:55:11.129 INFO blam!                                at libstd/panicking.rs:346
Nov 02 15:55:11.129 INFO blam!    7:     0x55a15be9db2a - skeptic::rt::interpret_output::h6f86278e4544d765
Nov 02 15:55:11.129 INFO blam!                                at /cargo-home/registry/src/github.com-1ecc6299db9ec823/skeptic-0.13.3/lib.rs:835
Nov 02 15:55:11.129 INFO blam!    8:     0x55a15be9d2cd - skeptic::rt::compile_test_case::h43c7c28e4d1d0f5e
Nov 02 15:55:11.129 INFO blam!                                at /cargo-home/registry/src/github.com-1ecc6299db9ec823/skeptic-0.13.3/lib.rs:813
Nov 02 15:55:11.129 INFO blam!    9:     0x55a15be9c83d - skeptic::rt::run_test::h4f0b84a02e27e92d
Nov 02 15:55:11.129 INFO blam!                                at /cargo-home/registry/src/github.com-1ecc6299db9ec823/skeptic-0.13.3/lib.rs:737
Nov 02 15:55:11.129 INFO blam!   10:     0x55a15be57234 - skeptic::readme_sect_example_line_17::h2d5d6b80818adee1
Nov 02 15:55:11.130 INFO blam!                                at /target/debug/build/hey_listen-da6576a66b169f3d/out/skeptic-tests.rs:35
Nov 02 15:55:11.130 INFO blam!   11:     0x55a15be570f9 - skeptic::readme_sect_example_line_17::{{closure}}::hca589d7a09c83036
Nov 02 15:55:11.130 INFO blam!                                at /target/debug/build/hey_listen-da6576a66b169f3d/out/skeptic-tests.rs:2
Nov 02 15:55:11.130 INFO blam!   12:     0x55a15be5783d - core::ops::function::FnOnce::call_once::h381bbcda3891cde3
Nov 02 15:55:11.130 INFO blam!                                at libcore/ops/function.rs:238
Nov 02 15:55:11.130 INFO blam!   13:     0x55a15be5981e - <F as alloc::boxed::FnBox<A>>::call_box::ha9910eac2d17ff23
Nov 02 15:55:11.130 INFO blam!                                at libtest/lib.rs:1461
Nov 02 15:55:11.130 INFO blam!                                at libcore/ops/function.rs:238
Nov 02 15:55:11.130 INFO blam!                                at liballoc/boxed.rs:646
Nov 02 15:55:11.130 INFO blam!   14:     0x55a15bffe339 - __rust_maybe_catch_panic
Nov 02 15:55:11.130 INFO blam!                                at libpanic_unwind/lib.rs:103
Nov 02 15:55:11.130 INFO blam!   15:     0x55a15be6512d - std::sys_common::backtrace::__rust_begin_short_backtrace::h470b05235fe5e5ad
Nov 02 15:55:11.130 INFO blam!                                at libstd/panicking.rs:289
Nov 02 15:55:11.130 INFO blam!                                at libstd/panic.rs:392
Nov 02 15:55:11.130 INFO blam!                                at libtest/lib.rs:1416
Nov 02 15:55:11.130 INFO blam!                                at libstd/sys_common/backtrace.rs:136
Nov 02 15:55:11.130 INFO blam!   16:     0x55a15be7d764 - std::panicking::try::do_call::h1f0578498122cc00
Nov 02 15:55:11.130 INFO blam!                                at libstd/thread/mod.rs:409
Nov 02 15:55:11.130 INFO blam!                                at libstd/panic.rs:313
Nov 02 15:55:11.130 INFO blam!                                at libstd/panicking.rs:310
Nov 02 15:55:11.130 INFO blam!   17:     0x55a15bffe339 - __rust_maybe_catch_panic
Nov 02 15:55:11.130 INFO blam!                                at libpanic_unwind/lib.rs:103
Nov 02 15:55:11.130 INFO blam!   18:     0x55a15be6e036 - <F as alloc::boxed::FnBox<A>>::call_box::h7b129f9f235ab460
Nov 02 15:55:11.130 INFO blam!                                at libstd/panicking.rs:289
Nov 02 15:55:11.130 INFO blam!                                at libstd/panic.rs:392
Nov 02 15:55:11.130 INFO blam!                                at libstd/thread/mod.rs:408
Nov 02 15:55:11.130 INFO blam!                                at liballoc/boxed.rs:646
Nov 02 15:55:11.130 INFO blam!   19:     0x55a15bfed52a - std::sys_common::thread::start_thread::hb77935aee02382da
Nov 02 15:55:11.130 INFO blam!                                at liballoc/boxed.rs:656
Nov 02 15:55:11.130 INFO blam!                                at libstd/sys_common/thread.rs:24
Nov 02 15:55:11.130 INFO blam!   20:     0x55a15bfd8145 - std::sys::unix::thread::Thread::new::thread_start::hd61f7429b3de1d75
Nov 02 15:55:11.130 INFO blam!                                at libstd/sys/unix/thread.rs:90
Nov 02 15:55:11.130 INFO blam!   21:     0x7ffa50ce56b9 - start_thread
Nov 02 15:55:11.130 INFO blam!   22:     0x7ffa5080541c - clone
Nov 02 15:55:11.130 INFO blam!   23:                0x0 - <unknown>
Nov 02 15:55:11.130 INFO blam! 
Nov 02 15:55:11.130 INFO blam! 
Nov 02 15:55:11.130 INFO blam! failures:
Nov 02 15:55:11.130 INFO blam!     readme_sect_example_line_17
Nov 02 15:55:11.130 INFO blam! 
Nov 02 15:55:11.130 INFO blam! test result: FAILED. 0 passed; 1 failed; 1 ignored; 0 measured; 0 filtered out
Nov 02 15:55:11.130 INFO blam! 
Nov 02 15:55:11.135 INFO kablam! error: test failed, to rerun pass '--test skeptic'
Nov 02 15:55:11.135 INFO kablam! su: No module specific data is present
Nov 02 15:55:11.377 INFO running `"docker" "rm" "-f" "f395b1cb57a784a451501f069a548c1de6959dd9e089b88795f78bc54cf9178b"`
Nov 02 15:55:11.454 INFO blam! f395b1cb57a784a451501f069a548c1de6959dd9e089b88795f78bc54cf9178b
