Nov 02 22:00:39.905 INFO testing dumplingh-0.2.0 against 1.30.0 for beta-1.31-1
Nov 02 22:00:39.905 INFO running `"docker" "create" "-v" "/mnt/big/crater/work/local/target-dirs/beta-1.31-1/worker-0/1.30.0:/target:rw,Z" "-v" "/mnt/big/crater/work/local/test-source/worker-0/beta-1.31-1/1.30.0:/source:ro,Z" "-v" "/mnt/big/crater/work/local/cargo-home:/cargo-home:ro,Z" "-v" "/mnt/big/crater/work/local/rustup-home:/rustup-home:ro,Z" "-e" "USER_ID=1000" "-e" "SOURCE_DIR=/source" "-e" "USER_ID=1000" "-e" "CMD=cargo +1.30.0 build --frozen" "-e" "CARGO_TARGET_DIR=/target" "-e" "CARGO_INCREMENTAL=0" "-e" "RUST_BACKTRACE=full" "-e" "RUSTFLAGS=--cap-lints=warn" "-e" "CARGO_HOME=/cargo-home" "-e" "RUSTUP_HOME=/rustup-home" "-m" "1536M" "--network" "none" "crater"`
Nov 02 22:00:40.177 INFO blam! e2a791ddcfac1ba607e7f8193a309ffbd769613558f7e594eb6af2744db583ef
Nov 02 22:00:40.178 INFO running `"docker" "start" "-a" "e2a791ddcfac1ba607e7f8193a309ffbd769613558f7e594eb6af2744db583ef"`
Nov 02 22:00:40.559 INFO kablam! usermod: no changes
Nov 02 22:00:40.796 INFO kablam!    Compiling dumplingh v0.2.0 (/source)
Nov 02 22:01:01.367 INFO kablam!     Finished dev [unoptimized + debuginfo] target(s) in 20.79s
Nov 02 22:01:01.383 INFO kablam! su: No module specific data is present
Nov 02 22:01:01.791 INFO running `"docker" "rm" "-f" "e2a791ddcfac1ba607e7f8193a309ffbd769613558f7e594eb6af2744db583ef"`
Nov 02 22:01:02.054 INFO blam! e2a791ddcfac1ba607e7f8193a309ffbd769613558f7e594eb6af2744db583ef
Nov 02 22:01:02.063 INFO running `"docker" "create" "-v" "/mnt/big/crater/work/local/target-dirs/beta-1.31-1/worker-0/1.30.0:/target:rw,Z" "-v" "/mnt/big/crater/work/local/test-source/worker-0/beta-1.31-1/1.30.0:/source:ro,Z" "-v" "/mnt/big/crater/work/local/cargo-home:/cargo-home:ro,Z" "-v" "/mnt/big/crater/work/local/rustup-home:/rustup-home:ro,Z" "-e" "USER_ID=1000" "-e" "SOURCE_DIR=/source" "-e" "USER_ID=1000" "-e" "CMD=cargo +1.30.0 test --frozen --no-run" "-e" "CARGO_TARGET_DIR=/target" "-e" "CARGO_INCREMENTAL=0" "-e" "RUST_BACKTRACE=full" "-e" "RUSTFLAGS=--cap-lints=warn" "-e" "CARGO_HOME=/cargo-home" "-e" "RUSTUP_HOME=/rustup-home" "-m" "1536M" "--network" "none" "crater"`
Nov 02 22:01:02.462 INFO blam! 9b606bf10c35656b4f7fb4c53b7e5365824982621a3ade14872fa53d326654b2
Nov 02 22:01:02.465 INFO running `"docker" "start" "-a" "9b606bf10c35656b4f7fb4c53b7e5365824982621a3ade14872fa53d326654b2"`
Nov 02 22:01:03.708 INFO kablam! usermod: no changes
Nov 02 22:01:03.967 INFO kablam!    Compiling dumplingh v0.2.0 (/source)
Nov 02 22:01:16.407 INFO kablam!     Finished dev [unoptimized + debuginfo] target(s) in 12.66s
Nov 02 22:01:16.412 INFO kablam! su: No module specific data is present
Nov 02 22:01:17.108 INFO running `"docker" "rm" "-f" "9b606bf10c35656b4f7fb4c53b7e5365824982621a3ade14872fa53d326654b2"`
Nov 02 22:01:17.233 INFO blam! 9b606bf10c35656b4f7fb4c53b7e5365824982621a3ade14872fa53d326654b2
Nov 02 22:01:17.236 INFO running `"docker" "create" "-v" "/mnt/big/crater/work/local/target-dirs/beta-1.31-1/worker-0/1.30.0:/target:rw,Z" "-v" "/mnt/big/crater/work/local/test-source/worker-0/beta-1.31-1/1.30.0:/source:ro,Z" "-v" "/mnt/big/crater/work/local/cargo-home:/cargo-home:ro,Z" "-v" "/mnt/big/crater/work/local/rustup-home:/rustup-home:ro,Z" "-e" "USER_ID=1000" "-e" "SOURCE_DIR=/source" "-e" "USER_ID=1000" "-e" "CMD=cargo +1.30.0 test --frozen" "-e" "CARGO_TARGET_DIR=/target" "-e" "CARGO_INCREMENTAL=0" "-e" "RUST_BACKTRACE=full" "-e" "RUSTFLAGS=--cap-lints=warn" "-e" "CARGO_HOME=/cargo-home" "-e" "RUSTUP_HOME=/rustup-home" "-m" "1536M" "--network" "none" "crater"`
Nov 02 22:01:17.466 INFO blam! b83d01c4eff1021d3a28018def3798657b1a7bd422b699803f32138d2d812b7b
Nov 02 22:01:17.468 INFO running `"docker" "start" "-a" "b83d01c4eff1021d3a28018def3798657b1a7bd422b699803f32138d2d812b7b"`
Nov 02 22:01:17.978 INFO kablam! usermod: no changes
Nov 02 22:01:18.181 INFO kablam!     Finished dev [unoptimized + debuginfo] target(s) in 0.18s
Nov 02 22:01:18.202 INFO kablam!      Running /target/debug/deps/dumplingh-e800637bd8867c95
Nov 02 22:01:18.203 INFO blam! 
Nov 02 22:01:18.203 INFO blam! running 0 tests
Nov 02 22:01:18.203 INFO blam! 
Nov 02 22:01:18.203 INFO blam! test result: ok. 0 passed; 0 failed; 0 ignored; 0 measured; 0 filtered out
Nov 02 22:01:18.203 INFO blam! 
Nov 02 22:01:18.203 INFO kablam!      Running /target/debug/deps/lib-565cb45e5a7317d0
Nov 02 22:01:18.206 INFO blam! 
Nov 02 22:01:18.206 INFO blam! running 42 tests
Nov 02 22:01:18.207 INFO blam! test error::print::io::more::empty ... ok
Nov 02 22:01:18.207 INFO blam! test error::print::io::more::normal_e ... ok
Nov 02 22:01:18.207 INFO blam! test error::exit_value::io ... ok
Nov 02 22:01:18.207 INFO blam! test error::print::io::more::single_e ... ok
Nov 02 22:01:18.207 INFO blam! test error::print::io::more::normal_non_e ... ok
Nov 02 22:01:18.207 INFO blam! test error::print::io::no_more::normal_e ... ok
Nov 02 22:01:18.207 INFO blam! test error::exit_value::parse ... ok
Nov 02 22:01:18.207 INFO blam! test error::print::io::more::single_non_e ... ok
Nov 02 22:01:18.208 INFO blam! test error::print::io::no_more::normal_non_e ... ok
Nov 02 22:01:18.208 INFO blam! test error::print::io::no_more::empty ... ok
Nov 02 22:01:18.209 INFO blam! test error::print::io::no_more::single_e ... ok
Nov 02 22:01:18.209 INFO blam! test ops::slug::display ... ok
Nov 02 22:01:18.209 INFO blam! test error::print::parse::no_more ... ok
Nov 02 22:01:18.209 INFO blam! test ops::slug::from_str::empty_repository ... ok
Nov 02 22:01:18.209 INFO blam! test ops::slug::from_str::too_many_segments ... ok
Nov 02 22:01:18.210 INFO blam! test error::print::io::no_more::single_non_e ... ok
Nov 02 22:01:18.210 INFO blam! test error::print::parse::more ... ok
Nov 02 22:01:18.210 INFO blam! test ops::slug::from_str::valid ... ok
Nov 02 22:01:18.210 INFO blam! test ops::write::save_data::compact::serialise_error ... ok
Nov 02 22:01:18.210 INFO blam! test ops::write::save_data::compact::ok ... ok
Nov 02 22:01:18.210 INFO blam! test ops::write::save_data::pretty::ok ... ok
Nov 02 22:01:18.210 INFO blam! test ops::slug::from_str::empty_username_and_repository ... ok
Nov 02 22:01:18.210 INFO blam! test ops::slug::from_str::empty_username ... ok
Nov 02 22:01:18.210 INFO blam! test ops::write::save_to_file::compact::ok ... ok
Nov 02 22:01:18.210 INFO blam! test ops::slug::from_str::no_repository ... ok
Nov 02 22:01:18.211 INFO blam! test ops::write::save_to_file::pretty::serialise_error ... ok
Nov 02 22:01:18.211 INFO blam! test ops::slug::filename ... ok
Nov 02 22:01:18.211 INFO blam! test ops::write::save_to_file::pretty::write_error ... ok
Nov 02 22:01:18.211 INFO blam! test ops::slug::from_str::round_trip ... ok
Nov 02 22:01:18.215 INFO blam! test ops::write::save_to_file::compact::serialise_error ... ok
Nov 02 22:01:18.215 INFO blam! test ops::write::save_data::pretty::serialise_error ... ok
Nov 02 22:01:18.216 INFO blam! test util::uppercase_first::single ... ok
Nov 02 22:01:18.216 INFO blam! test ops::write::save_to_file::compact::write_error ... ok
Nov 02 22:01:18.216 INFO blam! test util::uppercase_first::already_upper ... ok
Nov 02 22:01:18.217 INFO blam! test util::uppercase_first::multi ... ok
Nov 02 22:01:18.217 INFO blam! test ops::write::save_to_file::pretty::ok ... ok
Nov 02 22:01:18.217 INFO blam! test util::uppercase_first::empty ... ok
Nov 02 22:01:18.217 INFO blam! test util::uppercase_first::single_already_upper ... ok
Nov 02 22:01:18.217 INFO blam! test util::uppercase_first::multi_already_upper ... ok
Nov 02 22:01:18.219 INFO blam! test util::uppercase_first::simple ... ok
Nov 02 22:01:18.223 INFO blam! test util::width_for::zero ... ok
Nov 02 22:01:19.398 INFO blam! test util::width_for::simple ... ok
Nov 02 22:01:19.398 INFO kablam!    Doc-tests dumplingh
Nov 02 22:01:19.398 INFO blam! 
Nov 02 22:01:19.398 INFO blam! test result: ok. 42 passed; 0 failed; 0 ignored; 0 measured; 0 filtered out
Nov 02 22:01:19.398 INFO blam! 
Nov 02 22:01:33.811 INFO blam! 
Nov 02 22:01:33.811 INFO blam! running 9 tests
Nov 02 22:02:33.599 INFO blam! test src/options.rs - options (line 7) ... ok
Nov 02 22:02:33.813 INFO blam! test src/error.rs - error::Error::print_error (line 39) ... test src/error.rs - error::Error::print_error (line 39) has been running for over 60 seconds
Nov 02 22:02:33.813 INFO blam! test src/error.rs - error::Error::exit_value (line 80) ... test src/error.rs - error::Error::exit_value (line 80) has been running for over 60 seconds
Nov 02 22:02:33.813 INFO blam! test src/lib.rs -  (line 15) ... test src/lib.rs -  (line 15) has been running for over 60 seconds
Nov 02 22:02:33.813 INFO blam! test src/ops/slug.rs - ops::slug::RepoSlug (line 13) ... test src/ops/slug.rs - ops::slug::RepoSlug (line 13) has been running for over 60 seconds
Nov 02 22:02:33.830 INFO blam! test src/ops/write.rs - ops::write::save_to_file (line 15) ... test src/ops/write.rs - ops::write::save_to_file (line 15) has been running for over 60 seconds
Nov 02 22:02:33.830 INFO blam! test src/ops/write.rs - ops::write::save_data (line 42) ... test src/ops/write.rs - ops::write::save_data (line 42) has been running for over 60 seconds
Nov 02 22:02:33.830 INFO blam! test src/util.rs - util::uppercase_first (line 22) ... test src/util.rs - util::uppercase_first (line 22) has been running for over 60 seconds
Nov 02 22:02:39.515 INFO blam! test src/ops/slug.rs - ops::slug::RepoSlug (line 13) ... ok
Nov 02 22:02:40.123 INFO blam! test src/error.rs - error::Error::exit_value (line 80) ... ok
Nov 02 22:02:43.395 INFO blam! test src/error.rs - error::Error::print_error (line 39) ... ok
Nov 02 22:02:43.435 INFO blam! test src/ops/write.rs - ops::write::save_to_file (line 15) ... ok
Nov 02 22:02:43.899 INFO blam! test src/ops/write.rs - ops::write::save_data (line 42) ... ok
Nov 02 22:02:44.720 INFO blam! test src/util.rs - util::uppercase_first (line 22) ... ok
Nov 02 22:02:44.728 INFO blam! test src/lib.rs -  (line 15) ... FAILED
Nov 02 22:02:54.857 INFO blam! test src/util.rs - util::width_for (line 40) ... ok
Nov 02 22:02:54.857 INFO blam! 
Nov 02 22:02:54.857 INFO blam! failures:
Nov 02 22:02:54.857 INFO blam! 
Nov 02 22:02:54.857 INFO blam! ---- src/lib.rs -  (line 15) stdout ----
Nov 02 22:02:54.857 INFO blam! thread 'src/lib.rs -  (line 15)' panicked at 'test executable failed:
Nov 02 22:02:54.857 INFO blam! 
Nov 02 22:02:54.857 INFO blam! thread 'main' panicked at 'called `Result::unwrap()` on an `Err` value: Io { desc: "pulls", op: "request", more: None }', libcore/result.rs:1009:5
Nov 02 22:02:54.857 INFO blam! stack backtrace:
Nov 02 22:02:54.857 INFO blam!    0:     0x562e60cb5b7e - std::sys::unix::backtrace::tracing::imp::unwind_backtrace::hf5316c67202e23c8
Nov 02 22:02:54.857 INFO blam!                                at libstd/sys/unix/backtrace/tracing/gcc_s.rs:49
Nov 02 22:02:54.857 INFO blam!    1:     0x562e60ca9c96 - std::sys_common::backtrace::print::h3068ed2a6dc7ac86
Nov 02 22:02:54.857 INFO blam!                                at libstd/sys_common/backtrace.rs:71
Nov 02 22:02:54.857 INFO blam!                                at libstd/sys_common/backtrace.rs:59
Nov 02 22:02:54.857 INFO blam!    2:     0x562e60ca7f0d - std::panicking::default_hook::{{closure}}::h1b9d29cc09d41897
Nov 02 22:02:54.857 INFO blam!                                at libstd/panicking.rs:211
Nov 02 22:02:54.857 INFO blam!    3:     0x562e60ca7c80 - std::panicking::default_hook::h3a27b204a313406b
Nov 02 22:02:54.858 INFO blam!                                at libstd/panicking.rs:227
Nov 02 22:02:54.858 INFO blam!    4:     0x562e60ca85bc - std::panicking::rust_panic_with_hook::h0e12cb2fc86d00fa
Nov 02 22:02:54.858 INFO blam!                                at libstd/panicking.rs:477
Nov 02 22:02:54.858 INFO blam!    5:     0x562e60ca8179 - std::panicking::continue_panic_fmt::h141671b29fe0e27d
Nov 02 22:02:54.858 INFO blam!                                at libstd/panicking.rs:391
Nov 02 22:02:54.858 INFO blam!    6:     0x562e60ca8075 - rust_begin_unwind
Nov 02 22:02:54.858 INFO blam!                                at libstd/panicking.rs:326
Nov 02 22:02:54.858 INFO blam!    7:     0x562e60cf000b - core::panicking::panic_fmt::h429a06507aba9228
Nov 02 22:02:54.858 INFO blam!                                at libcore/panicking.rs:77
Nov 02 22:02:54.858 INFO blam!    8:     0x562e6084ade4 - core::result::unwrap_failed::h37fb28f8f58ad3e2
Nov 02 22:02:54.858 INFO blam!                                at libcore/macros.rs:26
Nov 02 22:02:54.858 INFO blam!    9:     0x562e6084800a - <core::result::Result<T, E>>::unwrap::h0607afb83513e6fc
Nov 02 22:02:54.858 INFO blam!   10:     0x562e608491e9 - rust_out::main::h944e552f3f67b4ba
Nov 02 22:02:54.858 INFO blam!   11:     0x562e60847362 - std::rt::lang_start::{{closure}}::hae3d026ae452bd89
Nov 02 22:02:54.858 INFO blam!   12:     0x562e60ca8012 - std::panicking::try::do_call::h572dc6f90deb1a4d
Nov 02 22:02:54.858 INFO blam!                                at libstd/rt.rs:59
Nov 02 22:02:54.858 INFO blam!                                at libstd/panicking.rs:310
Nov 02 22:02:54.858 INFO blam!   13:     0x562e60cc4a19 - __rust_maybe_catch_panic
Nov 02 22:02:54.858 INFO blam!                                at libpanic_unwind/lib.rs:103
Nov 02 22:02:54.858 INFO blam!   14:     0x562e60cb0c35 - std::rt::lang_start_internal::hce01021c3c1cf20d
Nov 02 22:02:54.858 INFO blam!                                at libstd/panicking.rs:289
Nov 02 22:02:54.858 INFO blam!                                at libstd/panic.rs:392
Nov 02 22:02:54.858 INFO blam!                                at libstd/rt.rs:58
Nov 02 22:02:54.858 INFO blam!   15:     0x562e60847343 - std::rt::lang_start::h7b2e7e88015bf7b3
Nov 02 22:02:54.858 INFO blam!   16:     0x562e6084932a - main
Nov 02 22:02:54.858 INFO blam!   17:     0x7f39efd3382f - __libc_start_main
Nov 02 22:02:54.858 INFO blam!   18:     0x562e60840138 - _start
Nov 02 22:02:54.858 INFO blam!   19:                0x0 - <unknown>
Nov 02 22:02:54.858 INFO blam! 
Nov 02 22:02:54.858 INFO blam! ', librustdoc/test.rs:367:17
Nov 02 22:02:54.858 INFO blam! stack backtrace:
Nov 02 22:02:54.858 INFO blam!    0:     0x7f43da06a75e - std::sys::unix::backtrace::tracing::imp::unwind_backtrace::hf5316c67202e23c8
Nov 02 22:02:54.858 INFO blam!                                at libstd/sys/unix/backtrace/tracing/gcc_s.rs:49
Nov 02 22:02:54.858 INFO blam!    1:     0x7f43da043946 - std::sys_common::backtrace::print::h3068ed2a6dc7ac86
Nov 02 22:02:54.858 INFO blam!                                at libstd/sys_common/backtrace.rs:71
Nov 02 22:02:54.858 INFO blam!                                at libstd/sys_common/backtrace.rs:59
Nov 02 22:02:54.858 INFO blam!    2:     0x7f43da04154d - std::panicking::default_hook::{{closure}}::h1b9d29cc09d41897
Nov 02 22:02:54.858 INFO blam!                                at libstd/panicking.rs:211
Nov 02 22:02:54.858 INFO blam!    3:     0x7f43da04125b - std::panicking::default_hook::h3a27b204a313406b
Nov 02 22:02:54.858 INFO blam!                                at libstd/panicking.rs:221
Nov 02 22:02:54.858 INFO blam!    4:     0x7f43dc1aa9f1 - rustc::util::common::panic_hook::hf9d72254884e6e21
Nov 02 22:02:54.858 INFO blam!    5:     0x7f43da041c53 - std::panicking::rust_panic_with_hook::h0e12cb2fc86d00fa
Nov 02 22:02:54.858 INFO blam!                                at libstd/panicking.rs:481
Nov 02 22:02:54.858 INFO blam!    6:     0x7f43da0417b9 - std::panicking::continue_panic_fmt::h141671b29fe0e27d
Nov 02 22:02:54.858 INFO blam!                                at libstd/panicking.rs:391
Nov 02 22:02:54.858 INFO blam!    7:     0x7f43da04171d - std::panicking::begin_panic_fmt::h598547fc766c278a
Nov 02 22:02:54.858 INFO blam!                                at libstd/panicking.rs:346
Nov 02 22:02:54.858 INFO blam!    8:     0x55691b8265f3 - rustdoc::test::Collector::add_test::{{closure}}::{{closure}}::{{closure}}::hed130f7399558a0a
Nov 02 22:02:54.858 INFO blam!                                at librustdoc/test.rs:367
Nov 02 22:02:54.858 INFO blam!                                at librustdoc/test.rs:564
Nov 02 22:02:54.858 INFO blam!    9:     0x55691b7dfb40 - <scoped_tls::ScopedKey<T>>::set::h8f0919d2f77ba016
Nov 02 22:02:54.858 INFO blam!                                at /cargo/registry/src/github.com-1ecc6299db9ec823/scoped-tls-0.1.2/src/lib.rs:155
Nov 02 22:02:54.858 INFO blam!                                at libsyntax/lib.rs:108
Nov 02 22:02:54.858 INFO blam!                                at /cargo/registry/src/github.com-1ecc6299db9ec823/scoped-tls-0.1.2/src/lib.rs:155
Nov 02 22:02:54.858 INFO blam!   10:     0x55691b608c8d - syntax::with_globals::hd11e81a0116456bb
Nov 02 22:02:54.858 INFO blam!                                at libsyntax/lib.rs:107
Nov 02 22:02:54.858 INFO blam!   11:     0x55691b6591a4 - std::panicking::try::do_call::hece5c13d7a24e473
Nov 02 22:02:54.858 INFO blam!                                at librustdoc/test.rs:561
Nov 02 22:02:54.858 INFO blam!                                at libstd/panic.rs:313
Nov 02 22:02:54.858 INFO blam!                                at libstd/panicking.rs:310
Nov 02 22:02:54.858 INFO blam!   12:     0x7f43da081469 - __rust_maybe_catch_panic
Nov 02 22:02:54.858 INFO blam!                                at libpanic_unwind/lib.rs:103
Nov 02 22:02:54.858 INFO blam!   13:     0x55691b6d0d43 - rustc_driver::in_named_rustc_thread::h2eb14efcd2031db9
Nov 02 22:02:54.858 INFO blam!                                at libstd/panicking.rs:289
Nov 02 22:02:54.858 INFO blam!                                at libstd/panic.rs:392
Nov 02 22:02:54.858 INFO blam!                                at librustc_driver/lib.rs:1574
Nov 02 22:02:54.858 INFO blam!   14:     0x55691b7fee4c - <F as alloc::boxed::FnBox<A>>::call_box::h1a3519e0a4ef9ca4
Nov 02 22:02:54.858 INFO blam!                                at librustdoc/test.rs:561
Nov 02 22:02:54.858 INFO blam!                                at liballoc/boxed.rs:646
Nov 02 22:02:54.858 INFO blam!   15:     0x7f43db6c5dc2 - <F as alloc::boxed::FnBox<A>>::call_box::h79a77abfa30ef4cc
Nov 02 22:02:54.858 INFO blam!                                at libtest/lib.rs:1454
Nov 02 22:02:54.858 INFO blam!                                at liballoc/boxed.rs:646
Nov 02 22:02:54.858 INFO blam!   16:     0x7f43da081469 - __rust_maybe_catch_panic
Nov 02 22:02:54.858 INFO blam!                                at libpanic_unwind/lib.rs:103
Nov 02 22:02:54.858 INFO blam!   17:     0x7f43db6d31fd - std::sys_common::backtrace::__rust_begin_short_backtrace::h470b05235fe5e5ad
Nov 02 22:02:54.858 INFO blam!                                at libstd/panicking.rs:289
Nov 02 22:02:54.858 INFO blam!                                at libstd/panic.rs:392
Nov 02 22:02:54.858 INFO blam!                                at libtest/lib.rs:1416
Nov 02 22:02:54.858 INFO blam!                                at libstd/sys_common/backtrace.rs:136
Nov 02 22:02:54.858 INFO blam!   18:     0x7f43db6f1004 - std::panicking::try::do_call::h1f0578498122cc00
Nov 02 22:02:54.859 INFO blam!                                at libstd/thread/mod.rs:409
Nov 02 22:02:54.859 INFO blam!                                at libstd/panic.rs:313
Nov 02 22:02:54.859 INFO blam!                                at libstd/panicking.rs:310
Nov 02 22:02:54.859 INFO blam!   19:     0x7f43da081469 - __rust_maybe_catch_panic
Nov 02 22:02:54.859 INFO blam!                                at libpanic_unwind/lib.rs:103
Nov 02 22:02:54.859 INFO blam!   20:     0x7f43db6ddbe6 - <F as alloc::boxed::FnBox<A>>::call_box::h7b129f9f235ab460
Nov 02 22:02:54.859 INFO blam!                                at libstd/panicking.rs:289
Nov 02 22:02:54.859 INFO blam!                                at libstd/panic.rs:392
Nov 02 22:02:54.859 INFO blam!                                at libstd/thread/mod.rs:408
Nov 02 22:02:54.859 INFO blam!                                at liballoc/boxed.rs:646
Nov 02 22:02:54.859 INFO blam!   21:     0x7f43da06ec5a - std::sys_common::thread::start_thread::hb77935aee02382da
Nov 02 22:02:54.859 INFO blam!                                at liballoc/boxed.rs:656
Nov 02 22:02:54.859 INFO blam!                                at libstd/sys_common/thread.rs:24
Nov 02 22:02:54.859 INFO blam!   22:     0x7f43da0428d5 - std::sys::unix::thread::Thread::new::thread_start::hd61f7429b3de1d75
Nov 02 22:02:54.859 INFO blam!                                at libstd/sys/unix/thread.rs:90
Nov 02 22:02:54.859 INFO blam!   23:     0x7f43d9dd76b9 - start_thread
Nov 02 22:02:54.859 INFO blam!   24:     0x7f43d98f741c - clone
Nov 02 22:02:54.859 INFO blam!   25:                0x0 - <unknown>
Nov 02 22:02:54.859 INFO blam! query stack during panic:
Nov 02 22:02:54.859 INFO blam! end of query stack
Nov 02 22:02:54.859 INFO blam! 
Nov 02 22:02:54.859 INFO blam! 
Nov 02 22:02:54.859 INFO blam! failures:
Nov 02 22:02:54.859 INFO blam!     src/lib.rs -  (line 15)
Nov 02 22:02:54.859 INFO blam! 
Nov 02 22:02:54.859 INFO blam! test result: FAILED. 8 passed; 1 failed; 0 ignored; 0 measured; 0 filtered out
Nov 02 22:02:54.859 INFO blam! 
Nov 02 22:02:54.878 INFO kablam! error: test failed, to rerun pass '--doc'
Nov 02 22:02:54.879 INFO kablam! su: No module specific data is present
Nov 02 22:02:55.176 INFO running `"docker" "rm" "-f" "b83d01c4eff1021d3a28018def3798657b1a7bd422b699803f32138d2d812b7b"`
Nov 02 22:02:55.242 INFO blam! b83d01c4eff1021d3a28018def3798657b1a7bd422b699803f32138d2d812b7b
