Nov 02 23:03:29.890 INFO testing cryptomkt-0.1.2 against beta-2018-10-30 for beta-1.31-1
Nov 02 23:03:29.892 INFO running `"docker" "create" "-v" "/mnt/big/crater/work/local/target-dirs/beta-1.31-1/worker-3/beta-2018-10-30:/target:rw,Z" "-v" "/mnt/big/crater/work/local/test-source/worker-3/beta-1.31-1/beta-2018-10-30:/source:ro,Z" "-v" "/mnt/big/crater/work/local/cargo-home:/cargo-home:ro,Z" "-v" "/mnt/big/crater/work/local/rustup-home:/rustup-home:ro,Z" "-e" "USER_ID=1000" "-e" "SOURCE_DIR=/source" "-e" "USER_ID=1000" "-e" "CMD=cargo +beta-2018-10-30 build --frozen" "-e" "CARGO_TARGET_DIR=/target" "-e" "CARGO_INCREMENTAL=0" "-e" "RUST_BACKTRACE=full" "-e" "RUSTFLAGS=--cap-lints=warn" "-e" "CARGO_HOME=/cargo-home" "-e" "RUSTUP_HOME=/rustup-home" "-m" "1536M" "--network" "none" "crater"`
Nov 02 23:03:30.391 INFO blam! bb5ed7e137eab5c93c5cff40585fb766b65f4398a9351f0eb17aced2c886e3bd
Nov 02 23:03:30.395 INFO running `"docker" "start" "-a" "bb5ed7e137eab5c93c5cff40585fb766b65f4398a9351f0eb17aced2c886e3bd"`
Nov 02 23:03:31.652 INFO kablam! usermod: no changes
Nov 02 23:03:32.067 INFO kablam!    Compiling cryptomkt v0.1.2 (/source)
Nov 02 23:03:40.814 INFO kablam! warning: unused `#[macro_use]` import
Nov 02 23:03:40.814 INFO kablam!  --> src/lib.rs:9:1
Nov 02 23:03:40.814 INFO kablam!   |
Nov 02 23:03:40.814 INFO kablam! 9 | #[macro_use]
Nov 02 23:03:40.814 INFO kablam!   | ^^^^^^^^^^^^
Nov 02 23:03:40.814 INFO kablam!   |
Nov 02 23:03:40.814 INFO kablam!   = note: #[warn(unused_imports)] on by default
Nov 02 23:03:40.814 INFO kablam! 
Nov 02 23:03:50.607 INFO kablam!     Finished dev [unoptimized + debuginfo] target(s) in 18.91s
Nov 02 23:03:50.618 INFO kablam! su: No module specific data is present
Nov 02 23:03:51.189 INFO running `"docker" "rm" "-f" "bb5ed7e137eab5c93c5cff40585fb766b65f4398a9351f0eb17aced2c886e3bd"`
Nov 02 23:03:51.403 INFO blam! bb5ed7e137eab5c93c5cff40585fb766b65f4398a9351f0eb17aced2c886e3bd
Nov 02 23:03:51.411 INFO running `"docker" "create" "-v" "/mnt/big/crater/work/local/target-dirs/beta-1.31-1/worker-3/beta-2018-10-30:/target:rw,Z" "-v" "/mnt/big/crater/work/local/test-source/worker-3/beta-1.31-1/beta-2018-10-30:/source:ro,Z" "-v" "/mnt/big/crater/work/local/cargo-home:/cargo-home:ro,Z" "-v" "/mnt/big/crater/work/local/rustup-home:/rustup-home:ro,Z" "-e" "USER_ID=1000" "-e" "SOURCE_DIR=/source" "-e" "USER_ID=1000" "-e" "CMD=cargo +beta-2018-10-30 test --frozen --no-run" "-e" "CARGO_TARGET_DIR=/target" "-e" "CARGO_INCREMENTAL=0" "-e" "RUST_BACKTRACE=full" "-e" "RUSTFLAGS=--cap-lints=warn" "-e" "CARGO_HOME=/cargo-home" "-e" "RUSTUP_HOME=/rustup-home" "-m" "1536M" "--network" "none" "crater"`
Nov 02 23:03:51.779 INFO blam! 0db5a5c19382e94d863ca41d84f4f58fd1be4e2bdbdf133110c46168bc6392eb
Nov 02 23:03:51.780 INFO running `"docker" "start" "-a" "0db5a5c19382e94d863ca41d84f4f58fd1be4e2bdbdf133110c46168bc6392eb"`
Nov 02 23:03:53.075 INFO kablam! usermod: no changes
Nov 02 23:03:53.354 INFO kablam!    Compiling cryptomkt v0.1.2 (/source)
Nov 02 23:04:13.731 INFO kablam!     Finished dev [unoptimized + debuginfo] target(s) in 20.64s
Nov 02 23:04:13.770 INFO kablam! su: No module specific data is present
Nov 02 23:04:14.311 INFO running `"docker" "rm" "-f" "0db5a5c19382e94d863ca41d84f4f58fd1be4e2bdbdf133110c46168bc6392eb"`
Nov 02 23:04:14.587 INFO blam! 0db5a5c19382e94d863ca41d84f4f58fd1be4e2bdbdf133110c46168bc6392eb
Nov 02 23:04:14.597 INFO running `"docker" "create" "-v" "/mnt/big/crater/work/local/target-dirs/beta-1.31-1/worker-3/beta-2018-10-30:/target:rw,Z" "-v" "/mnt/big/crater/work/local/test-source/worker-3/beta-1.31-1/beta-2018-10-30:/source:ro,Z" "-v" "/mnt/big/crater/work/local/cargo-home:/cargo-home:ro,Z" "-v" "/mnt/big/crater/work/local/rustup-home:/rustup-home:ro,Z" "-e" "USER_ID=1000" "-e" "SOURCE_DIR=/source" "-e" "USER_ID=1000" "-e" "CMD=cargo +beta-2018-10-30 test --frozen" "-e" "CARGO_TARGET_DIR=/target" "-e" "CARGO_INCREMENTAL=0" "-e" "RUST_BACKTRACE=full" "-e" "RUSTFLAGS=--cap-lints=warn" "-e" "CARGO_HOME=/cargo-home" "-e" "RUSTUP_HOME=/rustup-home" "-m" "1536M" "--network" "none" "crater"`
Nov 02 23:04:15.036 INFO blam! 78b9729298c5f271e21f1bc7024fe49bce8ce320c2722b3d5e73285deafae46b
Nov 02 23:04:15.041 INFO running `"docker" "start" "-a" "78b9729298c5f271e21f1bc7024fe49bce8ce320c2722b3d5e73285deafae46b"`
Nov 02 23:04:16.352 INFO kablam! usermod: no changes
Nov 02 23:04:16.726 INFO kablam!     Finished dev [unoptimized + debuginfo] target(s) in 0.35s
Nov 02 23:04:16.747 INFO kablam!      Running /target/debug/deps/cryptomkt-9b8bfc464aaacb08
Nov 02 23:04:16.754 INFO blam! 
Nov 02 23:04:16.754 INFO blam! running 20 tests
Nov 02 23:04:16.754 INFO blam! test internal::tests::build_api_signature_format ... ok
Nov 02 23:04:16.755 INFO blam! test internal::tests::build_api_signature_with_params_as_post_method ... ok
Nov 02 23:04:16.755 INFO blam! test internal::tests::sign_msg_with_payload ... ok
Nov 02 23:04:16.755 INFO blam! test internal::tests::sign_msg ... ok
Nov 02 23:04:16.755 INFO blam! test internal::tests::get_domain_url ... ok
Nov 02 23:04:16.755 INFO blam! test internal::tests::get_api_version ... ok
Nov 02 23:04:16.756 INFO blam! test internal::tests::test_response_for_orders_active ... ok
Nov 02 23:04:16.756 INFO blam! test internal::tests::build_url ... ok
Nov 02 23:04:16.757 INFO blam! test internal::tests::build_api_signature_format_with_params_as_get_method ... ok
Nov 02 23:04:16.757 INFO blam! test internal::tests::test_response_for_orders_cancel ... ok
Nov 02 23:04:16.758 INFO blam! test internal::tests::test_response_for_orders_create ... ok
Nov 02 23:04:16.771 INFO blam! test internal::tests::test_response_for_ticker ... ok
Nov 02 23:04:16.771 INFO blam! test internal::tests::test_response_for_orders_instant_get ... ok
Nov 02 23:04:16.771 INFO blam! test internal::tests::test_response_for_orders_executed ... ok
Nov 02 23:04:16.771 INFO blam! test internal::tests::test_response_for_orders_instant_create ... ok
Nov 02 23:04:16.771 INFO blam! test internal::tests::test_response_for_book ... ok
Nov 02 23:04:16.771 INFO blam! test internal::tests::test_response_for_market_list ... ok
Nov 02 23:04:16.771 INFO blam! test internal::tests::test_response_for_balance ... ok
Nov 02 23:04:16.771 INFO blam! test internal::tests::test_response_for_orders_status ... ok
Nov 02 23:04:16.772 INFO blam! test internal::tests::test_response_for_trades ... ok
Nov 02 23:04:16.772 INFO blam! 
Nov 02 23:04:16.772 INFO blam! test result: ok. 20 passed; 0 failed; 0 ignored; 0 measured; 0 filtered out
Nov 02 23:04:16.772 INFO blam! 
Nov 02 23:04:16.783 INFO kablam!      Running /target/debug/deps/api_integration_test-1608ba214084e944
Nov 02 23:04:16.793 INFO blam! 
Nov 02 23:04:16.793 INFO blam! running 1 test
Nov 02 23:04:17.074 INFO blam! test test_api_get_markets ... FAILED
Nov 02 23:04:17.074 INFO blam! 
Nov 02 23:04:17.074 INFO blam! failures:
Nov 02 23:04:17.074 INFO blam! 
Nov 02 23:04:17.074 INFO blam! ---- test_api_get_markets stdout ----
Nov 02 23:04:17.074 INFO blam! BadRequest
Nov 02 23:04:17.074 INFO blam! thread 'test_api_get_markets' panicked at 'assertion failed: markets.len() > 1', tests/api_integration_test.rs:9:5
Nov 02 23:04:17.074 INFO blam! stack backtrace:
Nov 02 23:04:17.074 INFO blam!    0:     0x556af7231b8f - std::sys::unix::backtrace::tracing::imp::unwind_backtrace::h3c55afa80a996a32
Nov 02 23:04:17.074 INFO blam!                                at libstd/sys/unix/backtrace/tracing/gcc_s.rs:49
Nov 02 23:04:17.074 INFO blam!    1:     0x556af723b417 - std::sys_common::backtrace::print::hcef907ea7a07cd40
Nov 02 23:04:17.074 INFO blam!                                at libstd/sys_common/backtrace.rs:71
Nov 02 23:04:17.074 INFO blam!                                at libstd/sys_common/backtrace.rs:59
Nov 02 23:04:17.074 INFO blam!    2:     0x556af7235eef - std::panicking::default_hook::{{closure}}::hf541876c65f36ea7
Nov 02 23:04:17.074 INFO blam!                                at libstd/panicking.rs:211
Nov 02 23:04:17.074 INFO blam!    3:     0x556af7235bee - std::panicking::default_hook::h4ecc06b30ae4459d
Nov 02 23:04:17.074 INFO blam!                                at libstd/panicking.rs:221
Nov 02 23:04:17.074 INFO blam!    4:     0x556af72365ce - std::panicking::rust_panic_with_hook::h0cc6d9cc9f34a947
Nov 02 23:04:17.074 INFO blam!                                at libstd/panicking.rs:476
Nov 02 23:04:17.074 INFO blam!    5:     0x556af712f607 - std::panicking::begin_panic::h795989ec0f8921a6
Nov 02 23:04:17.074 INFO blam!                                at libstd/panicking.rs:410
Nov 02 23:04:17.074 INFO blam!    6:     0x556af6d36677 - api_integration_test::test_api_get_markets::hc687fa7ed1357846
Nov 02 23:04:17.074 INFO blam!                                at tests/api_integration_test.rs:9
Nov 02 23:04:17.074 INFO blam!    7:     0x556af6d365b9 - api_integration_test::test_api_get_markets::{{closure}}::h0e1104eba19e22e9
Nov 02 23:04:17.074 INFO blam!                                at tests/api_integration_test.rs:6
Nov 02 23:04:17.074 INFO blam!    8:     0x556af6d3613d - core::ops::function::FnOnce::call_once::h35c0c8ebce785cc6
Nov 02 23:04:17.074 INFO blam!                                at libcore/ops/function.rs:238
Nov 02 23:04:17.074 INFO blam!    9:     0x556af6d385ee - <F as alloc::boxed::FnBox<A>>::call_box::hf32558bd83684b60
Nov 02 23:04:17.074 INFO blam!                                at libtest/lib.rs:1468
Nov 02 23:04:17.074 INFO blam!                                at libcore/ops/function.rs:238
Nov 02 23:04:17.074 INFO blam!                                at liballoc/boxed.rs:672
Nov 02 23:04:17.074 INFO blam!   10:     0x556af7246649 - __rust_maybe_catch_panic
Nov 02 23:04:17.074 INFO blam!                                at libpanic_unwind/lib.rs:102
Nov 02 23:04:17.074 INFO blam!   11:     0x556af6d5a252 - std::sys_common::backtrace::__rust_begin_short_backtrace::h1bb71a7386fd3269
Nov 02 23:04:17.074 INFO blam!                                at libstd/panicking.rs:289
Nov 02 23:04:17.074 INFO blam!                                at libstd/panic.rs:392
Nov 02 23:04:17.074 INFO blam!                                at libtest/lib.rs:1423
Nov 02 23:04:17.074 INFO blam!                                at libstd/sys_common/backtrace.rs:136
Nov 02 23:04:17.074 INFO blam!   12:     0x556af6d5ad04 - std::panicking::try::do_call::h9b94719c3074bb5c
Nov 02 23:04:17.074 INFO blam!                                at libstd/thread/mod.rs:409
Nov 02 23:04:17.074 INFO blam!                                at libstd/panic.rs:313
Nov 02 23:04:17.074 INFO blam!                                at libstd/panicking.rs:310
Nov 02 23:04:17.074 INFO blam!   13:     0x556af7246649 - __rust_maybe_catch_panic
Nov 02 23:04:17.074 INFO blam!                                at libpanic_unwind/lib.rs:102
Nov 02 23:04:17.074 INFO blam!   14:     0x556af6d47f2c - <F as alloc::boxed::FnBox<A>>::call_box::hb3bcd66d16fd3e84
Nov 02 23:04:17.074 INFO blam!                                at libstd/panicking.rs:289
Nov 02 23:04:17.074 INFO blam!                                at libstd/panic.rs:392
Nov 02 23:04:17.074 INFO blam!                                at libstd/thread/mod.rs:408
Nov 02 23:04:17.074 INFO blam!                                at liballoc/boxed.rs:672
Nov 02 23:04:17.074 INFO blam!   15:     0x556af7233bed - std::sys_common::thread::start_thread::had0c80d121669d29
Nov 02 23:04:17.074 INFO blam!                                at liballoc/boxed.rs:682
Nov 02 23:04:17.074 INFO blam!                                at libstd/sys_common/thread.rs:24
Nov 02 23:04:17.074 INFO blam!   16:     0x556af7226355 - std::sys::unix::thread::Thread::new::thread_start::h4a5b66a70d76f47f
Nov 02 23:04:17.074 INFO blam!                                at libstd/sys/unix/thread.rs:90
Nov 02 23:04:17.074 INFO blam!   17:     0x7fe3a76736b9 - start_thread
Nov 02 23:04:17.075 INFO blam!   18:     0x7fe3a719341c - clone
Nov 02 23:04:17.075 INFO blam!   19:                0x0 - <unknown>
Nov 02 23:04:17.075 INFO blam! 
Nov 02 23:04:17.075 INFO blam! 
Nov 02 23:04:17.075 INFO blam! failures:
Nov 02 23:04:17.075 INFO blam!     test_api_get_markets
Nov 02 23:04:17.075 INFO blam! 
Nov 02 23:04:17.075 INFO blam! test result: FAILED. 0 passed; 1 failed; 0 ignored; 0 measured; 0 filtered out
Nov 02 23:04:17.075 INFO blam! 
Nov 02 23:04:17.075 INFO kablam! error: test failed, to rerun pass '--test api_integration_test'
Nov 02 23:04:17.076 INFO kablam! su: No module specific data is present
Nov 02 23:04:18.093 INFO running `"docker" "rm" "-f" "78b9729298c5f271e21f1bc7024fe49bce8ce320c2722b3d5e73285deafae46b"`
Nov 02 23:04:18.404 INFO blam! 78b9729298c5f271e21f1bc7024fe49bce8ce320c2722b3d5e73285deafae46b
