Nov 02 23:31:15.260 INFO testing const-identities-0.1.0 against beta-2018-10-30 for beta-1.31-1
Nov 02 23:31:15.260 INFO running `"docker" "create" "-v" "/mnt/big/crater/work/local/target-dirs/beta-1.31-1/worker-0/beta-2018-10-30:/target:rw,Z" "-v" "/mnt/big/crater/work/local/test-source/worker-0/beta-1.31-1/beta-2018-10-30:/source:ro,Z" "-v" "/mnt/big/crater/work/local/cargo-home:/cargo-home:ro,Z" "-v" "/mnt/big/crater/work/local/rustup-home:/rustup-home:ro,Z" "-e" "USER_ID=1000" "-e" "SOURCE_DIR=/source" "-e" "USER_ID=1000" "-e" "CMD=cargo +beta-2018-10-30 build --frozen" "-e" "CARGO_TARGET_DIR=/target" "-e" "CARGO_INCREMENTAL=0" "-e" "RUST_BACKTRACE=full" "-e" "RUSTFLAGS=--cap-lints=warn" "-e" "CARGO_HOME=/cargo-home" "-e" "RUSTUP_HOME=/rustup-home" "-m" "1536M" "--network" "none" "crater"`
Nov 02 23:31:15.505 INFO blam! 5c8b9c35ec4730c3c441d92e619f4083109632d60829ae7a051f617ea07c1bac
Nov 02 23:31:15.511 INFO running `"docker" "start" "-a" "5c8b9c35ec4730c3c441d92e619f4083109632d60829ae7a051f617ea07c1bac"`
Nov 02 23:31:15.919 INFO kablam! usermod: no changes
Nov 02 23:31:15.949 INFO kablam!    Compiling const-identities v0.1.0 (/source)
Nov 02 23:31:16.412 INFO kablam!     Finished dev [unoptimized + debuginfo] target(s) in 0.48s
Nov 02 23:31:16.413 INFO kablam! su: No module specific data is present
Nov 02 23:31:16.729 INFO running `"docker" "rm" "-f" "5c8b9c35ec4730c3c441d92e619f4083109632d60829ae7a051f617ea07c1bac"`
Nov 02 23:31:16.880 INFO blam! 5c8b9c35ec4730c3c441d92e619f4083109632d60829ae7a051f617ea07c1bac
Nov 02 23:31:16.882 INFO running `"docker" "create" "-v" "/mnt/big/crater/work/local/target-dirs/beta-1.31-1/worker-0/beta-2018-10-30:/target:rw,Z" "-v" "/mnt/big/crater/work/local/test-source/worker-0/beta-1.31-1/beta-2018-10-30:/source:ro,Z" "-v" "/mnt/big/crater/work/local/cargo-home:/cargo-home:ro,Z" "-v" "/mnt/big/crater/work/local/rustup-home:/rustup-home:ro,Z" "-e" "USER_ID=1000" "-e" "SOURCE_DIR=/source" "-e" "USER_ID=1000" "-e" "CMD=cargo +beta-2018-10-30 test --frozen --no-run" "-e" "CARGO_TARGET_DIR=/target" "-e" "CARGO_INCREMENTAL=0" "-e" "RUST_BACKTRACE=full" "-e" "RUSTFLAGS=--cap-lints=warn" "-e" "CARGO_HOME=/cargo-home" "-e" "RUSTUP_HOME=/rustup-home" "-m" "1536M" "--network" "none" "crater"`
Nov 02 23:31:17.065 INFO blam! d80603b20f5e11d807f2a9ad341ac9f274dec5f0a7503ddaabb463b34e754b19
Nov 02 23:31:17.066 INFO running `"docker" "start" "-a" "d80603b20f5e11d807f2a9ad341ac9f274dec5f0a7503ddaabb463b34e754b19"`
Nov 02 23:31:17.742 INFO kablam! usermod: no changes
Nov 02 23:31:17.774 INFO kablam!    Compiling const-identities v0.1.0 (/source)
Nov 02 23:31:18.824 INFO kablam!     Finished dev [unoptimized + debuginfo] target(s) in 1.06s
Nov 02 23:31:18.828 INFO kablam! su: No module specific data is present
Nov 02 23:31:19.269 INFO running `"docker" "rm" "-f" "d80603b20f5e11d807f2a9ad341ac9f274dec5f0a7503ddaabb463b34e754b19"`
Nov 02 23:31:19.387 INFO blam! d80603b20f5e11d807f2a9ad341ac9f274dec5f0a7503ddaabb463b34e754b19
Nov 02 23:31:19.389 INFO running `"docker" "create" "-v" "/mnt/big/crater/work/local/target-dirs/beta-1.31-1/worker-0/beta-2018-10-30:/target:rw,Z" "-v" "/mnt/big/crater/work/local/test-source/worker-0/beta-1.31-1/beta-2018-10-30:/source:ro,Z" "-v" "/mnt/big/crater/work/local/cargo-home:/cargo-home:ro,Z" "-v" "/mnt/big/crater/work/local/rustup-home:/rustup-home:ro,Z" "-e" "USER_ID=1000" "-e" "SOURCE_DIR=/source" "-e" "USER_ID=1000" "-e" "CMD=cargo +beta-2018-10-30 test --frozen" "-e" "CARGO_TARGET_DIR=/target" "-e" "CARGO_INCREMENTAL=0" "-e" "RUST_BACKTRACE=full" "-e" "RUSTFLAGS=--cap-lints=warn" "-e" "CARGO_HOME=/cargo-home" "-e" "RUSTUP_HOME=/rustup-home" "-m" "1536M" "--network" "none" "crater"`
Nov 02 23:31:19.641 INFO blam! 484c82ff348c959fb0c17bb56bae2383429c8c908f9eac6cb5ba9588e87aab75
Nov 02 23:31:19.656 INFO running `"docker" "start" "-a" "484c82ff348c959fb0c17bb56bae2383429c8c908f9eac6cb5ba9588e87aab75"`
Nov 02 23:31:20.257 INFO kablam! usermod: no changes
Nov 02 23:31:20.290 INFO kablam!     Finished dev [unoptimized + debuginfo] target(s) in 0.01s
Nov 02 23:31:20.299 INFO kablam!      Running /target/debug/deps/const_identities-b380f2caff235230
Nov 02 23:31:20.303 INFO kablam!    Doc-tests const-identities
Nov 02 23:31:20.303 INFO blam! 
Nov 02 23:31:20.303 INFO blam! running 0 tests
Nov 02 23:31:20.303 INFO blam! 
Nov 02 23:31:20.303 INFO blam! test result: ok. 0 passed; 0 failed; 0 ignored; 0 measured; 0 filtered out
Nov 02 23:31:20.303 INFO blam! 
Nov 02 23:31:21.290 INFO blam! 
Nov 02 23:31:21.290 INFO blam! running 1 test
Nov 02 23:31:22.513 INFO blam! test src/lib.rs -  (line 7) ... FAILED
Nov 02 23:31:22.513 INFO blam! 
Nov 02 23:31:22.514 INFO blam! failures:
Nov 02 23:31:22.514 INFO blam! 
Nov 02 23:31:22.514 INFO blam! ---- src/lib.rs -  (line 7) stdout ----
Nov 02 23:31:22.514 INFO blam! error[E0554]: #![feature] may not be used on the beta release channel
Nov 02 23:31:22.514 INFO blam!  --> src/lib.rs:7:1
Nov 02 23:31:22.514 INFO blam!   |
Nov 02 23:31:22.514 INFO blam! 2 | #![feature(const_fn)]
Nov 02 23:31:22.514 INFO blam!   | ^^^^^^^^^^^^^^^^^^^^^
Nov 02 23:31:22.514 INFO blam! 
Nov 02 23:31:22.514 INFO blam! thread 'src/lib.rs -  (line 7)' panicked at 'couldn't compile the test', librustdoc/test.rs:332:13
Nov 02 23:31:22.514 INFO blam! stack backtrace:
Nov 02 23:31:22.514 INFO blam!    0:     0x7f53d710a6ff - std::sys::unix::backtrace::tracing::imp::unwind_backtrace::h3c55afa80a996a32
Nov 02 23:31:22.514 INFO blam!                                at libstd/sys/unix/backtrace/tracing/gcc_s.rs:49
Nov 02 23:31:22.514 INFO blam!    1:     0x7f53d70ef697 - std::sys_common::backtrace::print::hcef907ea7a07cd40
Nov 02 23:31:22.514 INFO blam!                                at libstd/sys_common/backtrace.rs:71
Nov 02 23:31:22.514 INFO blam!                                at libstd/sys_common/backtrace.rs:59
Nov 02 23:31:22.514 INFO blam!    2:     0x7f53d7115acf - std::panicking::default_hook::{{closure}}::hf541876c65f36ea7
Nov 02 23:31:22.514 INFO blam!                                at libstd/panicking.rs:211
Nov 02 23:31:22.514 INFO blam!    3:     0x7f53d71157ce - std::panicking::default_hook::h4ecc06b30ae4459d
Nov 02 23:31:22.514 INFO blam!                                at libstd/panicking.rs:221
Nov 02 23:31:22.514 INFO blam!    4:     0x7f53d93b16d1 - rustc::util::common::panic_hook::hf4e6f5c3b281764b
Nov 02 23:31:22.514 INFO blam!    5:     0x7f53d71162c6 - std::panicking::rust_panic_with_hook::h0cc6d9cc9f34a947
Nov 02 23:31:22.514 INFO blam!                                at libstd/panicking.rs:480
Nov 02 23:31:22.514 INFO blam!    6:     0x55a310f05387 - std::panicking::begin_panic::he08470afd022350c
Nov 02 23:31:22.514 INFO blam!                                at libstd/panicking.rs:410
Nov 02 23:31:22.515 INFO blam!    7:     0x55a311097707 - <rustdoc::test::Collector as rustdoc::test::Tester>::add_test::{{closure}}::{{closure}}::{{closure}}::h1097dd2aed0bc349
Nov 02 23:31:22.515 INFO blam!                                at librustdoc/test.rs:332
Nov 02 23:31:22.515 INFO blam!                                at librustdoc/test.rs:596
Nov 02 23:31:22.515 INFO blam!    8:     0x55a31104cc78 - <scoped_tls::ScopedKey<T>>::set::h9bba31b35056dc07
Nov 02 23:31:22.515 INFO blam!                                at /cargo/registry/src/github.com-1ecc6299db9ec823/scoped-tls-0.1.2/src/lib.rs:155
Nov 02 23:31:22.515 INFO blam!                                at libsyntax/lib.rs:106
Nov 02 23:31:22.515 INFO blam!                                at /cargo/registry/src/github.com-1ecc6299db9ec823/scoped-tls-0.1.2/src/lib.rs:155
Nov 02 23:31:22.515 INFO blam!    9:     0x55a310e52481 - syntax::with_globals::h4fd10729776cd915
Nov 02 23:31:22.515 INFO blam!                                at libsyntax/lib.rs:105
Nov 02 23:31:22.515 INFO blam!   10:     0x55a310f055cb - std::panicking::try::do_call::he572b5001749b5c7
Nov 02 23:31:22.515 INFO blam!                                at librustdoc/test.rs:593
Nov 02 23:31:22.515 INFO blam!                                at libstd/panic.rs:313
Nov 02 23:31:22.515 INFO blam!                                at libstd/panicking.rs:310
Nov 02 23:31:22.515 INFO blam!   11:     0x7f53d7123de9 - __rust_maybe_catch_panic
Nov 02 23:31:22.516 INFO blam!                                at libpanic_unwind/lib.rs:102
Nov 02 23:31:22.516 INFO blam!   12:     0x55a310f27079 - rustc_driver::in_named_rustc_thread::hc8aa36ae7168454b
Nov 02 23:31:22.516 INFO blam!                                at libstd/panicking.rs:289
Nov 02 23:31:22.516 INFO blam!                                at libstd/panic.rs:392
Nov 02 23:31:22.516 INFO blam!                                at librustc_driver/lib.rs:1546
Nov 02 23:31:22.516 INFO blam!   13:     0x55a311065960 - <F as alloc::boxed::FnBox<A>>::call_box::hf53e55f306710650
Nov 02 23:31:22.516 INFO blam!                                at librustdoc/test.rs:593
Nov 02 23:31:22.516 INFO blam!                                at liballoc/boxed.rs:672
Nov 02 23:31:22.516 INFO blam!   14:     0x7f53d8782142 - <F as alloc::boxed::FnBox<A>>::call_box::hecf56d722ce7bb71
Nov 02 23:31:22.516 INFO blam!                                at libtest/lib.rs:1461
Nov 02 23:31:22.516 INFO blam!                                at liballoc/boxed.rs:672
Nov 02 23:31:22.516 INFO blam!   15:     0x7f53d7123de9 - __rust_maybe_catch_panic
Nov 02 23:31:22.516 INFO blam!                                at libpanic_unwind/lib.rs:102
Nov 02 23:31:22.516 INFO blam!   16:     0x7f53d87aa412 - std::sys_common::backtrace::__rust_begin_short_backtrace::h1bb71a7386fd3269
Nov 02 23:31:22.516 INFO blam!                                at libstd/panicking.rs:289
Nov 02 23:31:22.516 INFO blam!                                at libstd/panic.rs:392
Nov 02 23:31:22.516 INFO blam!                                at libtest/lib.rs:1423
Nov 02 23:31:22.516 INFO blam!                                at libstd/sys_common/backtrace.rs:136
Nov 02 23:31:22.516 INFO blam!   17:     0x7f53d87ab1b4 - std::panicking::try::do_call::h9b94719c3074bb5c
Nov 02 23:31:22.516 INFO blam!                                at libstd/thread/mod.rs:409
Nov 02 23:31:22.516 INFO blam!                                at libstd/panic.rs:313
Nov 02 23:31:22.516 INFO blam!                                at libstd/panicking.rs:310
Nov 02 23:31:22.516 INFO blam!   18:     0x7f53d7123de9 - __rust_maybe_catch_panic
Nov 02 23:31:22.516 INFO blam!                                at libpanic_unwind/lib.rs:102
Nov 02 23:31:22.516 INFO blam!   19:     0x7f53d879390c - <F as alloc::boxed::FnBox<A>>::call_box::hb3bcd66d16fd3e84
Nov 02 23:31:22.519 INFO blam!                                at libstd/panicking.rs:289
Nov 02 23:31:22.519 INFO blam!                                at libstd/panic.rs:392
Nov 02 23:31:22.519 INFO blam!                                at libstd/thread/mod.rs:408
Nov 02 23:31:22.519 INFO blam!                                at liballoc/boxed.rs:672
Nov 02 23:31:22.519 INFO blam!   20:     0x7f53d7110a8d - std::sys_common::thread::start_thread::had0c80d121669d29
Nov 02 23:31:22.519 INFO blam!                                at liballoc/boxed.rs:682
Nov 02 23:31:22.519 INFO blam!                                at libstd/sys_common/thread.rs:24
Nov 02 23:31:22.519 INFO blam!   21:     0x7f53d70e6435 - std::sys::unix::thread::Thread::new::thread_start::h4a5b66a70d76f47f
Nov 02 23:31:22.519 INFO blam!                                at libstd/sys/unix/thread.rs:90
Nov 02 23:31:22.519 INFO blam!   22:     0x7f53d6c726b9 - start_thread
Nov 02 23:31:22.519 INFO blam!   23:     0x7f53d679241c - clone
Nov 02 23:31:22.519 INFO blam!   24:                0x0 - <unknown>
Nov 02 23:31:22.519 INFO blam! query stack during panic:
Nov 02 23:31:22.519 INFO blam! end of query stack
Nov 02 23:31:22.519 INFO blam! 
Nov 02 23:31:22.519 INFO blam! 
Nov 02 23:31:22.519 INFO blam! failures:
Nov 02 23:31:22.519 INFO blam!     src/lib.rs -  (line 7)
Nov 02 23:31:22.519 INFO blam! 
Nov 02 23:31:22.519 INFO blam! test result: FAILED. 0 passed; 1 failed; 0 ignored; 0 measured; 0 filtered out
Nov 02 23:31:22.519 INFO blam! 
Nov 02 23:31:22.522 INFO kablam! error: test failed, to rerun pass '--doc'
Nov 02 23:31:22.524 INFO kablam! su: No module specific data is present
Nov 02 23:31:22.836 INFO running `"docker" "rm" "-f" "484c82ff348c959fb0c17bb56bae2383429c8c908f9eac6cb5ba9588e87aab75"`
Nov 02 23:31:22.934 INFO blam! 484c82ff348c959fb0c17bb56bae2383429c8c908f9eac6cb5ba9588e87aab75
