Nov 02 23:36:32.891 INFO testing config-0.9.1 against 1.30.0 for beta-1.31-1
Nov 02 23:36:32.891 INFO running `"docker" "create" "-v" "/mnt/big/crater/work/local/target-dirs/beta-1.31-1/worker-0/1.30.0:/target:rw,Z" "-v" "/mnt/big/crater/work/local/test-source/worker-0/beta-1.31-1/1.30.0:/source:ro,Z" "-v" "/mnt/big/crater/work/local/cargo-home:/cargo-home:ro,Z" "-v" "/mnt/big/crater/work/local/rustup-home:/rustup-home:ro,Z" "-e" "USER_ID=1000" "-e" "SOURCE_DIR=/source" "-e" "USER_ID=1000" "-e" "CMD=cargo +1.30.0 build --frozen" "-e" "CARGO_TARGET_DIR=/target" "-e" "CARGO_INCREMENTAL=0" "-e" "RUST_BACKTRACE=full" "-e" "RUSTFLAGS=--cap-lints=warn" "-e" "CARGO_HOME=/cargo-home" "-e" "RUSTUP_HOME=/rustup-home" "-m" "1536M" "--network" "none" "crater"`
Nov 02 23:36:33.125 INFO blam! 5abcea9548eae1840b0451957653d37a4ed4e5116b26f704ebd1564e6546d6d6
Nov 02 23:36:33.127 INFO running `"docker" "start" "-a" "5abcea9548eae1840b0451957653d37a4ed4e5116b26f704ebd1564e6546d6d6"`
Nov 02 23:36:33.545 INFO kablam! usermod: no changes
Nov 02 23:36:33.627 INFO kablam!    Compiling config v0.9.1 (/source)
Nov 02 23:36:37.789 INFO kablam!     Finished dev [unoptimized + debuginfo] target(s) in 4.22s
Nov 02 23:36:37.789 INFO kablam! su: No module specific data is present
Nov 02 23:36:38.504 INFO running `"docker" "rm" "-f" "5abcea9548eae1840b0451957653d37a4ed4e5116b26f704ebd1564e6546d6d6"`
Nov 02 23:36:38.792 INFO blam! 5abcea9548eae1840b0451957653d37a4ed4e5116b26f704ebd1564e6546d6d6
Nov 02 23:36:38.804 INFO running `"docker" "create" "-v" "/mnt/big/crater/work/local/target-dirs/beta-1.31-1/worker-0/1.30.0:/target:rw,Z" "-v" "/mnt/big/crater/work/local/test-source/worker-0/beta-1.31-1/1.30.0:/source:ro,Z" "-v" "/mnt/big/crater/work/local/cargo-home:/cargo-home:ro,Z" "-v" "/mnt/big/crater/work/local/rustup-home:/rustup-home:ro,Z" "-e" "USER_ID=1000" "-e" "SOURCE_DIR=/source" "-e" "USER_ID=1000" "-e" "CMD=cargo +1.30.0 test --frozen --no-run" "-e" "CARGO_TARGET_DIR=/target" "-e" "CARGO_INCREMENTAL=0" "-e" "RUST_BACKTRACE=full" "-e" "RUSTFLAGS=--cap-lints=warn" "-e" "CARGO_HOME=/cargo-home" "-e" "RUSTUP_HOME=/rustup-home" "-m" "1536M" "--network" "none" "crater"`
Nov 02 23:36:39.135 INFO blam! 1447dcbf49fa7d88dfdfd320155a299c9de314b9afa5906e73f8ae65a9836bfa
Nov 02 23:36:39.135 INFO running `"docker" "start" "-a" "1447dcbf49fa7d88dfdfd320155a299c9de314b9afa5906e73f8ae65a9836bfa"`
Nov 02 23:36:40.072 INFO kablam! usermod: no changes
Nov 02 23:36:40.215 INFO kablam!    Compiling float-cmp v0.4.0
Nov 02 23:36:40.215 INFO kablam!    Compiling chrono v0.4.6
Nov 02 23:36:44.068 INFO kablam!    Compiling config v0.9.1 (/source)
Nov 02 23:37:04.929 INFO kablam!     Finished dev [unoptimized + debuginfo] target(s) in 24.83s
Nov 02 23:37:04.943 INFO kablam! su: No module specific data is present
Nov 02 23:37:05.255 INFO running `"docker" "rm" "-f" "1447dcbf49fa7d88dfdfd320155a299c9de314b9afa5906e73f8ae65a9836bfa"`
Nov 02 23:37:05.383 INFO blam! 1447dcbf49fa7d88dfdfd320155a299c9de314b9afa5906e73f8ae65a9836bfa
Nov 02 23:37:05.383 INFO running `"docker" "create" "-v" "/mnt/big/crater/work/local/target-dirs/beta-1.31-1/worker-0/1.30.0:/target:rw,Z" "-v" "/mnt/big/crater/work/local/test-source/worker-0/beta-1.31-1/1.30.0:/source:ro,Z" "-v" "/mnt/big/crater/work/local/cargo-home:/cargo-home:ro,Z" "-v" "/mnt/big/crater/work/local/rustup-home:/rustup-home:ro,Z" "-e" "USER_ID=1000" "-e" "SOURCE_DIR=/source" "-e" "USER_ID=1000" "-e" "CMD=cargo +1.30.0 test --frozen" "-e" "CARGO_TARGET_DIR=/target" "-e" "CARGO_INCREMENTAL=0" "-e" "RUST_BACKTRACE=full" "-e" "RUSTFLAGS=--cap-lints=warn" "-e" "CARGO_HOME=/cargo-home" "-e" "RUSTUP_HOME=/rustup-home" "-m" "1536M" "--network" "none" "crater"`
Nov 02 23:37:05.587 INFO blam! 739b2113f141806838447d4f1563699e22a51de36ca12d7e78790d2a297d9b43
Nov 02 23:37:05.588 INFO running `"docker" "start" "-a" "739b2113f141806838447d4f1563699e22a51de36ca12d7e78790d2a297d9b43"`
Nov 02 23:37:05.987 INFO kablam! usermod: no changes
Nov 02 23:37:06.094 INFO kablam!     Finished dev [unoptimized + debuginfo] target(s) in 0.08s
Nov 02 23:37:06.115 INFO kablam!      Running /target/debug/deps/config-852bf2cda7084d99
Nov 02 23:37:06.117 INFO blam! 
Nov 02 23:37:06.117 INFO blam! running 6 tests
Nov 02 23:37:06.118 INFO blam! test path::parser::test::test_subscript ... ok
Nov 02 23:37:06.118 INFO blam! test path::parser::test::test_id_dash ... ok
Nov 02 23:37:06.119 INFO blam! test path::parser::test::test_subscript_neg ... ok
Nov 02 23:37:06.119 INFO blam! test path::parser::test::test_child ... ok
Nov 02 23:37:06.119 INFO blam! test path::parser::test::test_id ... ok
Nov 02 23:37:06.120 INFO blam! test ser::test::test_struct ... ok
Nov 02 23:37:06.120 INFO blam! 
Nov 02 23:37:06.120 INFO blam! test result: ok. 6 passed; 0 failed; 0 ignored; 0 measured; 0 filtered out
Nov 02 23:37:06.120 INFO blam! 
Nov 02 23:37:06.121 INFO kablam!      Running /target/debug/deps/datetime-b6337992d0e5aae4
Nov 02 23:37:06.123 INFO blam! 
Nov 02 23:37:06.123 INFO blam! running 2 tests
Nov 02 23:37:06.129 INFO blam! test test_datetime_string ... ok
Nov 02 23:37:06.129 INFO blam! test test_datetime ... ok
Nov 02 23:37:06.129 INFO blam! 
Nov 02 23:37:06.129 INFO blam! test result: ok. 2 passed; 0 failed; 0 ignored; 0 measured; 0 filtered out
Nov 02 23:37:06.129 INFO blam! 
Nov 02 23:37:06.130 INFO kablam!      Running /target/debug/deps/env-615fb9973349a613
Nov 02 23:37:06.131 INFO blam! 
Nov 02 23:37:06.131 INFO blam! running 5 tests
Nov 02 23:37:06.132 INFO blam! test test_separator_behavior ... ok
Nov 02 23:37:06.132 INFO blam! test test_prefix_with_variant_forms_of_spelling ... ok
Nov 02 23:37:06.132 INFO blam! test test_prefix_is_removed_from_key ... ok
Nov 02 23:37:06.132 INFO blam! test test_empty_value_is_ignored ... ok
Nov 02 23:37:06.133 INFO blam! test test_default ... ok
Nov 02 23:37:06.133 INFO blam! 
Nov 02 23:37:06.133 INFO blam! test result: ok. 5 passed; 0 failed; 0 ignored; 0 measured; 0 filtered out
Nov 02 23:37:06.133 INFO blam! 
Nov 02 23:37:06.135 INFO kablam!      Running /target/debug/deps/errors-05297329788032b6
Nov 02 23:37:06.135 INFO blam! 
Nov 02 23:37:06.135 INFO blam! running 3 tests
Nov 02 23:37:06.137 INFO blam! test test_error_type ... ok
Nov 02 23:37:06.137 INFO blam! test test_error_parse ... ok
Nov 02 23:37:06.140 INFO blam! test test_error_type_detached ... ok
Nov 02 23:37:06.140 INFO blam! 
Nov 02 23:37:06.140 INFO blam! test result: ok. 3 passed; 0 failed; 0 ignored; 0 measured; 0 filtered out
Nov 02 23:37:06.140 INFO blam! 
Nov 02 23:37:06.140 INFO kablam!      Running /target/debug/deps/file-3b330ffe4b22df26
Nov 02 23:37:06.144 INFO blam! 
Nov 02 23:37:06.144 INFO blam! running 5 tests
Nov 02 23:37:06.145 INFO blam! test test_file_not_required ... ok
Nov 02 23:37:06.145 INFO blam! test test_file_ext ... ok
Nov 02 23:37:06.146 INFO blam! test test_file_required_not_found ... ok
Nov 02 23:37:06.146 INFO blam! test test_file_auto ... ok
Nov 02 23:37:06.146 INFO blam! test test_file_auto_not_found ... ok
Nov 02 23:37:06.146 INFO blam! 
Nov 02 23:37:06.146 INFO blam! test result: ok. 5 passed; 0 failed; 0 ignored; 0 measured; 0 filtered out
Nov 02 23:37:06.146 INFO blam! 
Nov 02 23:37:06.147 INFO kablam!      Running /target/debug/deps/file_hjson-447d35f93d8f9201
Nov 02 23:37:06.148 INFO blam! 
Nov 02 23:37:06.149 INFO blam! running 2 tests
Nov 02 23:37:06.154 INFO blam! test test_file ... ok
Nov 02 23:37:06.174 INFO blam! test test_error_parse ... FAILED
Nov 02 23:37:06.174 INFO blam! 
Nov 02 23:37:06.174 INFO blam! failures:
Nov 02 23:37:06.174 INFO blam! 
Nov 02 23:37:06.174 INFO blam! ---- test_error_parse stdout ----
Nov 02 23:37:06.174 INFO blam! thread 'test_error_parse' panicked at 'assertion failed: `(left == right)`
Nov 02 23:37:06.174 INFO blam!   left: `"Found a punctuator where a key name was expected (check your syntax or use quotes if the key name includes {}[],: or whitespace) at line 4 column 1 in tests/Settings-invalid.hjson"`,
Nov 02 23:37:06.174 INFO blam!  right: `"Found a punctuator where a key name was expected (check your syntax or use quotes if the key name includes {}[],: or whitespace) at line 1 column 1 in tests/Settings-invalid.hjson"`', tests/file_hjson.rs:71:5
Nov 02 23:37:06.174 INFO blam! stack backtrace:
Nov 02 23:37:06.174 INFO blam!    0:     0x561a047075fe - std::sys::unix::backtrace::tracing::imp::unwind_backtrace::hf5316c67202e23c8
Nov 02 23:37:06.174 INFO blam!                                at libstd/sys/unix/backtrace/tracing/gcc_s.rs:49
Nov 02 23:37:06.174 INFO blam!    1:     0x561a046fa066 - std::sys_common::backtrace::print::h3068ed2a6dc7ac86
Nov 02 23:37:06.174 INFO blam!                                at libstd/sys_common/backtrace.rs:71
Nov 02 23:37:06.174 INFO blam!                                at libstd/sys_common/backtrace.rs:59
Nov 02 23:37:06.174 INFO blam!    2:     0x561a046f843d - std::panicking::default_hook::{{closure}}::h1b9d29cc09d41897
Nov 02 23:37:06.174 INFO blam!                                at libstd/panicking.rs:211
Nov 02 23:37:06.174 INFO blam!    3:     0x561a046f814b - std::panicking::default_hook::h3a27b204a313406b
Nov 02 23:37:06.174 INFO blam!                                at libstd/panicking.rs:221
Nov 02 23:37:06.174 INFO blam!    4:     0x561a046f8aec - std::panicking::rust_panic_with_hook::h0e12cb2fc86d00fa
Nov 02 23:37:06.174 INFO blam!                                at libstd/panicking.rs:477
Nov 02 23:37:06.174 INFO blam!    5:     0x561a046f86a9 - std::panicking::continue_panic_fmt::h141671b29fe0e27d
Nov 02 23:37:06.174 INFO blam!                                at libstd/panicking.rs:391
Nov 02 23:37:06.174 INFO blam!    6:     0x561a046f860d - std::panicking::begin_panic_fmt::h598547fc766c278a
Nov 02 23:37:06.174 INFO blam!                                at libstd/panicking.rs:346
Nov 02 23:37:06.174 INFO blam!    7:     0x561a044ea493 - file_hjson::test_error_parse::hc8b0694c76a0a6b6
Nov 02 23:37:06.174 INFO blam!                                at tests/file_hjson.rs:71
Nov 02 23:37:06.174 INFO blam!    8:     0x561a044ea129 - file_hjson::test_error_parse::{{closure}}::hdc497fd475b1f92d
Nov 02 23:37:06.174 INFO blam!                                at tests/file_hjson.rs:66
Nov 02 23:37:06.174 INFO blam!    9:     0x561a044fbb6d - core::ops::function::FnOnce::call_once::hab53023de00e0657
Nov 02 23:37:06.174 INFO blam!                                at libcore/ops/function.rs:238
Nov 02 23:37:06.174 INFO blam!   10:     0x561a044fec7e - <F as alloc::boxed::FnBox<A>>::call_box::ha9910eac2d17ff23
Nov 02 23:37:06.175 INFO blam!                                at libtest/lib.rs:1461
Nov 02 23:37:06.175 INFO blam!                                at libcore/ops/function.rs:238
Nov 02 23:37:06.175 INFO blam!                                at liballoc/boxed.rs:646
Nov 02 23:37:06.175 INFO blam!   11:     0x561a047164c9 - __rust_maybe_catch_panic
Nov 02 23:37:06.175 INFO blam!                                at libpanic_unwind/lib.rs:103
Nov 02 23:37:06.175 INFO blam!   12:     0x561a0450a58d - std::sys_common::backtrace::__rust_begin_short_backtrace::h470b05235fe5e5ad
Nov 02 23:37:06.175 INFO blam!                                at libstd/panicking.rs:289
Nov 02 23:37:06.175 INFO blam!                                at libstd/panic.rs:392
Nov 02 23:37:06.175 INFO blam!                                at libtest/lib.rs:1416
Nov 02 23:37:06.175 INFO blam!                                at libstd/sys_common/backtrace.rs:136
Nov 02 23:37:06.175 INFO blam!   13:     0x561a04522bc4 - std::panicking::try::do_call::h1f0578498122cc00
Nov 02 23:37:06.175 INFO blam!                                at libstd/thread/mod.rs:409
Nov 02 23:37:06.175 INFO blam!                                at libstd/panic.rs:313
Nov 02 23:37:06.175 INFO blam!                                at libstd/panicking.rs:310
Nov 02 23:37:06.175 INFO blam!   14:     0x561a047164c9 - __rust_maybe_catch_panic
Nov 02 23:37:06.175 INFO blam!                                at libpanic_unwind/lib.rs:103
Nov 02 23:37:06.175 INFO blam!   15:     0x561a04513496 - <F as alloc::boxed::FnBox<A>>::call_box::h7b129f9f235ab460
Nov 02 23:37:06.175 INFO blam!                                at libstd/panicking.rs:289
Nov 02 23:37:06.175 INFO blam!                                at libstd/panic.rs:392
Nov 02 23:37:06.175 INFO blam!                                at libstd/thread/mod.rs:408
Nov 02 23:37:06.175 INFO blam!                                at liballoc/boxed.rs:646
Nov 02 23:37:06.175 INFO blam!   16:     0x561a04708f5a - std::sys_common::thread::start_thread::hb77935aee02382da
Nov 02 23:37:06.175 INFO blam!                                at liballoc/boxed.rs:656
Nov 02 23:37:06.175 INFO blam!                                at libstd/sys_common/thread.rs:24
Nov 02 23:37:06.175 INFO blam!   17:     0x561a046f92a5 - std::sys::unix::thread::Thread::new::thread_start::hd61f7429b3de1d75
Nov 02 23:37:06.175 INFO blam!                                at libstd/sys/unix/thread.rs:90
Nov 02 23:37:06.175 INFO blam!   18:     0x7f0a17b556b9 - start_thread
Nov 02 23:37:06.175 INFO blam!   19:     0x7f0a1767541c - clone
Nov 02 23:37:06.175 INFO blam!   20:                0x0 - <unknown>
Nov 02 23:37:06.175 INFO blam! 
Nov 02 23:37:06.175 INFO blam! 
Nov 02 23:37:06.175 INFO blam! failures:
Nov 02 23:37:06.175 INFO blam!     test_error_parse
Nov 02 23:37:06.175 INFO blam! 
Nov 02 23:37:06.175 INFO blam! test result: FAILED. 1 passed; 1 failed; 0 ignored; 0 measured; 0 filtered out
Nov 02 23:37:06.175 INFO blam! 
Nov 02 23:37:06.177 INFO kablam! error: test failed, to rerun pass '--test file_hjson'
Nov 02 23:37:06.178 INFO kablam! su: No module specific data is present
Nov 02 23:37:06.500 INFO running `"docker" "rm" "-f" "739b2113f141806838447d4f1563699e22a51de36ca12d7e78790d2a297d9b43"`
Nov 02 23:37:06.613 INFO blam! 739b2113f141806838447d4f1563699e22a51de36ca12d7e78790d2a297d9b43
