Oct 31 17:03:19.717 INFO testing voop/rosrust_tests against beta-2018-10-30 for beta-1.31-1
Oct 31 17:03:19.719 INFO running `"docker" "create" "-v" "/mnt/big/crater/work/local/target-dirs/beta-1.31-1/worker-6/beta-2018-10-30:/target:rw,Z" "-v" "/mnt/big/crater/work/local/test-source/worker-6/beta-1.31-1/beta-2018-10-30:/source:ro,Z" "-v" "/mnt/big/crater/work/local/cargo-home:/cargo-home:ro,Z" "-v" "/mnt/big/crater/work/local/rustup-home:/rustup-home:ro,Z" "-e" "USER_ID=1000" "-e" "SOURCE_DIR=/source" "-e" "USER_ID=1000" "-e" "CMD=cargo +beta-2018-10-30 build --frozen" "-e" "CARGO_TARGET_DIR=/target" "-e" "CARGO_INCREMENTAL=0" "-e" "RUST_BACKTRACE=full" "-e" "RUSTFLAGS=--cap-lints=warn" "-e" "CARGO_HOME=/cargo-home" "-e" "RUSTUP_HOME=/rustup-home" "-m" "1536M" "--network" "none" "crater"`
Oct 31 17:03:20.240 INFO blam! da93694257e4d71ebfb08e86703677fb735f7ec52e279db3b4bc0aaea45e99a3
Oct 31 17:03:20.242 INFO running `"docker" "start" "-a" "da93694257e4d71ebfb08e86703677fb735f7ec52e279db3b4bc0aaea45e99a3"`
Oct 31 17:03:22.745 INFO kablam! usermod: no changes
Oct 31 17:03:22.811 INFO kablam!    Compiling rosrust_test v0.1.0 (/source)
Oct 31 17:03:23.530 INFO kablam!     Finished dev [unoptimized + debuginfo] target(s) in 0.76s
Oct 31 17:03:23.533 INFO kablam! su: No module specific data is present
Oct 31 17:03:25.184 INFO running `"docker" "rm" "-f" "da93694257e4d71ebfb08e86703677fb735f7ec52e279db3b4bc0aaea45e99a3"`
Oct 31 17:03:25.579 INFO blam! da93694257e4d71ebfb08e86703677fb735f7ec52e279db3b4bc0aaea45e99a3
Oct 31 17:03:25.591 INFO running `"docker" "create" "-v" "/mnt/big/crater/work/local/target-dirs/beta-1.31-1/worker-6/beta-2018-10-30:/target:rw,Z" "-v" "/mnt/big/crater/work/local/test-source/worker-6/beta-1.31-1/beta-2018-10-30:/source:ro,Z" "-v" "/mnt/big/crater/work/local/cargo-home:/cargo-home:ro,Z" "-v" "/mnt/big/crater/work/local/rustup-home:/rustup-home:ro,Z" "-e" "USER_ID=1000" "-e" "SOURCE_DIR=/source" "-e" "USER_ID=1000" "-e" "CMD=cargo +beta-2018-10-30 test --frozen --no-run" "-e" "CARGO_TARGET_DIR=/target" "-e" "CARGO_INCREMENTAL=0" "-e" "RUST_BACKTRACE=full" "-e" "RUSTFLAGS=--cap-lints=warn" "-e" "CARGO_HOME=/cargo-home" "-e" "RUSTUP_HOME=/rustup-home" "-m" "1536M" "--network" "none" "crater"`
Oct 31 17:03:26.055 INFO blam! 9077c36e548c9dbdc8ef095a1a54e997466ffcb02d578e65cf980b0ba61d0f2b
Oct 31 17:03:26.058 INFO running `"docker" "start" "-a" "9077c36e548c9dbdc8ef095a1a54e997466ffcb02d578e65cf980b0ba61d0f2b"`
Oct 31 17:03:27.451 INFO kablam! usermod: no changes
Oct 31 17:03:27.510 INFO kablam!    Compiling rosrust_test v0.1.0 (/source)
Oct 31 17:03:29.078 INFO kablam!     Finished dev [unoptimized + debuginfo] target(s) in 1.60s
Oct 31 17:03:29.079 INFO kablam! su: No module specific data is present
Oct 31 17:03:29.983 INFO running `"docker" "rm" "-f" "9077c36e548c9dbdc8ef095a1a54e997466ffcb02d578e65cf980b0ba61d0f2b"`
Oct 31 17:03:30.231 INFO blam! 9077c36e548c9dbdc8ef095a1a54e997466ffcb02d578e65cf980b0ba61d0f2b
Oct 31 17:03:30.237 INFO running `"docker" "create" "-v" "/mnt/big/crater/work/local/target-dirs/beta-1.31-1/worker-6/beta-2018-10-30:/target:rw,Z" "-v" "/mnt/big/crater/work/local/test-source/worker-6/beta-1.31-1/beta-2018-10-30:/source:ro,Z" "-v" "/mnt/big/crater/work/local/cargo-home:/cargo-home:ro,Z" "-v" "/mnt/big/crater/work/local/rustup-home:/rustup-home:ro,Z" "-e" "USER_ID=1000" "-e" "SOURCE_DIR=/source" "-e" "USER_ID=1000" "-e" "CMD=cargo +beta-2018-10-30 test --frozen" "-e" "CARGO_TARGET_DIR=/target" "-e" "CARGO_INCREMENTAL=0" "-e" "RUST_BACKTRACE=full" "-e" "RUSTFLAGS=--cap-lints=warn" "-e" "CARGO_HOME=/cargo-home" "-e" "RUSTUP_HOME=/rustup-home" "-m" "1536M" "--network" "none" "crater"`
Oct 31 17:03:30.713 INFO blam! 49c86dbd8572ed47b5fbcde0ab6ac19d7e345044e7c68295000d20316ef3c51e
Oct 31 17:03:30.715 INFO running `"docker" "start" "-a" "49c86dbd8572ed47b5fbcde0ab6ac19d7e345044e7c68295000d20316ef3c51e"`
Oct 31 17:03:33.197 INFO kablam! usermod: no changes
Oct 31 17:03:33.295 INFO kablam!     Finished dev [unoptimized + debuginfo] target(s) in 0.05s
Oct 31 17:03:33.299 INFO kablam!      Running /target/debug/deps/rosrust_test-9218c931dfac35ad
Oct 31 17:03:33.307 INFO blam! 
Oct 31 17:03:33.307 INFO blam! running 0 tests
Oct 31 17:03:33.307 INFO blam! 
Oct 31 17:03:33.307 INFO blam! test result: ok. 0 passed; 0 failed; 0 ignored; 0 measured; 0 filtered out
Oct 31 17:03:33.307 INFO blam! 
Oct 31 17:03:33.308 INFO kablam!      Running /target/debug/deps/simple-634ca6e98e3cad70
Oct 31 17:03:33.323 INFO blam! 
Oct 31 17:03:33.323 INFO blam! running 1 test
Oct 31 17:03:33.405 INFO blam! test simple_test ... FAILED
Oct 31 17:03:33.405 INFO blam! 
Oct 31 17:03:33.405 INFO blam! failures:
Oct 31 17:03:33.405 INFO blam! 
Oct 31 17:03:33.405 INFO blam! ---- simple_test stdout ----
Oct 31 17:03:33.405 INFO blam! thread 'simple_test' panicked at 'assertion failed: false', tests/simple.rs:3:5
Oct 31 17:03:33.405 INFO blam! stack backtrace:
Oct 31 17:03:33.405 INFO blam!    0:     0x55b7f31dbe8f - std::sys::unix::backtrace::tracing::imp::unwind_backtrace::h3c55afa80a996a32
Oct 31 17:03:33.405 INFO blam!                                at libstd/sys/unix/backtrace/tracing/gcc_s.rs:49
Oct 31 17:03:33.405 INFO blam!    1:     0x55b7f31e4eb7 - std::sys_common::backtrace::print::hcef907ea7a07cd40
Oct 31 17:03:33.405 INFO blam!                                at libstd/sys_common/backtrace.rs:71
Oct 31 17:03:33.405 INFO blam!                                at libstd/sys_common/backtrace.rs:59
Oct 31 17:03:33.405 INFO blam!    2:     0x55b7f31dfb9f - std::panicking::default_hook::{{closure}}::hf541876c65f36ea7
Oct 31 17:03:33.405 INFO blam!                                at libstd/panicking.rs:211
Oct 31 17:03:33.405 INFO blam!    3:     0x55b7f31df89e - std::panicking::default_hook::h4ecc06b30ae4459d
Oct 31 17:03:33.405 INFO blam!                                at libstd/panicking.rs:221
Oct 31 17:03:33.405 INFO blam!    4:     0x55b7f31e027e - std::panicking::rust_panic_with_hook::h0cc6d9cc9f34a947
Oct 31 17:03:33.405 INFO blam!                                at libstd/panicking.rs:476
Oct 31 17:03:33.405 INFO blam!    5:     0x55b7f318d593 - std::panicking::begin_panic::h11026ab27b8fc635
Oct 31 17:03:33.405 INFO blam!                                at libstd/panicking.rs:410
Oct 31 17:03:33.405 INFO blam!    6:     0x55b7f318dfc0 - simple::simple_test::h91021e51bec8e9fb
Oct 31 17:03:33.405 INFO blam!                                at tests/simple.rs:3
Oct 31 17:03:33.405 INFO blam!    7:     0x55b7f318df89 - simple::simple_test::{{closure}}::hd0dd4ebbdf483ff0
Oct 31 17:03:33.405 INFO blam!                                at tests/simple.rs:2
Oct 31 17:03:33.405 INFO blam!    8:     0x55b7f318d40d - core::ops::function::FnOnce::call_once::hc772d4f3b9d6ff1d
Oct 31 17:03:33.405 INFO blam!                                at libcore/ops/function.rs:238
Oct 31 17:03:33.405 INFO blam!    9:     0x55b7f318fc9e - <F as alloc::boxed::FnBox<A>>::call_box::hf32558bd83684b60
Oct 31 17:03:33.405 INFO blam!                                at libtest/lib.rs:1468
Oct 31 17:03:33.405 INFO blam!                                at libcore/ops/function.rs:238
Oct 31 17:03:33.405 INFO blam!                                at liballoc/boxed.rs:672
Oct 31 17:03:33.405 INFO blam!   10:     0x55b7f31f00e9 - __rust_maybe_catch_panic
Oct 31 17:03:33.405 INFO blam!                                at libpanic_unwind/lib.rs:102
Oct 31 17:03:33.405 INFO blam!   11:     0x55b7f31b1902 - std::sys_common::backtrace::__rust_begin_short_backtrace::h1bb71a7386fd3269
Oct 31 17:03:33.405 INFO blam!                                at libstd/panicking.rs:289
Oct 31 17:03:33.405 INFO blam!                                at libstd/panic.rs:392
Oct 31 17:03:33.405 INFO blam!                                at libtest/lib.rs:1423
Oct 31 17:03:33.405 INFO blam!                                at libstd/sys_common/backtrace.rs:136
Oct 31 17:03:33.405 INFO blam!   12:     0x55b7f31b23b4 - std::panicking::try::do_call::h9b94719c3074bb5c
Oct 31 17:03:33.405 INFO blam!                                at libstd/thread/mod.rs:409
Oct 31 17:03:33.405 INFO blam!                                at libstd/panic.rs:313
Oct 31 17:03:33.405 INFO blam!                                at libstd/panicking.rs:310
Oct 31 17:03:33.405 INFO blam!   13:     0x55b7f31f00e9 - __rust_maybe_catch_panic
Oct 31 17:03:33.405 INFO blam!                                at libpanic_unwind/lib.rs:102
Oct 31 17:03:33.405 INFO blam!   14:     0x55b7f319f5dc - <F as alloc::boxed::FnBox<A>>::call_box::hb3bcd66d16fd3e84
Oct 31 17:03:33.405 INFO blam!                                at libstd/panicking.rs:289
Oct 31 17:03:33.405 INFO blam!                                at libstd/panic.rs:392
Oct 31 17:03:33.405 INFO blam!                                at libstd/thread/mod.rs:408
Oct 31 17:03:33.405 INFO blam!                                at liballoc/boxed.rs:672
Oct 31 17:03:33.405 INFO blam!   15:     0x55b7f31dda9d - std::sys_common::thread::start_thread::had0c80d121669d29
Oct 31 17:03:33.405 INFO blam!                                at liballoc/boxed.rs:682
Oct 31 17:03:33.405 INFO blam!                                at libstd/sys_common/thread.rs:24
Oct 31 17:03:33.405 INFO blam!   16:     0x55b7f31d3295 - std::sys::unix::thread::Thread::new::thread_start::h4a5b66a70d76f47f
Oct 31 17:03:33.405 INFO blam!                                at libstd/sys/unix/thread.rs:90
Oct 31 17:03:33.405 INFO blam!   17:     0x7fcb0e2c36b9 - start_thread
Oct 31 17:03:33.405 INFO blam!   18:     0x7fcb0dde341c - clone
Oct 31 17:03:33.405 INFO blam!   19:                0x0 - <unknown>
Oct 31 17:03:33.405 INFO blam! 
Oct 31 17:03:33.405 INFO blam! 
Oct 31 17:03:33.405 INFO blam! failures:
Oct 31 17:03:33.405 INFO blam!     simple_test
Oct 31 17:03:33.405 INFO blam! 
Oct 31 17:03:33.405 INFO blam! test result: FAILED. 0 passed; 1 failed; 0 ignored; 0 measured; 0 filtered out
Oct 31 17:03:33.405 INFO blam! 
Oct 31 17:03:33.407 INFO kablam! error: test failed, to rerun pass '--test simple'
Oct 31 17:03:33.409 INFO kablam! su: No module specific data is present
Oct 31 17:03:34.532 INFO running `"docker" "rm" "-f" "49c86dbd8572ed47b5fbcde0ab6ac19d7e345044e7c68295000d20316ef3c51e"`
Oct 31 17:03:34.955 INFO blam! 49c86dbd8572ed47b5fbcde0ab6ac19d7e345044e7c68295000d20316ef3c51e
