Oct 31 17:03:35.057 INFO testing voop/rosrust_tests against 1.30.0 for beta-1.31-1
Oct 31 17:03:35.059 INFO running `"docker" "create" "-v" "/mnt/big/crater/work/local/target-dirs/beta-1.31-1/worker-6/1.30.0:/target:rw,Z" "-v" "/mnt/big/crater/work/local/test-source/worker-6/beta-1.31-1/1.30.0:/source:ro,Z" "-v" "/mnt/big/crater/work/local/cargo-home:/cargo-home:ro,Z" "-v" "/mnt/big/crater/work/local/rustup-home:/rustup-home:ro,Z" "-e" "USER_ID=1000" "-e" "SOURCE_DIR=/source" "-e" "USER_ID=1000" "-e" "CMD=cargo +1.30.0 build --frozen" "-e" "CARGO_TARGET_DIR=/target" "-e" "CARGO_INCREMENTAL=0" "-e" "RUST_BACKTRACE=full" "-e" "RUSTFLAGS=--cap-lints=warn" "-e" "CARGO_HOME=/cargo-home" "-e" "RUSTUP_HOME=/rustup-home" "-m" "1536M" "--network" "none" "crater"`
Oct 31 17:03:35.511 INFO blam! 25a8f913e5e74389673aab438cb3e1867063e7ec0e88713f73b22ad1fe396e49
Oct 31 17:03:35.531 INFO running `"docker" "start" "-a" "25a8f913e5e74389673aab438cb3e1867063e7ec0e88713f73b22ad1fe396e49"`
Oct 31 17:03:37.113 INFO kablam! usermod: no changes
Oct 31 17:03:37.178 INFO kablam!    Compiling rosrust_test v0.1.0 (/source)
Oct 31 17:03:37.713 INFO kablam!     Finished dev [unoptimized + debuginfo] target(s) in 0.57s
Oct 31 17:03:37.716 INFO kablam! su: No module specific data is present
Oct 31 17:03:38.302 INFO running `"docker" "rm" "-f" "25a8f913e5e74389673aab438cb3e1867063e7ec0e88713f73b22ad1fe396e49"`
Oct 31 17:03:38.599 INFO blam! 25a8f913e5e74389673aab438cb3e1867063e7ec0e88713f73b22ad1fe396e49
Oct 31 17:03:38.602 INFO running `"docker" "create" "-v" "/mnt/big/crater/work/local/target-dirs/beta-1.31-1/worker-6/1.30.0:/target:rw,Z" "-v" "/mnt/big/crater/work/local/test-source/worker-6/beta-1.31-1/1.30.0:/source:ro,Z" "-v" "/mnt/big/crater/work/local/cargo-home:/cargo-home:ro,Z" "-v" "/mnt/big/crater/work/local/rustup-home:/rustup-home:ro,Z" "-e" "USER_ID=1000" "-e" "SOURCE_DIR=/source" "-e" "USER_ID=1000" "-e" "CMD=cargo +1.30.0 test --frozen --no-run" "-e" "CARGO_TARGET_DIR=/target" "-e" "CARGO_INCREMENTAL=0" "-e" "RUST_BACKTRACE=full" "-e" "RUSTFLAGS=--cap-lints=warn" "-e" "CARGO_HOME=/cargo-home" "-e" "RUSTUP_HOME=/rustup-home" "-m" "1536M" "--network" "none" "crater"`
Oct 31 17:03:38.995 INFO blam! b2c60853e5b1641602b3b058e6e7d5cdca19293b431be90f6f2e9a7e5de0405b
Oct 31 17:03:39.003 INFO running `"docker" "start" "-a" "b2c60853e5b1641602b3b058e6e7d5cdca19293b431be90f6f2e9a7e5de0405b"`
Oct 31 17:03:40.324 INFO kablam! usermod: no changes
Oct 31 17:03:40.396 INFO kablam!    Compiling rosrust_test v0.1.0 (/source)
Oct 31 17:03:41.447 INFO kablam!     Finished dev [unoptimized + debuginfo] target(s) in 1.09s
Oct 31 17:03:41.447 INFO kablam! su: No module specific data is present
Oct 31 17:03:42.381 INFO running `"docker" "rm" "-f" "b2c60853e5b1641602b3b058e6e7d5cdca19293b431be90f6f2e9a7e5de0405b"`
Oct 31 17:03:42.695 INFO blam! b2c60853e5b1641602b3b058e6e7d5cdca19293b431be90f6f2e9a7e5de0405b
Oct 31 17:03:42.711 INFO running `"docker" "create" "-v" "/mnt/big/crater/work/local/target-dirs/beta-1.31-1/worker-6/1.30.0:/target:rw,Z" "-v" "/mnt/big/crater/work/local/test-source/worker-6/beta-1.31-1/1.30.0:/source:ro,Z" "-v" "/mnt/big/crater/work/local/cargo-home:/cargo-home:ro,Z" "-v" "/mnt/big/crater/work/local/rustup-home:/rustup-home:ro,Z" "-e" "USER_ID=1000" "-e" "SOURCE_DIR=/source" "-e" "USER_ID=1000" "-e" "CMD=cargo +1.30.0 test --frozen" "-e" "CARGO_TARGET_DIR=/target" "-e" "CARGO_INCREMENTAL=0" "-e" "RUST_BACKTRACE=full" "-e" "RUSTFLAGS=--cap-lints=warn" "-e" "CARGO_HOME=/cargo-home" "-e" "RUSTUP_HOME=/rustup-home" "-m" "1536M" "--network" "none" "crater"`
Oct 31 17:03:43.263 INFO blam! 0a6fdf0aeee11b026d5fd9d687d9de72a608397472e0b3d3b6188da41b507d92
Oct 31 17:03:43.269 INFO running `"docker" "start" "-a" "0a6fdf0aeee11b026d5fd9d687d9de72a608397472e0b3d3b6188da41b507d92"`
Oct 31 17:03:44.843 INFO kablam! usermod: no changes
Oct 31 17:03:44.877 INFO kablam!     Finished dev [unoptimized + debuginfo] target(s) in 0.01s
Oct 31 17:03:44.877 INFO kablam!      Running /target/debug/deps/rosrust_test-711b99e295cb2c64
Oct 31 17:03:44.895 INFO kablam!      Running /target/debug/deps/simple-4cafdcc723ae59b3
Oct 31 17:03:44.895 INFO blam! 
Oct 31 17:03:44.895 INFO blam! running 0 tests
Oct 31 17:03:44.895 INFO blam! 
Oct 31 17:03:44.895 INFO blam! test result: ok. 0 passed; 0 failed; 0 ignored; 0 measured; 0 filtered out
Oct 31 17:03:44.895 INFO blam! 
Oct 31 17:03:44.899 INFO blam! 
Oct 31 17:03:44.899 INFO blam! running 1 test
Oct 31 17:03:44.937 INFO blam! test simple_test ... FAILED
Oct 31 17:03:44.937 INFO blam! 
Oct 31 17:03:44.937 INFO blam! failures:
Oct 31 17:03:44.937 INFO blam! 
Oct 31 17:03:44.937 INFO blam! ---- simple_test stdout ----
Oct 31 17:03:44.937 INFO blam! thread 'simple_test' panicked at 'assertion failed: false', tests/simple.rs:3:5
Oct 31 17:03:44.937 INFO blam! stack backtrace:
Oct 31 17:03:44.937 INFO blam!    0:     0x55b92a48f80e - std::sys::unix::backtrace::tracing::imp::unwind_backtrace::hf5316c67202e23c8
Oct 31 17:03:44.937 INFO blam!                                at libstd/sys/unix/backtrace/tracing/gcc_s.rs:49
Oct 31 17:03:44.937 INFO blam!    1:     0x55b92a482be6 - std::sys_common::backtrace::print::h3068ed2a6dc7ac86
Oct 31 17:03:44.937 INFO blam!                                at libstd/sys_common/backtrace.rs:71
Oct 31 17:03:44.937 INFO blam!                                at libstd/sys_common/backtrace.rs:59
Oct 31 17:03:44.937 INFO blam!    2:     0x55b92a480fbd - std::panicking::default_hook::{{closure}}::h1b9d29cc09d41897
Oct 31 17:03:44.937 INFO blam!                                at libstd/panicking.rs:211
Oct 31 17:03:44.937 INFO blam!    3:     0x55b92a480ccb - std::panicking::default_hook::h3a27b204a313406b
Oct 31 17:03:44.937 INFO blam!                                at libstd/panicking.rs:221
Oct 31 17:03:44.937 INFO blam!    4:     0x55b92a48166c - std::panicking::rust_panic_with_hook::h0e12cb2fc86d00fa
Oct 31 17:03:44.937 INFO blam!                                at libstd/panicking.rs:477
Oct 31 17:03:44.937 INFO blam!    5:     0x55b92a43f2cf - std::panicking::begin_panic::hed4b89f54b51478f
Oct 31 17:03:44.937 INFO blam!                                at libstd/panicking.rs:411
Oct 31 17:03:44.937 INFO blam!    6:     0x55b92a43fd00 - simple::simple_test::h2068a0434a70353e
Oct 31 17:03:44.937 INFO blam!                                at tests/simple.rs:3
Oct 31 17:03:44.937 INFO blam!    7:     0x55b92a43fcc9 - simple::simple_test::{{closure}}::h25f1fafcf0415012
Oct 31 17:03:44.937 INFO blam!                                at tests/simple.rs:2
Oct 31 17:03:44.937 INFO blam!    8:     0x55b92a43f14d - core::ops::function::FnOnce::call_once::hd4cbdd2a555cbfff
Oct 31 17:03:44.937 INFO blam!                                at libcore/ops/function.rs:238
Oct 31 17:03:44.937 INFO blam!    9:     0x55b92a441bee - <F as alloc::boxed::FnBox<A>>::call_box::ha9910eac2d17ff23
Oct 31 17:03:44.937 INFO blam!                                at libtest/lib.rs:1461
Oct 31 17:03:44.937 INFO blam!                                at libcore/ops/function.rs:238
Oct 31 17:03:44.937 INFO blam!                                at liballoc/boxed.rs:646
Oct 31 17:03:44.937 INFO blam!   10:     0x55b92a49e689 - __rust_maybe_catch_panic
Oct 31 17:03:44.937 INFO blam!                                at libpanic_unwind/lib.rs:103
Oct 31 17:03:44.937 INFO blam!   11:     0x55b92a44d4fd - std::sys_common::backtrace::__rust_begin_short_backtrace::h470b05235fe5e5ad
Oct 31 17:03:44.937 INFO blam!                                at libstd/panicking.rs:289
Oct 31 17:03:44.937 INFO blam!                                at libstd/panic.rs:392
Oct 31 17:03:44.937 INFO blam!                                at libtest/lib.rs:1416
Oct 31 17:03:44.937 INFO blam!                                at libstd/sys_common/backtrace.rs:136
Oct 31 17:03:44.937 INFO blam!   12:     0x55b92a465b34 - std::panicking::try::do_call::h1f0578498122cc00
Oct 31 17:03:44.937 INFO blam!                                at libstd/thread/mod.rs:409
Oct 31 17:03:44.937 INFO blam!                                at libstd/panic.rs:313
Oct 31 17:03:44.937 INFO blam!                                at libstd/panicking.rs:310
Oct 31 17:03:44.937 INFO blam!   13:     0x55b92a49e689 - __rust_maybe_catch_panic
Oct 31 17:03:44.937 INFO blam!                                at libpanic_unwind/lib.rs:103
Oct 31 17:03:44.937 INFO blam!   14:     0x55b92a456406 - <F as alloc::boxed::FnBox<A>>::call_box::h7b129f9f235ab460
Oct 31 17:03:44.937 INFO blam!                                at libstd/panicking.rs:289
Oct 31 17:03:44.937 INFO blam!                                at libstd/panic.rs:392
Oct 31 17:03:44.937 INFO blam!                                at libstd/thread/mod.rs:408
Oct 31 17:03:44.937 INFO blam!                                at liballoc/boxed.rs:646
Oct 31 17:03:44.937 INFO blam!   15:     0x55b92a49112a - std::sys_common::thread::start_thread::hb77935aee02382da
Oct 31 17:03:44.937 INFO blam!                                at liballoc/boxed.rs:656
Oct 31 17:03:44.937 INFO blam!                                at libstd/sys_common/thread.rs:24
Oct 31 17:03:44.937 INFO blam!   16:     0x55b92a481e25 - std::sys::unix::thread::Thread::new::thread_start::hd61f7429b3de1d75
Oct 31 17:03:44.937 INFO blam!                                at libstd/sys/unix/thread.rs:90
Oct 31 17:03:44.937 INFO blam!   17:     0x7efe1d28c6b9 - start_thread
Oct 31 17:03:44.937 INFO blam!   18:     0x7efe1cdac41c - clone
Oct 31 17:03:44.937 INFO blam!   19:                0x0 - <unknown>
Oct 31 17:03:44.937 INFO blam! 
Oct 31 17:03:44.937 INFO blam! 
Oct 31 17:03:44.938 INFO blam! failures:
Oct 31 17:03:44.938 INFO blam!     simple_test
Oct 31 17:03:44.938 INFO blam! 
Oct 31 17:03:44.938 INFO blam! test result: FAILED. 0 passed; 1 failed; 0 ignored; 0 measured; 0 filtered out
Oct 31 17:03:44.938 INFO blam! 
Oct 31 17:03:44.948 INFO kablam! error: test failed, to rerun pass '--test simple'
Oct 31 17:03:44.959 INFO kablam! su: No module specific data is present
Oct 31 17:03:46.003 INFO running `"docker" "rm" "-f" "0a6fdf0aeee11b026d5fd9d687d9de72a608397472e0b3d3b6188da41b507d92"`
Oct 31 17:03:46.304 INFO blam! 0a6fdf0aeee11b026d5fd9d687d9de72a608397472e0b3d3b6188da41b507d92
