Oct 31 20:16:00.782 INFO testing starim/hth against beta-2018-10-30 for beta-1.31-1
Oct 31 20:16:00.784 INFO running `"docker" "create" "-v" "/mnt/big/crater/work/local/target-dirs/beta-1.31-1/worker-7/beta-2018-10-30:/target:rw,Z" "-v" "/mnt/big/crater/work/local/test-source/worker-7/beta-1.31-1/beta-2018-10-30:/source:ro,Z" "-v" "/mnt/big/crater/work/local/cargo-home:/cargo-home:ro,Z" "-v" "/mnt/big/crater/work/local/rustup-home:/rustup-home:ro,Z" "-e" "USER_ID=1000" "-e" "SOURCE_DIR=/source" "-e" "USER_ID=1000" "-e" "CMD=cargo +beta-2018-10-30 build --frozen" "-e" "CARGO_TARGET_DIR=/target" "-e" "CARGO_INCREMENTAL=0" "-e" "RUST_BACKTRACE=full" "-e" "RUSTFLAGS=--cap-lints=warn" "-e" "CARGO_HOME=/cargo-home" "-e" "RUSTUP_HOME=/rustup-home" "-m" "1536M" "--network" "none" "crater"`
Oct 31 20:16:01.333 INFO blam! 7ffe7b276475c05c57da0ee37f41be58c705d2b6653108f3f78b4c52f6c2701c
Oct 31 20:16:01.335 INFO running `"docker" "start" "-a" "7ffe7b276475c05c57da0ee37f41be58c705d2b6653108f3f78b4c52f6c2701c"`
Oct 31 20:16:03.987 INFO kablam! usermod: no changes
Oct 31 20:16:04.167 INFO kablam!    Compiling env_logger v0.4.3
Oct 31 20:16:05.423 INFO kablam!    Compiling hth v0.1.0 (/source)
Oct 31 20:16:10.665 INFO kablam!     Finished dev [unoptimized + debuginfo] target(s) in 6.63s
Oct 31 20:16:10.675 INFO kablam! su: No module specific data is present
Oct 31 20:16:12.135 INFO running `"docker" "rm" "-f" "7ffe7b276475c05c57da0ee37f41be58c705d2b6653108f3f78b4c52f6c2701c"`
Oct 31 20:16:12.407 INFO blam! 7ffe7b276475c05c57da0ee37f41be58c705d2b6653108f3f78b4c52f6c2701c
Oct 31 20:16:12.427 INFO running `"docker" "create" "-v" "/mnt/big/crater/work/local/target-dirs/beta-1.31-1/worker-7/beta-2018-10-30:/target:rw,Z" "-v" "/mnt/big/crater/work/local/test-source/worker-7/beta-1.31-1/beta-2018-10-30:/source:ro,Z" "-v" "/mnt/big/crater/work/local/cargo-home:/cargo-home:ro,Z" "-v" "/mnt/big/crater/work/local/rustup-home:/rustup-home:ro,Z" "-e" "USER_ID=1000" "-e" "SOURCE_DIR=/source" "-e" "USER_ID=1000" "-e" "CMD=cargo +beta-2018-10-30 test --frozen --no-run" "-e" "CARGO_TARGET_DIR=/target" "-e" "CARGO_INCREMENTAL=0" "-e" "RUST_BACKTRACE=full" "-e" "RUSTFLAGS=--cap-lints=warn" "-e" "CARGO_HOME=/cargo-home" "-e" "RUSTUP_HOME=/rustup-home" "-m" "1536M" "--network" "none" "crater"`
Oct 31 20:16:12.901 INFO blam! 3002852a67d5da6aaaf6148b117e4e63dc5ebc23445ac59d46045113a10d2b6b
Oct 31 20:16:12.909 INFO running `"docker" "start" "-a" "3002852a67d5da6aaaf6148b117e4e63dc5ebc23445ac59d46045113a10d2b6b"`
Oct 31 20:16:13.834 INFO kablam! usermod: no changes
Oct 31 20:16:13.930 INFO kablam!    Compiling hth v0.1.0 (/source)
Oct 31 20:16:20.632 INFO kablam!     Finished dev [unoptimized + debuginfo] target(s) in 6.77s
Oct 31 20:16:20.643 INFO kablam! su: No module specific data is present
Oct 31 20:16:22.319 INFO running `"docker" "rm" "-f" "3002852a67d5da6aaaf6148b117e4e63dc5ebc23445ac59d46045113a10d2b6b"`
Oct 31 20:16:22.591 INFO blam! 3002852a67d5da6aaaf6148b117e4e63dc5ebc23445ac59d46045113a10d2b6b
Oct 31 20:16:22.603 INFO running `"docker" "create" "-v" "/mnt/big/crater/work/local/target-dirs/beta-1.31-1/worker-7/beta-2018-10-30:/target:rw,Z" "-v" "/mnt/big/crater/work/local/test-source/worker-7/beta-1.31-1/beta-2018-10-30:/source:ro,Z" "-v" "/mnt/big/crater/work/local/cargo-home:/cargo-home:ro,Z" "-v" "/mnt/big/crater/work/local/rustup-home:/rustup-home:ro,Z" "-e" "USER_ID=1000" "-e" "SOURCE_DIR=/source" "-e" "USER_ID=1000" "-e" "CMD=cargo +beta-2018-10-30 test --frozen" "-e" "CARGO_TARGET_DIR=/target" "-e" "CARGO_INCREMENTAL=0" "-e" "RUST_BACKTRACE=full" "-e" "RUSTFLAGS=--cap-lints=warn" "-e" "CARGO_HOME=/cargo-home" "-e" "RUSTUP_HOME=/rustup-home" "-m" "1536M" "--network" "none" "crater"`
Oct 31 20:16:23.131 INFO blam! ecf96564577759f29615a6d59f92ac1b5770284a9edb76ce8964735e1b2161aa
Oct 31 20:16:23.139 INFO running `"docker" "start" "-a" "ecf96564577759f29615a6d59f92ac1b5770284a9edb76ce8964735e1b2161aa"`
Oct 31 20:16:24.360 INFO kablam! usermod: no changes
Oct 31 20:16:24.483 INFO kablam!     Finished dev [unoptimized + debuginfo] target(s) in 0.09s
Oct 31 20:16:24.491 INFO kablam!      Running /target/debug/deps/hth-ed19748c47b50854
Oct 31 20:16:24.495 INFO blam! 
Oct 31 20:16:24.495 INFO blam! running 74 tests
Oct 31 20:16:24.495 INFO blam! test core_rules::attack::attack_tests::attack_natural_six_to_hit_always_succeeds ... ok
Oct 31 20:16:24.495 INFO blam! test core_rules::attack::attack_tests::attack_natural_one_to_wound_always_fails ... ok
Oct 31 20:16:24.495 INFO blam! test core_rules::attack::attack_tests::attack_natural_one_to_hit_always_fails ... ok
Oct 31 20:16:24.495 INFO blam! test core_rules::attack::attack_tests::attack_generates_bonus_attacks ... ok
Oct 31 20:16:24.495 INFO blam! test core_rules::attack::attack_tests::attack_bonus_attacks_use_extra_attack_effects ... ok
Oct 31 20:16:24.495 INFO blam! test core_rules::attack::attack_tests::attack_bonus_attacks_use_conditional_damage_overrides ... ok
Oct 31 20:16:24.495 INFO blam! test core_rules::attack::attack_tests::attack_with_no_callbacks ... ok
Oct 31 20:16:24.495 INFO blam! test core_rules::attack::attack_tests::attack_uses_rerolled_to_wound_value ... ok
Oct 31 20:16:24.495 INFO blam! test core_rules::attack::attack_tests::attack_uses_extra_attack_effects ... ok
Oct 31 20:16:24.495 INFO blam! test core_rules::attack::attack_tests::attack_uses_rerolled_to_hit_value ... ok
Oct 31 20:16:24.495 INFO blam! test core_rules::attack_result::attack_result_tests::add_combines_saveable_wounds ... ok
Oct 31 20:16:24.495 INFO blam! test core_rules::attack_result::attack_result_tests::add_sums_mortal_wounds ... ok
Oct 31 20:16:24.495 INFO blam! test core_rules::attack_result::attack_result_tests::addassign_combines_saveable_wounds ... ok
Oct 31 20:16:24.495 INFO blam! test core_rules::attack_result::attack_result_tests::addassign_sums_mortal_wounds ... ok
Oct 31 20:16:24.499 INFO blam! test core_rules::attack_result::attack_result_tests::sum_combines_saveable_wounds ... ok
Oct 31 20:16:24.499 INFO blam! test core_rules::combat_result::combat_result_tests::combat_result_add ... ok
Oct 31 20:16:24.499 INFO blam! test core_rules::attack_result::attack_result_tests::sum_sums_mortal_wounds ... ok
Oct 31 20:16:24.499 INFO blam! test core_rules::model::model::model_tests::attack_uses_all_weapons_in_range ... ok
Oct 31 20:16:24.500 INFO blam! test core_rules::attack::attack_tests::attack_natural_six_to_wound_always_succeeds ... ok
Oct 31 20:16:24.500 INFO blam! test core_rules::attack::attack_tests::attack_uses_automatic_damage_callback ... ok
Oct 31 20:16:24.500 INFO blam! test core_rules::attack::attack_tests::attack_uses_conditional_damage_overrides ... ok
Oct 31 20:16:24.500 INFO blam! test core_rules::model::model::model_tests::is_alive_returns_true_for_a_wounded_model ... ok
Oct 31 20:16:24.500 INFO blam! test core_rules::model::model::model_tests::is_alive_returns_true_for_a_model_at_full_health ... ok
Oct 31 20:16:24.500 INFO blam! test core_rules::model::model::model_tests::model_at_full_health_has_model_status_FullHealth ... ok
Oct 31 20:16:24.500 INFO blam! test core_rules::model::model::model_tests::model_at_half_health_has_model_status_Wounded ... ok
Oct 31 20:16:24.501 INFO blam! test core_rules::attack::attack_tests::attack_bonus_attacks_use_automatic_damage_callback ... ok
Oct 31 20:16:24.501 INFO blam! test core_rules::model::model::model_tests::model_at_zero_health_has_model_status_Dead ... ok
Oct 31 20:16:24.503 INFO blam! test core_rules::combat_result::combat_result_tests::combat_result_addassign ... ok
Oct 31 20:16:24.503 INFO blam! test core_rules::model::model::model_tests::attack_only_uses_weapons_in_range ... ok
Oct 31 20:16:24.503 INFO blam! test core_rules::combat_result::combat_result_tests::combat_result_sum ... ok
Oct 31 20:16:24.503 INFO blam! test core_rules::model::model::model_tests::is_alive_returns_false_for_a_model_with_zero_health ... ok
Oct 31 20:16:24.503 INFO blam! test core_rules::model::model_properties::model_properties_tests::model_at_full_health_has_model_status_FullHealth ... ok
Oct 31 20:16:24.504 INFO blam! test core_rules::model::model_properties::model_properties_tests::model_at_half_health_has_model_status_Wounded ... ok
Oct 31 20:16:24.504 INFO blam! test core_rules::model::model_properties::model_properties_tests::model_at_zero_health_has_model_status_Dead ... ok
Oct 31 20:16:24.504 INFO blam! test core_rules::save::save_tests::save_can_fail_on_reroll ... ok
Oct 31 20:16:24.504 INFO blam! test core_rules::save::save_tests::save_can_succeed_on_reroll ... ok
Oct 31 20:16:24.504 INFO blam! test core_rules::save::save_tests::save_fails_due_to_rend ... ok
Oct 31 20:16:24.504 INFO blam! test core_rules::save::save_tests::save_fails_if_roll_too_low ... ok
Oct 31 20:16:24.504 INFO blam! test core_rules::save::save_tests::save_fails_on_natural_one ... ok
Oct 31 20:16:24.505 INFO blam! test core_rules::save::save_tests::save_succeeds_if_roll_equals_save ... ok
Oct 31 20:16:24.505 INFO blam! test core_rules::save::save_tests::save_succeeds_if_roll_exceeds_save ... ok
Oct 31 20:16:24.505 INFO blam! test core_rules::unit::unit::unit_tests::battleshock_barely ... ok
Oct 31 20:16:24.505 INFO blam! test core_rules::unit::unit::unit_tests::battleshock_fatal ... ok
Oct 31 20:16:24.505 INFO blam! test core_rules::unit::unit::unit_tests::battleshock_on_dead_unit ... ok
Oct 31 20:16:24.505 INFO blam! test core_rules::unit::unit::unit_tests::battleshock_successfully ... ok
Oct 31 20:16:24.505 INFO blam! test core_rules::unit::unit::unit_tests::battleshock_unsuccessfully ... ok
Oct 31 20:16:24.505 INFO blam! test core_rules::unit::unit::unit_tests::move_modifiers_are_applied ... ok
Oct 31 20:16:24.527 INFO blam! test core_rules::model::model_properties::model_properties_tests::heal_cannot_bring_a_model_beyond_its_maximum_health ... ok
Oct 31 20:16:24.527 INFO blam! test core_rules::model::model_properties::model_properties_tests::heal_restore_health_to_a_dead_model ... ok
Oct 31 20:16:24.527 INFO blam! test core_rules::model::model_properties::model_properties_tests::heal_restores_an_amount_of_health_less_than_maximum ... ok
Oct 31 20:16:24.584 INFO blam! test core_rules::model::model::model_tests::model_end_of_turn_callbacks_get_called ... ok
Oct 31 20:16:24.585 INFO blam! test core_rules::model::model::model_tests::model_end_of_combat_callbacks_get_called ... ok
Oct 31 20:16:24.585 INFO blam! test core_rules::unit::unit::unit_tests::unit_end_of_combat_callbacks_get_called ... ok
Oct 31 20:16:24.591 INFO blam! test core_rules::weapon::weapon::weapon_tests::attack_uses_num_attacks_modifiers ... ok
Oct 31 20:16:24.591 INFO blam! test core_rules::weapon::weapon::weapon_tests::attack_uses_bonus_attacks ... ok
Oct 31 20:16:24.591 INFO blam! test core_rules::weapon::weapon::weapon_tests::attack_uses_reroll_to_wound_triggers ... ok
Oct 31 20:16:24.591 INFO blam! test core_rules::weapon::weapon::weapon_tests::attack_uses_reroll_to_hit_triggers ... ok
Oct 31 20:16:24.591 INFO blam! test core_rules::model::model::model_tests::model_start_of_combat_callbacks_get_called ... ok
Oct 31 20:16:24.594 INFO blam! test core_rules::weapon::weapon::weapon_tests::attack_uses_to_hit_override ... ok
Oct 31 20:16:24.594 INFO blam! test core_rules::model::model::model_tests::model_start_of_turn_callbacks_get_called ... ok
Oct 31 20:16:24.595 INFO blam! test core_rules::weapon::weapon::weapon_tests::attack_uses_to_hit_modifiers ... ok
Oct 31 20:16:24.595 INFO blam! test core_rules::weapon::weapon::weapon_tests::attack_uses_to_wound_modifiers ... ok
Oct 31 20:16:24.595 INFO blam! test core_rules::unit::unit::unit_tests::unit_end_of_turn_callbacks_get_called ... ok
Oct 31 20:16:24.595 INFO blam! test core_rules::unit::unit::unit_tests::unit_start_of_combat_callbacks_get_called ... ok
Oct 31 20:16:24.595 INFO blam! test core_rules::unit::unit::unit_tests::unit_start_of_turn_callbacks_get_called ... ok
Oct 31 20:16:24.595 INFO blam! test core_rules::weapon::weapon::weapon_tests::num_attacks_is_modified_by_components ... ok
Oct 31 20:16:24.595 INFO blam! test core_rules::weapon::weapon::weapon_tests::rend_is_modified_by_components ... ok
Oct 31 20:16:24.595 INFO blam! test core_rules::weapon::weapon::weapon_tests::to_hit_is_modified_by_components ... ok
Oct 31 20:16:24.595 INFO blam! test core_rules::weapon::weapon::weapon_tests::weapon_end_of_combat_callbacks_get_called ... ok
Oct 31 20:16:24.595 INFO blam! test core_rules::weapon::weapon::weapon_tests::weapon_end_of_turn_callbacks_get_called ... ok
Oct 31 20:16:24.595 INFO blam! test core_rules::weapon::weapon::weapon_tests::weapon_start_of_combat_callbacks_get_called ... ok
Oct 31 20:16:24.595 INFO blam! test core_rules::weapon::weapon::weapon_tests::to_wound_is_modified_by_components ... ok
Oct 31 20:16:24.595 INFO blam! test core_rules::weapon::weapon::weapon_tests::num_attacks_can_be_random ... ok
Oct 31 20:16:24.596 INFO blam! test core_rules::weapon::weapon::weapon_tests::weapon_start_of_turn_callbacks_get_called ... ok
Oct 31 20:16:24.596 INFO blam! 
Oct 31 20:16:24.596 INFO blam! test result: ok. 74 passed; 0 failed; 0 ignored; 0 measured; 0 filtered out
Oct 31 20:16:24.596 INFO blam! 
Oct 31 20:16:24.599 INFO kablam!      Running /target/debug/deps/main-2750219a9b80a611
Oct 31 20:16:24.607 INFO kablam!      Running /target/debug/deps/mod-038202cd25e67508
Oct 31 20:16:24.607 INFO blam! 
Oct 31 20:16:24.607 INFO blam! running 0 tests
Oct 31 20:16:24.607 INFO blam! 
Oct 31 20:16:24.607 INFO blam! test result: ok. 0 passed; 0 failed; 0 ignored; 0 measured; 0 filtered out
Oct 31 20:16:24.607 INFO blam! 
Oct 31 20:16:24.607 INFO blam! 
Oct 31 20:16:24.607 INFO blam! running 62 tests
Oct 31 20:16:35.315 INFO blam! test death::coven_throne_tests::coven_throne_mortal_save ... ok
Oct 31 20:16:40.872 INFO blam! test death::coven_throne_tests::coven_throne_standard_save ... ok
Oct 31 20:16:45.379 INFO blam! test death::coven_throne_tests::coven_throne_moderately_injured_attack ... ok
Oct 31 20:16:48.687 INFO blam! test death::coven_throne_tests::coven_throne_lightly_injured_attack ... ok
Oct 31 20:16:49.799 INFO blam! test death::coven_throne_tests::coven_throne_near_death_attack ... ok
Oct 31 20:16:50.059 INFO blam! test death::morghast_archai_tests::morghast_archai_mortal_save ... ok
Oct 31 20:16:50.537 INFO blam! test death::vampire_lord_on_zombie_dragon_tests::vampire_lord_on_zombie_dragon_has_vampiric_regeneration ... ok
Oct 31 20:16:50.863 INFO blam! test death::morghast_archai_tests::morghast_archai_attack ... ok
Oct 31 20:16:51.251 INFO blam! test death::coven_throne_tests::coven_throne_at_full_health_attack ... ok
Oct 31 20:16:51.612 INFO blam! test death::coven_throne_tests::coven_throne_severely_injured_attack ... ok
Oct 31 20:16:55.435 INFO blam! test death::morghast_archai_tests::morghast_archai_standard_save ... FAILED
Oct 31 20:17:03.815 INFO blam! test death::morghast_harbingers_tests::morghast_harbingers_standard_save ... ok
Oct 31 20:17:04.866 INFO blam! test death::morghast_harbingers_tests::morghast_harbingers_mortal_save ... ok
Oct 31 20:17:05.823 INFO blam! test death::vampire_lord_on_zombie_dragon_tests::vampire_lord_on_zombie_dragon_with_deathlance_mortal_save ... ok
Oct 31 20:17:11.151 INFO blam! test death::vampire_lord_on_zombie_dragon_tests::vampire_lord_on_zombie_dragon_with_deathlance_moderately_injured_attack ... ok
Oct 31 20:17:14.667 INFO blam! test death::morghast_harbingers_tests::morghast_harbingers_attack ... ok
Oct 31 20:17:15.773 INFO blam! test death::vampire_lord_on_zombie_dragon_tests::vampire_lord_on_zombie_dragon_with_deathlance_at_full_health_attack ... ok
Oct 31 20:17:21.555 INFO blam! test death::vampire_lord_on_zombie_dragon_tests::vampire_lord_on_zombie_dragon_with_deathlance_lightly_injured_attack ... ok
Oct 31 20:17:24.187 INFO blam! test death::vampire_lord_on_zombie_dragon_tests::vampire_lord_on_zombie_dragon_with_deathlance_near_death_attack ... ok
Oct 31 20:17:26.175 INFO blam! test death::vampire_lord_on_zombie_dragon_tests::vampire_lord_on_zombie_dragon_with_deathlance_on_the_charge_moderately_injured_attack ... ok
Oct 31 20:17:31.635 INFO blam! test death::vampire_lord_on_zombie_dragon_tests::vampire_lord_on_zombie_dragon_with_deathlance_on_the_charge_lightly_injured_attack ... ok
Oct 31 20:17:33.931 INFO blam! test death::vampire_lord_on_zombie_dragon_tests::vampire_lord_on_zombie_dragon_with_deathlance_on_the_charge_at_full_health_attack ... ok
Oct 31 20:17:35.629 INFO blam! test death::vampire_lord_on_zombie_dragon_tests::vampire_lord_on_zombie_dragon_with_deathlance_on_the_charge_near_death_attack ... ok
Oct 31 20:17:39.267 INFO blam! test death::vampire_lord_on_zombie_dragon_tests::vampire_lord_on_zombie_dragon_with_deathlance_standard_save ... ok
Oct 31 20:17:42.047 INFO blam! test death::vampire_lord_on_zombie_dragon_tests::vampire_lord_on_zombie_dragon_with_sword_and_shield_mortal_save ... ok
Oct 31 20:17:45.808 INFO blam! test death::vampire_lord_on_zombie_dragon_tests::vampire_lord_on_zombie_dragon_with_deathlance_on_the_charge_severely_injured_attack ... ok
Oct 31 20:17:45.935 INFO blam! test death::vampire_lord_tests::vampire_lord_has_vampiric_regeneration ... ok
Oct 31 20:17:47.047 INFO blam! test death::vampire_lord_on_zombie_dragon_tests::vampire_lord_on_zombie_dragon_with_deathlance_severely_injured_attack ... ok
Oct 31 20:17:48.307 INFO blam! test death::vampire_lord_on_zombie_dragon_tests::vampire_lord_on_zombie_dragon_with_sword_and_shield_moderately_injured_attack ... ok
Oct 31 20:17:52.719 INFO blam! test death::vampire_lord_on_zombie_dragon_tests::vampire_lord_on_zombie_dragon_with_sword_and_shield_near_death_attack ... ok
Oct 31 20:17:53.049 INFO blam! test death::vampire_lord_on_zombie_dragon_tests::vampire_lord_on_zombie_dragon_with_sword_and_shield_lightly_injured_attack ... ok
Oct 31 20:17:54.167 INFO blam! test death::vampire_lord_on_zombie_dragon_tests::vampire_lord_on_zombie_dragon_with_sword_and_shield_standard_save ... ok
Oct 31 20:17:55.479 INFO blam! test death::vampire_lord_on_zombie_dragon_tests::vampire_lord_on_zombie_dragon_with_sword_and_shield_at_full_health_attack ... ok
Oct 31 20:17:56.611 INFO blam! test death::vampire_lord_tests::vampire_lord_standard_save ... ok
Oct 31 20:17:58.247 INFO blam! test death::vampire_lord_tests::vampire_lord_mortal_save ... ok
Oct 31 20:18:01.367 INFO blam! test death::vampire_lord_on_zombie_dragon_tests::vampire_lord_on_zombie_dragon_with_sword_and_shield_severely_injured_attack ... ok
Oct 31 20:18:08.519 INFO blam! test death::vampire_lord_tests::vampire_lord_with_mount_attack ... ok
Oct 31 20:18:09.059 INFO blam! test death::vampire_lord_tests::vampire_lord_with_wings_attack ... ok
Oct 31 20:18:11.497 INFO blam! test ironjawz::megaboss_on_maw_krusha_tests::megaboss_on_maw_krusha_with_boss_gore_hacka_and_scrap_tooth_mortal_save ... ok
Oct 31 20:18:21.002 INFO blam! test death::vampire_lord_tests::vampire_lord_with_no_upgrades_attack ... ok
Oct 31 20:18:21.835 INFO blam! test ironjawz::megaboss_on_maw_krusha_tests::megaboss_on_maw_krusha_with_boss_gore_hacka_and_scrap_tooth_moderately_injured_attack ... ok
Oct 31 20:18:23.631 INFO blam! test ironjawz::megaboss_on_maw_krusha_tests::megaboss_on_maw_krusha_with_boss_gore_hacka_and_scrap_tooth_lightly_injured_attack ... ok
Oct 31 20:18:25.443 INFO blam! test ironjawz::megaboss_on_maw_krusha_tests::megaboss_on_maw_krusha_with_boss_gore_hacka_and_scrap_tooth_at_full_health_attack ... ok
Oct 31 20:18:28.579 INFO blam! test ironjawz::megaboss_on_maw_krusha_tests::megaboss_on_maw_krusha_with_boss_gore_hacka_and_scrap_tooth_standard_save ... ok
Oct 31 20:18:31.203 INFO blam! test ironjawz::megaboss_on_maw_krusha_tests::megaboss_on_maw_krusha_with_boss_gore_hacka_and_scrap_tooth_near_death_attack ... ok
Oct 31 20:18:35.287 INFO blam! test ironjawz::megaboss_on_maw_krusha_tests::megaboss_on_maw_krusha_with_choppa_and_rip_tooth_mortal_save ... ok
Oct 31 20:18:35.350 INFO blam! test ironjawz::megaboss_on_maw_krusha_tests::megaboss_on_maw_krusha_with_choppa_and_rip_tooth_at_full_health_attack ... ok
Oct 31 20:18:40.035 INFO blam! test ironjawz::megaboss_on_maw_krusha_tests::megaboss_on_maw_krusha_with_boss_gore_hacka_and_scrap_tooth_severely_injured_attack ... ok
Oct 31 20:18:44.978 INFO blam! test ironjawz::megaboss_on_maw_krusha_tests::megaboss_on_maw_krusha_with_choppa_and_rip_tooth_moderately_injured_attack ... ok
Oct 31 20:18:47.327 INFO blam! test ironjawz::megaboss_on_maw_krusha_tests::megaboss_on_maw_krusha_with_choppa_and_rip_tooth_standard_save ... ok
Oct 31 20:18:47.505 INFO blam! test ironjawz::megaboss_on_maw_krusha_tests::megaboss_on_maw_krusha_with_choppa_and_rip_tooth_severely_injured_attack ... ok
Oct 31 20:18:47.615 INFO blam! test ironjawz::megaboss_on_maw_krusha_tests::megaboss_on_maw_krusha_with_choppa_and_rip_tooth_near_death_attack ... ok
Oct 31 20:18:49.743 INFO blam! test ironjawz::orruk_megaboss_tests::orruk_megaboss_standard_save ... ok
Oct 31 20:18:50.079 INFO blam! test ironjawz::megaboss_on_maw_krusha_tests::megaboss_on_maw_krusha_with_choppa_and_rip_tooth_lightly_injured_attack ... ok
Oct 31 20:18:53.151 INFO blam! test ironjawz::orruk_megaboss_tests::orruk_megaboss_mortal_save ... ok
Oct 31 20:18:57.467 INFO blam! test ironjawz::orruk_warchanter_tests::orruk_warchanter_save ... ok
Oct 31 20:18:57.519 INFO blam! test ironjawz::orruk_warchanter_tests::orruk_warchanter_attack ... ok
Oct 31 20:18:58.391 INFO blam! test ironjawz::orruk_megaboss_tests::orruk_megaboss_attack ... ok
Oct 31 20:19:00.319 INFO blam! test ironjawz::orruk_warchanter_tests::orruk_warchanter_mortal_save ... ok
Oct 31 20:19:01.267 INFO blam! test ironjawz::orruk_weirdnob_shaman_tests::orruk_weirdnob_shaman_mortal_save ... ok
Oct 31 20:19:01.293 INFO blam! test ironjawz::orruk_weirdnob_shaman_tests::orruk_weirdnob_shaman_attack ... ok
Oct 31 20:19:01.315 INFO blam! test ironjawz::orruk_weirdnob_shaman_tests::orruk_weirdnob_shaman_save ... ok
Oct 31 20:19:01.315 INFO kablam! error: test failed, to rerun pass '--test mod'
Oct 31 20:19:01.315 INFO blam! 
Oct 31 20:19:01.315 INFO blam! failures:
Oct 31 20:19:01.315 INFO blam! 
Oct 31 20:19:01.315 INFO blam! ---- death::morghast_archai_tests::morghast_archai_standard_save stdout ----
Oct 31 20:19:01.315 INFO blam! expected: 0.4167
Oct 31 20:19:01.315 INFO blam! actual: 0.4278
Oct 31 20:19:01.315 INFO blam! thread 'death::morghast_archai_tests::morghast_archai_standard_save' panicked at 'assertion failed: (average_unsaved_wounds - expected_unsaved_wounds).abs() <
Oct 31 20:19:01.315 INFO blam!     common::SAVE_EPSILON', tests/death/morghast_archai_tests.rs:63:5
Oct 31 20:19:01.315 INFO blam! stack backtrace:
Oct 31 20:19:01.315 INFO blam!    0:     0x5629c77df21f - std::sys::unix::backtrace::tracing::imp::unwind_backtrace::h3c55afa80a996a32
Oct 31 20:19:01.315 INFO blam!                                at libstd/sys/unix/backtrace/tracing/gcc_s.rs:49
Oct 31 20:19:01.315 INFO blam!    1:     0x5629c77e8247 - std::sys_common::backtrace::print::hcef907ea7a07cd40
Oct 31 20:19:01.315 INFO blam!                                at libstd/sys_common/backtrace.rs:71
Oct 31 20:19:01.315 INFO blam!                                at libstd/sys_common/backtrace.rs:59
Oct 31 20:19:01.315 INFO blam!    2:     0x5629c77e2f2f - std::panicking::default_hook::{{closure}}::hf541876c65f36ea7
Oct 31 20:19:01.315 INFO blam!                                at libstd/panicking.rs:211
Oct 31 20:19:01.315 INFO blam!    3:     0x5629c77e2c2e - std::panicking::default_hook::h4ecc06b30ae4459d
Oct 31 20:19:01.315 INFO blam!                                at libstd/panicking.rs:221
Oct 31 20:19:01.315 INFO blam!    4:     0x5629c77e360e - std::panicking::rust_panic_with_hook::h0cc6d9cc9f34a947
Oct 31 20:19:01.315 INFO blam!                                at libstd/panicking.rs:476
Oct 31 20:19:01.315 INFO blam!    5:     0x5629c76996c7 - std::panicking::begin_panic::hb83db908dcaba61e
Oct 31 20:19:01.315 INFO blam!                                at libstd/panicking.rs:410
Oct 31 20:19:01.315 INFO blam!    6:     0x5629c7600b9b - mod::death::morghast_archai_tests::morghast_archai_standard_save::h1886c90c19656d58
Oct 31 20:19:01.315 INFO blam!                                at tests/death/morghast_archai_tests.rs:63
Oct 31 20:19:01.315 INFO blam!    7:     0x5629c76006d9 - mod::death::morghast_archai_tests::morghast_archai_standard_save::{{closure}}::h4fc029db4f7492e4
Oct 31 20:19:01.315 INFO blam!                                at tests/death/morghast_archai_tests.rs:33
Oct 31 20:19:01.315 INFO blam!    8:     0x5629c75f8bed - core::ops::function::FnOnce::call_once::h14a3e94bb37ef415
Oct 31 20:19:01.315 INFO blam!                                at libcore/ops/function.rs:238
Oct 31 20:19:01.315 INFO blam!    9:     0x5629c760581e - <F as alloc::boxed::FnBox<A>>::call_box::hf32558bd83684b60
Oct 31 20:19:01.315 INFO blam!                                at libtest/lib.rs:1468
Oct 31 20:19:01.316 INFO blam!                                at libcore/ops/function.rs:238
Oct 31 20:19:01.316 INFO blam!                                at liballoc/boxed.rs:672
Oct 31 20:19:01.316 INFO blam!   10:     0x5629c77f3479 - __rust_maybe_catch_panic
Oct 31 20:19:01.316 INFO blam!                                at libpanic_unwind/lib.rs:102
Oct 31 20:19:01.316 INFO blam!   11:     0x5629c7627482 - std::sys_common::backtrace::__rust_begin_short_backtrace::h1bb71a7386fd3269
Oct 31 20:19:01.316 INFO blam!                                at libstd/panicking.rs:289
Oct 31 20:19:01.316 INFO blam!                                at libstd/panic.rs:392
Oct 31 20:19:01.316 INFO blam!                                at libtest/lib.rs:1423
Oct 31 20:19:01.316 INFO blam!                                at libstd/sys_common/backtrace.rs:136
Oct 31 20:19:01.316 INFO blam!   12:     0x5629c7627f34 - std::panicking::try::do_call::h9b94719c3074bb5c
Oct 31 20:19:01.316 INFO blam!                                at libstd/thread/mod.rs:409
Oct 31 20:19:01.316 INFO blam!                                at libstd/panic.rs:313
Oct 31 20:19:01.316 INFO blam!                                at libstd/panicking.rs:310
Oct 31 20:19:01.316 INFO blam!   13:     0x5629c77f3479 - __rust_maybe_catch_panic
Oct 31 20:19:01.316 INFO blam!                                at libpanic_unwind/lib.rs:102
Oct 31 20:19:01.316 INFO blam!   14:     0x5629c761515c - <F as alloc::boxed::FnBox<A>>::call_box::hb3bcd66d16fd3e84
Oct 31 20:19:01.316 INFO blam!                                at libstd/panicking.rs:289
Oct 31 20:19:01.316 INFO blam!                                at libstd/panic.rs:392
Oct 31 20:19:01.316 INFO blam!                                at libstd/thread/mod.rs:408
Oct 31 20:19:01.316 INFO blam!                                at liballoc/boxed.rs:672
Oct 31 20:19:01.316 INFO blam!   15:     0x5629c77e0e2d - std::sys_common::thread::start_thread::had0c80d121669d29
Oct 31 20:19:01.316 INFO blam!                                at liballoc/boxed.rs:682
Oct 31 20:19:01.316 INFO blam!                                at libstd/sys_common/thread.rs:24
Oct 31 20:19:01.316 INFO blam!   16:     0x5629c77d64d5 - std::sys::unix::thread::Thread::new::thread_start::h4a5b66a70d76f47f
Oct 31 20:19:01.316 INFO blam!                                at libstd/sys/unix/thread.rs:90
Oct 31 20:19:01.316 INFO blam!   17:     0x7f3aa19f36b9 - start_thread
Oct 31 20:19:01.316 INFO blam!   18:     0x7f3aa151341c - clone
Oct 31 20:19:01.316 INFO blam!   19:                0x0 - <unknown>
Oct 31 20:19:01.316 INFO blam! 
Oct 31 20:19:01.316 INFO blam! 
Oct 31 20:19:01.316 INFO blam! failures:
Oct 31 20:19:01.316 INFO blam!     death::morghast_archai_tests::morghast_archai_standard_save
Oct 31 20:19:01.316 INFO blam! 
Oct 31 20:19:01.316 INFO blam! test result: FAILED. 61 passed; 1 failed; 0 ignored; 0 measured; 0 filtered out
Oct 31 20:19:01.316 INFO blam! 
Oct 31 20:19:01.327 INFO kablam! su: No module specific data is present
Oct 31 20:19:01.915 INFO running `"docker" "rm" "-f" "ecf96564577759f29615a6d59f92ac1b5770284a9edb76ce8964735e1b2161aa"`
Oct 31 20:19:02.243 INFO blam! ecf96564577759f29615a6d59f92ac1b5770284a9edb76ce8964735e1b2161aa
