Oct 31 21:18:42.090 INFO testing shurikdima/memes-tracker-fetching against 1.30.0 for beta-1.31-1
Oct 31 21:18:42.091 INFO running `"docker" "create" "-v" "/mnt/big/crater/work/local/target-dirs/beta-1.31-1/worker-7/1.30.0:/target:rw,Z" "-v" "/mnt/big/crater/work/local/test-source/worker-7/beta-1.31-1/1.30.0:/source:ro,Z" "-v" "/mnt/big/crater/work/local/cargo-home:/cargo-home:ro,Z" "-v" "/mnt/big/crater/work/local/rustup-home:/rustup-home:ro,Z" "-e" "USER_ID=1000" "-e" "SOURCE_DIR=/source" "-e" "USER_ID=1000" "-e" "CMD=cargo +1.30.0 build --frozen" "-e" "CARGO_TARGET_DIR=/target" "-e" "CARGO_INCREMENTAL=0" "-e" "RUST_BACKTRACE=full" "-e" "RUSTFLAGS=--cap-lints=warn" "-e" "CARGO_HOME=/cargo-home" "-e" "RUSTUP_HOME=/rustup-home" "-m" "1536M" "--network" "none" "crater"`
Oct 31 21:18:42.419 INFO blam! b6258dc473d7e758f0cc6e076011ae99b513c2147bd536a61a52913615fbfbb6
Oct 31 21:18:42.419 INFO running `"docker" "start" "-a" "b6258dc473d7e758f0cc6e076011ae99b513c2147bd536a61a52913615fbfbb6"`
Oct 31 21:18:43.011 INFO kablam! usermod: no changes
Oct 31 21:18:43.447 INFO kablam!    Compiling rustc-demangle v0.1.7
Oct 31 21:18:43.455 INFO kablam!    Compiling num-traits v0.2.2
Oct 31 21:18:43.455 INFO kablam!    Compiling serde v1.0.36
Oct 31 21:18:43.459 INFO kablam!    Compiling remove_dir_all v0.5.0
Oct 31 21:18:43.459 INFO kablam!    Compiling rustc-serialize v0.3.24
Oct 31 21:18:43.459 INFO kablam!    Compiling smallvec v0.6.0
Oct 31 21:18:43.467 INFO kablam!    Compiling memoffset v0.1.0
Oct 31 21:18:43.467 INFO kablam!    Compiling bit-vec v0.4.4
Oct 31 21:18:43.891 INFO kablam!    Compiling backtrace-sys v0.1.16
Oct 31 21:18:44.073 INFO kablam!    Compiling brotli-sys v0.3.2
Oct 31 21:18:46.371 INFO kablam!    Compiling miniz-sys v0.1.10
Oct 31 21:18:46.371 INFO kablam!    Compiling iovec v0.1.2
Oct 31 21:18:46.387 INFO kablam!    Compiling num_cpus v1.8.0
Oct 31 21:18:48.935 INFO kablam!    Compiling hostname v0.1.4
Oct 31 21:18:48.948 INFO kablam!    Compiling memchr v2.0.1
Oct 31 21:18:49.396 INFO kablam!    Compiling time v0.1.39
Oct 31 21:18:51.313 INFO kablam!    Compiling crossbeam-utils v0.2.2
Oct 31 21:18:51.361 INFO kablam!    Compiling log v0.4.1
Oct 31 21:18:52.328 INFO kablam!    Compiling crossbeam-utils v0.3.2
Oct 31 21:18:53.528 INFO kablam!    Compiling net2 v0.2.32
Oct 31 21:18:55.203 INFO kablam!    Compiling encoding_rs v0.7.2
Oct 31 21:18:56.076 INFO kablam!    Compiling base64 v0.6.0
Oct 31 21:18:56.079 INFO kablam!    Compiling bit-set v0.4.0
Oct 31 21:18:58.172 INFO kablam!    Compiling tempdir v0.3.7
Oct 31 21:18:58.358 INFO kablam!    Compiling parking_lot_core v0.2.13
Oct 31 21:19:01.207 INFO kablam!    Compiling uuid v0.6.2
Oct 31 21:19:01.215 INFO kablam!    Compiling bytes v0.4.6
Oct 31 21:19:08.230 INFO kablam!    Compiling resolv-conf v0.6.0
Oct 31 21:19:08.245 INFO kablam!    Compiling aho-corasick v0.6.4
Oct 31 21:19:08.319 INFO kablam!    Compiling futures-cpupool v0.1.8
Oct 31 21:19:15.556 INFO kablam!    Compiling log v0.3.9
Oct 31 21:19:15.611 INFO kablam!    Compiling crossbeam-epoch v0.3.1
Oct 31 21:19:15.730 INFO kablam!    Compiling crossbeam-epoch v0.2.0
Oct 31 21:19:15.851 INFO kablam!    Compiling crossbeam-epoch v0.4.1
Oct 31 21:19:22.342 INFO kablam!    Compiling thread_local v0.3.5
Oct 31 21:19:22.467 INFO kablam!    Compiling uuid v0.5.1
Oct 31 21:19:23.096 INFO kablam!    Compiling mio v0.6.14
Oct 31 21:19:23.512 INFO kablam!    Compiling parking_lot v0.4.8
Oct 31 21:19:26.072 INFO kablam!    Compiling tokio-io v0.1.6
Oct 31 21:19:27.811 INFO kablam!    Compiling http v0.1.5
Oct 31 21:19:28.059 INFO kablam!    Compiling crossbeam-deque v0.3.0
Oct 31 21:19:29.055 INFO kablam!    Compiling crossbeam-deque v0.2.0
Oct 31 21:19:30.759 INFO kablam!    Compiling openssl-sys v0.9.27
Oct 31 21:19:30.893 INFO kablam!    Compiling html5ever v0.18.0
Oct 31 21:19:31.899 INFO kablam!    Compiling actix_derive v0.2.0
Oct 31 21:19:36.643 INFO kablam!    Compiling futf v0.1.3
Oct 31 21:19:36.700 INFO kablam!    Compiling url v1.7.0
Oct 31 21:19:40.575 INFO kablam!    Compiling flate2 v1.0.1
Oct 31 21:19:40.909 INFO kablam!    Compiling regex v0.2.10
Oct 31 21:19:43.307 INFO kablam!    Compiling tokio-threadpool v0.1.1
Oct 31 21:19:43.763 INFO kablam!    Compiling crossbeam-channel v0.1.2
Oct 31 21:19:53.859 INFO kablam!    Compiling rayon-core v1.4.0
Oct 31 21:19:53.903 INFO kablam!    Compiling openssl v0.9.24
Oct 31 21:19:54.007 INFO kablam!    Compiling tokio-reactor v0.1.1
Oct 31 21:19:54.007 INFO kablam!    Compiling mio-uds v0.6.4
Oct 31 21:19:54.233 INFO kablam!    Compiling tendril v0.3.1
Oct 31 21:19:55.359 INFO kablam!    Compiling phf_generator v0.7.21
Oct 31 21:20:04.251 INFO kablam!    Compiling brotli2 v0.3.2
Oct 31 21:20:05.587 INFO kablam!    Compiling semver v0.8.0
Oct 31 21:20:05.615 INFO kablam!    Compiling serde_json v1.0.13
Oct 31 21:20:05.643 INFO kablam!    Compiling serde_urlencoded v0.5.1
Oct 31 21:20:05.739 INFO kablam!    Compiling string_cache_codegen v0.4.0
Oct 31 21:20:07.019 INFO kablam!    Compiling phf_codegen v0.7.21
Oct 31 21:20:08.146 INFO kablam!    Compiling tokio-tcp v0.1.0
Oct 31 21:20:08.240 INFO kablam!    Compiling tokio-udp v0.1.0
Oct 31 21:20:10.245 INFO kablam!    Compiling rayon v0.8.2
Oct 31 21:20:10.296 INFO kablam!    Compiling backtrace v0.3.5
Oct 31 21:20:11.091 INFO kablam!    Compiling backtrace v0.2.3
Oct 31 21:20:11.111 INFO kablam!    Compiling mime_guess v2.0.0-alpha.4
Oct 31 21:20:13.155 INFO kablam!    Compiling h2 v0.1.3
Oct 31 21:20:13.187 INFO kablam!    Compiling string_cache v0.6.2
Oct 31 21:20:13.327 INFO kablam!    Compiling markup5ever v0.3.2
Oct 31 21:20:14.255 INFO kablam!    Compiling tokio v0.1.4
Oct 31 21:20:21.239 INFO kablam!    Compiling native-tls v0.1.5
Oct 31 21:20:21.259 INFO kablam!    Compiling error-chain v0.11.0
Oct 31 21:20:21.293 INFO kablam!    Compiling failure v0.1.1
Oct 31 21:20:21.293 INFO kablam!    Compiling error-chain v0.1.12
Oct 31 21:20:23.095 INFO kablam!    Compiling tokio-core v0.1.16
Oct 31 21:20:23.325 INFO kablam!    Compiling ring v0.12.1
Oct 31 21:20:26.351 INFO kablam!    Compiling cargo_metadata v0.3.3
Oct 31 21:20:36.347 INFO kablam!    Compiling tokio-proto v0.1.1
Oct 31 21:20:36.564 INFO kablam!    Compiling trust-dns-proto v0.3.2
Oct 31 21:20:37.455 INFO kablam!    Compiling tokio-signal v0.1.5
Oct 31 21:20:37.535 INFO kablam!    Compiling tokio-tls v0.1.4
Oct 31 21:20:39.615 INFO kablam!    Compiling skeptic v0.13.2
Oct 31 21:20:45.263 INFO kablam!    Compiling hyper v0.11.24
Oct 31 21:20:47.327 INFO kablam!    Compiling actix v0.5.5
Oct 31 21:20:47.327 INFO kablam!    Compiling actix-web v0.4.10
Oct 31 21:20:49.715 INFO kablam!    Compiling cookie v0.10.1
Oct 31 21:20:58.507 INFO kablam!    Compiling select v0.4.2
Oct 31 21:20:58.866 INFO kablam!    Compiling trust-dns-resolver v0.8.1
Oct 31 21:21:16.463 INFO kablam!    Compiling hyper-tls v0.1.3
Oct 31 21:21:18.995 INFO kablam!    Compiling reqwest v0.8.5
Oct 31 21:21:45.357 INFO kablam!    Compiling memes-tracker-fetching v0.1.0 (/source)
Oct 31 21:21:46.915 INFO kablam! warning: unused import: `Response`
Oct 31 21:21:46.916 INFO kablam!  --> src/fetching/fetch.rs:1:15
Oct 31 21:21:46.917 INFO kablam!   |
Oct 31 21:21:46.917 INFO kablam! 1 | use reqwest::{Response, get};
Oct 31 21:21:46.918 INFO kablam!   |               ^^^^^^^^
Oct 31 21:21:46.919 INFO kablam!   |
Oct 31 21:21:46.919 INFO kablam!   = note: #[warn(unused_imports)] on by default
Oct 31 21:21:46.920 INFO kablam! 
Oct 31 21:21:46.921 INFO kablam! warning: unused imports: `Attr`, `Class`, `Predicate`
Oct 31 21:21:46.922 INFO kablam!  --> src/fetching/parse_9gag.rs:3:25
Oct 31 21:21:46.922 INFO kablam!   |
Oct 31 21:21:46.923 INFO kablam! 3 | use select::predicate::{Attr, Class, Name, Predicate};
Oct 31 21:21:46.923 INFO kablam!   |                         ^^^^  ^^^^^        ^^^^^^^^^
Oct 31 21:21:46.924 INFO kablam! 
Oct 31 21:21:46.925 INFO kablam! warning: unused import: `fetching::parse::PostImage`
Oct 31 21:21:46.925 INFO kablam!  --> src/fetching/parse_9gag.rs:6:5
Oct 31 21:21:46.926 INFO kablam!   |
Oct 31 21:21:46.926 INFO kablam! 6 | use fetching::parse::PostImage;
Oct 31 21:21:46.927 INFO kablam!   |     ^^^^^^^^^^^^^^^^^^^^^^^^^^
Oct 31 21:21:46.928 INFO kablam! 
Oct 31 21:21:47.066 INFO kablam! warning: struct is never constructed: `PostImage`
Oct 31 21:21:47.066 INFO kablam!   --> src/fetching/parse.rs:17:1
Oct 31 21:21:47.066 INFO kablam!    |
Oct 31 21:21:47.066 INFO kablam! 17 | pub struct PostImage {
Oct 31 21:21:47.066 INFO kablam!    | ^^^^^^^^^^^^^^^^^^^^
Oct 31 21:21:47.066 INFO kablam!    |
Oct 31 21:21:47.068 INFO kablam!    = note: #[warn(dead_code)] on by default
Oct 31 21:21:47.068 INFO kablam! 
Oct 31 21:21:52.127 INFO kablam!     Finished dev [unoptimized + debuginfo] target(s) in 3m 09s
Oct 31 21:21:52.161 INFO kablam! su: No module specific data is present
Oct 31 21:21:53.487 INFO running `"docker" "rm" "-f" "b6258dc473d7e758f0cc6e076011ae99b513c2147bd536a61a52913615fbfbb6"`
Oct 31 21:21:53.807 INFO blam! b6258dc473d7e758f0cc6e076011ae99b513c2147bd536a61a52913615fbfbb6
Oct 31 21:21:53.815 INFO running `"docker" "create" "-v" "/mnt/big/crater/work/local/target-dirs/beta-1.31-1/worker-7/1.30.0:/target:rw,Z" "-v" "/mnt/big/crater/work/local/test-source/worker-7/beta-1.31-1/1.30.0:/source:ro,Z" "-v" "/mnt/big/crater/work/local/cargo-home:/cargo-home:ro,Z" "-v" "/mnt/big/crater/work/local/rustup-home:/rustup-home:ro,Z" "-e" "USER_ID=1000" "-e" "SOURCE_DIR=/source" "-e" "USER_ID=1000" "-e" "CMD=cargo +1.30.0 test --frozen --no-run" "-e" "CARGO_TARGET_DIR=/target" "-e" "CARGO_INCREMENTAL=0" "-e" "RUST_BACKTRACE=full" "-e" "RUSTFLAGS=--cap-lints=warn" "-e" "CARGO_HOME=/cargo-home" "-e" "RUSTUP_HOME=/rustup-home" "-m" "1536M" "--network" "none" "crater"`
Oct 31 21:21:54.339 INFO blam! 6b958ecad8a48ea9b68c56bf89f146eadb2dbaee0318155da0278a3dc1d971e0
Oct 31 21:21:54.371 INFO running `"docker" "start" "-a" "6b958ecad8a48ea9b68c56bf89f146eadb2dbaee0318155da0278a3dc1d971e0"`
Oct 31 21:21:55.795 INFO kablam! usermod: no changes
Oct 31 21:21:56.261 INFO kablam!    Compiling memes-tracker-fetching v0.1.0 (/source)
Oct 31 21:21:57.963 INFO kablam! warning: unused import: `Response`
Oct 31 21:21:57.963 INFO kablam!  --> src/fetching/fetch.rs:1:15
Oct 31 21:21:57.963 INFO kablam!   |
Oct 31 21:21:57.963 INFO kablam! 1 | use reqwest::{Response, get};
Oct 31 21:21:57.963 INFO kablam!   |               ^^^^^^^^
Oct 31 21:21:57.963 INFO kablam!   |
Oct 31 21:21:57.965 INFO kablam!   = note: #[warn(unused_imports)] on by default
Oct 31 21:21:57.965 INFO kablam! 
Oct 31 21:21:57.965 INFO kablam! warning: unused import: `::*`
Oct 31 21:21:57.965 INFO kablam!   --> src/fetching/parse.rs:56:9
Oct 31 21:21:57.965 INFO kablam!    |
Oct 31 21:21:57.965 INFO kablam! 56 |     use ::*;
Oct 31 21:21:57.965 INFO kablam!    |         ^^^
Oct 31 21:21:57.965 INFO kablam! 
Oct 31 21:21:57.965 INFO kablam! warning: unused imports: `Attr`, `Class`, `Predicate`
Oct 31 21:21:57.965 INFO kablam!  --> src/fetching/parse_9gag.rs:3:25
Oct 31 21:21:57.965 INFO kablam!   |
Oct 31 21:21:57.965 INFO kablam! 3 | use select::predicate::{Attr, Class, Name, Predicate};
Oct 31 21:21:57.965 INFO kablam!   |                         ^^^^  ^^^^^        ^^^^^^^^^
Oct 31 21:21:57.965 INFO kablam! 
Oct 31 21:21:57.965 INFO kablam! warning: unused import: `PostImage`
Oct 31 21:21:57.965 INFO kablam!   --> src/fetching/parse_9gag.rs:61:38
Oct 31 21:21:57.965 INFO kablam!    |
Oct 31 21:21:57.965 INFO kablam! 61 |   use super::{parse_9gag_post, Post, PostImage};
Oct 31 21:21:57.965 INFO kablam!    |                                      ^^^^^^^^^
Oct 31 21:21:57.965 INFO kablam! 
Oct 31 21:21:58.157 INFO kablam! warning: struct is never constructed: `PostImage`
Oct 31 21:21:58.157 INFO kablam!   --> src/fetching/parse.rs:17:1
Oct 31 21:21:58.157 INFO kablam!    |
Oct 31 21:21:58.157 INFO kablam! 17 | pub struct PostImage {
Oct 31 21:21:58.157 INFO kablam!    | ^^^^^^^^^^^^^^^^^^^^
Oct 31 21:21:58.157 INFO kablam!    |
Oct 31 21:21:58.159 INFO kablam!    = note: #[warn(dead_code)] on by default
Oct 31 21:21:58.159 INFO kablam! 
Oct 31 21:22:02.227 INFO kablam!     Finished dev [unoptimized + debuginfo] target(s) in 6.40s
Oct 31 21:22:02.255 INFO kablam! su: No module specific data is present
Oct 31 21:22:03.301 INFO running `"docker" "rm" "-f" "6b958ecad8a48ea9b68c56bf89f146eadb2dbaee0318155da0278a3dc1d971e0"`
Oct 31 21:22:03.605 INFO blam! 6b958ecad8a48ea9b68c56bf89f146eadb2dbaee0318155da0278a3dc1d971e0
Oct 31 21:22:03.615 INFO running `"docker" "create" "-v" "/mnt/big/crater/work/local/target-dirs/beta-1.31-1/worker-7/1.30.0:/target:rw,Z" "-v" "/mnt/big/crater/work/local/test-source/worker-7/beta-1.31-1/1.30.0:/source:ro,Z" "-v" "/mnt/big/crater/work/local/cargo-home:/cargo-home:ro,Z" "-v" "/mnt/big/crater/work/local/rustup-home:/rustup-home:ro,Z" "-e" "USER_ID=1000" "-e" "SOURCE_DIR=/source" "-e" "USER_ID=1000" "-e" "CMD=cargo +1.30.0 test --frozen" "-e" "CARGO_TARGET_DIR=/target" "-e" "CARGO_INCREMENTAL=0" "-e" "RUST_BACKTRACE=full" "-e" "RUSTFLAGS=--cap-lints=warn" "-e" "CARGO_HOME=/cargo-home" "-e" "RUSTUP_HOME=/rustup-home" "-m" "1536M" "--network" "none" "crater"`
Oct 31 21:22:04.196 INFO blam! 546774b7a61d49c23e78c6b94075d0ed9a2bdf0ef4c53a6f88235bd1b8cc3b44
Oct 31 21:22:04.201 INFO running `"docker" "start" "-a" "546774b7a61d49c23e78c6b94075d0ed9a2bdf0ef4c53a6f88235bd1b8cc3b44"`
Oct 31 21:22:06.480 INFO kablam! usermod: no changes
Oct 31 21:22:06.861 INFO kablam!     Finished dev [unoptimized + debuginfo] target(s) in 0.36s
Oct 31 21:22:06.878 INFO kablam!      Running /target/debug/deps/memes_tracker_fetching-bdf979a32303b595
Oct 31 21:22:06.900 INFO blam! 
Oct 31 21:22:06.900 INFO blam! running 3 tests
Oct 31 21:22:06.907 INFO blam! test fetching::parse::tests::it_workes ... ok
Oct 31 21:22:07.012 INFO blam! test fetching::parse_9gag::tests::parse_9gag_post_test ... ok
Oct 31 21:22:07.095 INFO blam! test fetching::fetch::tests::fetch_pages ... FAILED
Oct 31 21:22:07.095 INFO blam! 
Oct 31 21:22:07.095 INFO blam! failures:
Oct 31 21:22:07.095 INFO blam! 
Oct 31 21:22:07.097 INFO blam! ---- fetching::fetch::tests::fetch_pages stdout ----
Oct 31 21:22:07.097 INFO blam! thread 'fetching::fetch::tests::fetch_pages' panicked at 'called `Result::unwrap()` on an `Err` value: Error { kind: Io(Custom { kind: Other, error: StringError("failed to lookup address information: Temporary failure in name resolution") }), url: Some("https://9gag.com/hot") }', libcore/result.rs:1009:5
Oct 31 21:22:07.097 INFO blam! stack backtrace:
Oct 31 21:22:07.097 INFO blam!    0:     0x564c157d324e - std::sys::unix::backtrace::tracing::imp::unwind_backtrace::hf5316c67202e23c8
Oct 31 21:22:07.097 INFO blam!                                at libstd/sys/unix/backtrace/tracing/gcc_s.rs:49
Oct 31 21:22:07.097 INFO blam!    1:     0x564c157c54a6 - std::sys_common::backtrace::print::h3068ed2a6dc7ac86
Oct 31 21:22:07.097 INFO blam!                                at libstd/sys_common/backtrace.rs:71
Oct 31 21:22:07.097 INFO blam!                                at libstd/sys_common/backtrace.rs:59
Oct 31 21:22:07.097 INFO blam!    2:     0x564c157c371d - std::panicking::default_hook::{{closure}}::h1b9d29cc09d41897
Oct 31 21:22:07.097 INFO blam!                                at libstd/panicking.rs:211
Oct 31 21:22:07.097 INFO blam!    3:     0x564c157c342b - std::panicking::default_hook::h3a27b204a313406b
Oct 31 21:22:07.097 INFO blam!                                at libstd/panicking.rs:221
Oct 31 21:22:07.097 INFO blam!    4:     0x564c157c3dcc - std::panicking::rust_panic_with_hook::h0e12cb2fc86d00fa
Oct 31 21:22:07.097 INFO blam!                                at libstd/panicking.rs:477
Oct 31 21:22:07.097 INFO blam!    5:     0x564c157c3989 - std::panicking::continue_panic_fmt::h141671b29fe0e27d
Oct 31 21:22:07.097 INFO blam!                                at libstd/panicking.rs:391
Oct 31 21:22:07.097 INFO blam!    6:     0x564c157c3885 - rust_begin_unwind
Oct 31 21:22:07.097 INFO blam!                                at libstd/panicking.rs:326
Oct 31 21:22:07.097 INFO blam!    7:     0x564c1580da1b - core::panicking::panic_fmt::h429a06507aba9228
Oct 31 21:22:07.097 INFO blam!                                at libcore/panicking.rs:77
Oct 31 21:22:07.097 INFO blam!    8:     0x564c153431a3 - core::result::unwrap_failed::h4d7ee237e6ce45bf
Oct 31 21:22:07.097 INFO blam!                                at libcore/macros.rs:26
Oct 31 21:22:07.097 INFO blam!    9:     0x564c15342e64 - <core::result::Result<T, E>>::unwrap::h0e4288faa970cf44
Oct 31 21:22:07.097 INFO blam!                                at libcore/result.rs:808
Oct 31 21:22:07.097 INFO blam!   10:     0x564c1534832b - memes_tracker_fetching::fetching::fetch::tests::fetch_pages::h5f2eaa0589c7d59d
Oct 31 21:22:07.097 INFO blam!                                at src/fetching/fetch.rs:27
Oct 31 21:22:07.097 INFO blam!   11:     0x564c153480e9 - memes_tracker_fetching::fetching::fetch::tests::fetch_pages::{{closure}}::h15bbb4129007d033
Oct 31 21:22:07.097 INFO blam!                                at src/fetching/fetch.rs:19
Oct 31 21:22:07.097 INFO blam!   12:     0x564c1534518d - core::ops::function::FnOnce::call_once::h367e8f2a4524d3b2
Oct 31 21:22:07.097 INFO blam!                                at libcore/ops/function.rs:238
Oct 31 21:22:07.097 INFO blam!   13:     0x564c1534a30e - <F as alloc::boxed::FnBox<A>>::call_box::ha9910eac2d17ff23
Oct 31 21:22:07.097 INFO blam!                                at libtest/lib.rs:1461
Oct 31 21:22:07.097 INFO blam!                                at libcore/ops/function.rs:238
Oct 31 21:22:07.097 INFO blam!                                at liballoc/boxed.rs:646
Oct 31 21:22:07.097 INFO blam!   14:     0x564c157e21e9 - __rust_maybe_catch_panic
Oct 31 21:22:07.097 INFO blam!                                at libpanic_unwind/lib.rs:103
Oct 31 21:22:07.097 INFO blam!   15:     0x564c15355c1d - std::sys_common::backtrace::__rust_begin_short_backtrace::h470b05235fe5e5ad
Oct 31 21:22:07.097 INFO blam!                                at libstd/panicking.rs:289
Oct 31 21:22:07.097 INFO blam!                                at libstd/panic.rs:392
Oct 31 21:22:07.097 INFO blam!                                at libtest/lib.rs:1416
Oct 31 21:22:07.097 INFO blam!                                at libstd/sys_common/backtrace.rs:136
Oct 31 21:22:07.097 INFO blam!   16:     0x564c1536e254 - std::panicking::try::do_call::h1f0578498122cc00
Oct 31 21:22:07.097 INFO blam!                                at libstd/thread/mod.rs:409
Oct 31 21:22:07.097 INFO blam!                                at libstd/panic.rs:313
Oct 31 21:22:07.097 INFO blam!                                at libstd/panicking.rs:310
Oct 31 21:22:07.097 INFO blam!   17:     0x564c157e21e9 - __rust_maybe_catch_panic
Oct 31 21:22:07.097 INFO blam!                                at libpanic_unwind/lib.rs:103
Oct 31 21:22:07.097 INFO blam!   18:     0x564c1535eb26 - <F as alloc::boxed::FnBox<A>>::call_box::h7b129f9f235ab460
Oct 31 21:22:07.097 INFO blam!                                at libstd/panicking.rs:289
Oct 31 21:22:07.097 INFO blam!                                at libstd/panic.rs:392
Oct 31 21:22:07.097 INFO blam!                                at libstd/thread/mod.rs:408
Oct 31 21:22:07.097 INFO blam!                                at liballoc/boxed.rs:646
Oct 31 21:22:07.097 INFO blam!   19:     0x564c157d4d9a - std::sys_common::thread::start_thread::hb77935aee02382da
Oct 31 21:22:07.097 INFO blam!                                at liballoc/boxed.rs:656
Oct 31 21:22:07.097 INFO blam!                                at libstd/sys_common/thread.rs:24
Oct 31 21:22:07.097 INFO blam!   20:     0x564c157c4645 - std::sys::unix::thread::Thread::new::thread_start::hd61f7429b3de1d75
Oct 31 21:22:07.097 INFO blam!                                at libstd/sys/unix/thread.rs:90
Oct 31 21:22:07.097 INFO blam!   21:     0x7fdbc47566b9 - start_thread
Oct 31 21:22:07.097 INFO blam!   22:     0x7fdbc427641c - clone
Oct 31 21:22:07.097 INFO blam!   23:                0x0 - <unknown>
Oct 31 21:22:07.097 INFO blam! 
Oct 31 21:22:07.097 INFO blam! 
Oct 31 21:22:07.097 INFO blam! failures:
Oct 31 21:22:07.097 INFO blam!     fetching::fetch::tests::fetch_pages
Oct 31 21:22:07.097 INFO blam! 
Oct 31 21:22:07.097 INFO blam! test result: FAILED. 2 passed; 1 failed; 0 ignored; 0 measured; 0 filtered out
Oct 31 21:22:07.097 INFO blam! 
Oct 31 21:22:07.114 INFO kablam! error: test failed, to rerun pass '--bin memes-tracker-fetching'
Oct 31 21:22:07.116 INFO kablam! su: No module specific data is present
Oct 31 21:22:08.255 INFO running `"docker" "rm" "-f" "546774b7a61d49c23e78c6b94075d0ed9a2bdf0ef4c53a6f88235bd1b8cc3b44"`
Oct 31 21:22:08.663 INFO blam! 546774b7a61d49c23e78c6b94075d0ed9a2bdf0ef4c53a6f88235bd1b8cc3b44
