Oct 31 21:53:17.594 INFO testing seb-odessa/evebattle against 1.30.0 for beta-1.31-1
Oct 31 21:53:17.594 INFO running `"docker" "create" "-v" "/mnt/big/crater/work/local/target-dirs/beta-1.31-1/worker-4/1.30.0:/target:rw,Z" "-v" "/mnt/big/crater/work/local/test-source/worker-4/beta-1.31-1/1.30.0:/source:ro,Z" "-v" "/mnt/big/crater/work/local/cargo-home:/cargo-home:ro,Z" "-v" "/mnt/big/crater/work/local/rustup-home:/rustup-home:ro,Z" "-e" "USER_ID=1000" "-e" "SOURCE_DIR=/source" "-e" "USER_ID=1000" "-e" "CMD=cargo +1.30.0 build --frozen" "-e" "CARGO_TARGET_DIR=/target" "-e" "CARGO_INCREMENTAL=0" "-e" "RUST_BACKTRACE=full" "-e" "RUSTFLAGS=--cap-lints=warn" "-e" "CARGO_HOME=/cargo-home" "-e" "RUSTUP_HOME=/rustup-home" "-m" "1536M" "--network" "none" "crater"`
Oct 31 21:53:17.831 INFO blam! e325e0f2ff44b098f148d6da8d8b960ba19bcb8cdff1241173013a7c7d3286d6
Oct 31 21:53:17.831 INFO running `"docker" "start" "-a" "e325e0f2ff44b098f148d6da8d8b960ba19bcb8cdff1241173013a7c7d3286d6"`
Oct 31 21:53:18.515 INFO kablam! usermod: no changes
Oct 31 21:53:18.635 INFO kablam!    Compiling evebattle v0.1.0 (/source)
Oct 31 21:53:21.632 INFO kablam!     Finished dev [unoptimized + debuginfo] target(s) in 3.08s
Oct 31 21:53:21.639 INFO kablam! su: No module specific data is present
Oct 31 21:53:21.883 INFO running `"docker" "rm" "-f" "e325e0f2ff44b098f148d6da8d8b960ba19bcb8cdff1241173013a7c7d3286d6"`
Oct 31 21:53:21.990 INFO blam! e325e0f2ff44b098f148d6da8d8b960ba19bcb8cdff1241173013a7c7d3286d6
Oct 31 21:53:21.990 INFO running `"docker" "create" "-v" "/mnt/big/crater/work/local/target-dirs/beta-1.31-1/worker-4/1.30.0:/target:rw,Z" "-v" "/mnt/big/crater/work/local/test-source/worker-4/beta-1.31-1/1.30.0:/source:ro,Z" "-v" "/mnt/big/crater/work/local/cargo-home:/cargo-home:ro,Z" "-v" "/mnt/big/crater/work/local/rustup-home:/rustup-home:ro,Z" "-e" "USER_ID=1000" "-e" "SOURCE_DIR=/source" "-e" "USER_ID=1000" "-e" "CMD=cargo +1.30.0 test --frozen --no-run" "-e" "CARGO_TARGET_DIR=/target" "-e" "CARGO_INCREMENTAL=0" "-e" "RUST_BACKTRACE=full" "-e" "RUSTFLAGS=--cap-lints=warn" "-e" "CARGO_HOME=/cargo-home" "-e" "RUSTUP_HOME=/rustup-home" "-m" "1536M" "--network" "none" "crater"`
Oct 31 21:53:22.227 INFO blam! 5a224e7a4e9ae4152b1fb20dd6119ff689bd7996b11a7e041316b4adb63bdb86
Oct 31 21:53:22.227 INFO running `"docker" "start" "-a" "5a224e7a4e9ae4152b1fb20dd6119ff689bd7996b11a7e041316b4adb63bdb86"`
Oct 31 21:53:22.851 INFO kablam! usermod: no changes
Oct 31 21:53:22.927 INFO kablam!    Compiling evebattle v0.1.0 (/source)
Oct 31 21:53:26.379 INFO kablam!     Finished dev [unoptimized + debuginfo] target(s) in 3.50s
Oct 31 21:53:26.387 INFO kablam! su: No module specific data is present
Oct 31 21:53:26.656 INFO running `"docker" "rm" "-f" "5a224e7a4e9ae4152b1fb20dd6119ff689bd7996b11a7e041316b4adb63bdb86"`
Oct 31 21:53:26.783 INFO blam! 5a224e7a4e9ae4152b1fb20dd6119ff689bd7996b11a7e041316b4adb63bdb86
Oct 31 21:53:26.784 INFO running `"docker" "create" "-v" "/mnt/big/crater/work/local/target-dirs/beta-1.31-1/worker-4/1.30.0:/target:rw,Z" "-v" "/mnt/big/crater/work/local/test-source/worker-4/beta-1.31-1/1.30.0:/source:ro,Z" "-v" "/mnt/big/crater/work/local/cargo-home:/cargo-home:ro,Z" "-v" "/mnt/big/crater/work/local/rustup-home:/rustup-home:ro,Z" "-e" "USER_ID=1000" "-e" "SOURCE_DIR=/source" "-e" "USER_ID=1000" "-e" "CMD=cargo +1.30.0 test --frozen" "-e" "CARGO_TARGET_DIR=/target" "-e" "CARGO_INCREMENTAL=0" "-e" "RUST_BACKTRACE=full" "-e" "RUSTFLAGS=--cap-lints=warn" "-e" "CARGO_HOME=/cargo-home" "-e" "RUSTUP_HOME=/rustup-home" "-m" "1536M" "--network" "none" "crater"`
Oct 31 21:53:26.997 INFO blam! c7a1fa7f2d72d5abe2739e05a70b35aa0ef4abc422468a0621356c362dbdfd4d
Oct 31 21:53:27.001 INFO running `"docker" "start" "-a" "c7a1fa7f2d72d5abe2739e05a70b35aa0ef4abc422468a0621356c362dbdfd4d"`
Oct 31 21:53:27.519 INFO kablam! usermod: no changes
Oct 31 21:53:27.565 INFO kablam!     Finished dev [unoptimized + debuginfo] target(s) in 0.02s
Oct 31 21:53:27.567 INFO kablam!      Running /target/debug/deps/lib-9a4a12fdd06cf8af
Oct 31 21:53:27.572 INFO blam! 
Oct 31 21:53:27.572 INFO blam! running 14 tests
Oct 31 21:53:27.573 INFO blam! test missiles::deserialize ... ok
Oct 31 21:53:27.573 INFO blam! test offenses::deserialize ... ok
Oct 31 21:53:27.573 INFO blam! test offenses::deserialize_without_scrambler ... ok
Oct 31 21:53:27.573 INFO blam! test structure::deserialize ... ok
Oct 31 21:53:27.573 INFO blam! test stasis_webifier::deserialize ... ok
Oct 31 21:53:27.573 INFO blam! test shield::deserialize ... ok
Oct 31 21:53:27.573 INFO blam! test targeting::deserialize ... ok
Oct 31 21:53:27.573 INFO blam! test turrets::deserialize ... ok
Oct 31 21:53:27.573 INFO blam! test offenses::deserialize_without_webifier ... ok
Oct 31 21:53:27.575 INFO blam! test offenses::deserialize_without_turrets ... ok
Oct 31 21:53:27.575 INFO blam! test movement::deserialize ... ok
Oct 31 21:53:27.575 INFO blam! test warp_scrambler::deserialize ... ok
Oct 31 21:53:27.581 INFO blam! test armor::deserialize ... ok
Oct 31 21:53:27.608 INFO blam! test defenses::deserialize ... FAILED
Oct 31 21:53:27.608 INFO kablam! error: test failed, to rerun pass '--lib'
Oct 31 21:53:27.609 INFO blam! 
Oct 31 21:53:27.609 INFO blam! failures:
Oct 31 21:53:27.609 INFO blam! 
Oct 31 21:53:27.610 INFO blam! ---- defenses::deserialize stdout ----
Oct 31 21:53:27.610 INFO blam! thread 'defenses::deserialize' panicked at 'assertion failed: result.is_ok()', src/lib/defenses.rs:49:5
Oct 31 21:53:27.610 INFO blam! stack backtrace:
Oct 31 21:53:27.611 INFO blam!    0:     0x55b2372a856e - std::sys::unix::backtrace::tracing::imp::unwind_backtrace::hf5316c67202e23c8
Oct 31 21:53:27.611 INFO kablam! su: No module specific data is present
Oct 31 21:53:27.611 INFO blam!                                at libstd/sys/unix/backtrace/tracing/gcc_s.rs:49
Oct 31 21:53:27.611 INFO blam!    1:     0x55b23729b946 - std::sys_common::backtrace::print::h3068ed2a6dc7ac86
Oct 31 21:53:27.612 INFO blam!                                at libstd/sys_common/backtrace.rs:71
Oct 31 21:53:27.612 INFO blam!                                at libstd/sys_common/backtrace.rs:59
Oct 31 21:53:27.612 INFO blam!    2:     0x55b237299d1d - std::panicking::default_hook::{{closure}}::h1b9d29cc09d41897
Oct 31 21:53:27.612 INFO blam!                                at libstd/panicking.rs:211
Oct 31 21:53:27.613 INFO blam!    3:     0x55b237299a2b - std::panicking::default_hook::h3a27b204a313406b
Oct 31 21:53:27.613 INFO blam!                                at libstd/panicking.rs:221
Oct 31 21:53:27.613 INFO blam!    4:     0x55b23729a3cc - std::panicking::rust_panic_with_hook::h0e12cb2fc86d00fa
Oct 31 21:53:27.613 INFO blam!                                at libstd/panicking.rs:477
Oct 31 21:53:27.614 INFO blam!    5:     0x55b23729521f - std::panicking::begin_panic::h58cf33866ac34dc3
Oct 31 21:53:27.614 INFO blam!                                at libstd/panicking.rs:411
Oct 31 21:53:27.614 INFO blam!    6:     0x55b23722ec4d - lib::defenses::deserialize::haf1fcccecb4948e4
Oct 31 21:53:27.614 INFO blam!                                at src/lib/defenses.rs:49
Oct 31 21:53:27.615 INFO blam!    7:     0x55b23722ebb9 - lib::defenses::deserialize::{{closure}}::h9a5108c6e905a3cc
Oct 31 21:53:27.615 INFO blam!                                at src/lib/defenses.rs:22
Oct 31 21:53:27.615 INFO blam!    8:     0x55b23724507d - core::ops::function::FnOnce::call_once::hb53a437b16aaa572
Oct 31 21:53:27.616 INFO blam!                                at libcore/ops/function.rs:238
Oct 31 21:53:27.616 INFO blam!    9:     0x55b237248dce - <F as alloc::boxed::FnBox<A>>::call_box::ha9910eac2d17ff23
Oct 31 21:53:27.616 INFO blam!                                at libtest/lib.rs:1461
Oct 31 21:53:27.616 INFO blam!                                at libcore/ops/function.rs:238
Oct 31 21:53:27.617 INFO blam!                                at liballoc/boxed.rs:646
Oct 31 21:53:27.617 INFO blam!   10:     0x55b2372b73e9 - __rust_maybe_catch_panic
Oct 31 21:53:27.617 INFO blam!                                at libpanic_unwind/lib.rs:103
Oct 31 21:53:27.617 INFO blam!   11:     0x55b2372546dd - std::sys_common::backtrace::__rust_begin_short_backtrace::h470b05235fe5e5ad
Oct 31 21:53:27.618 INFO blam!                                at libstd/panicking.rs:289
Oct 31 21:53:27.618 INFO blam!                                at libstd/panic.rs:392
Oct 31 21:53:27.618 INFO blam!                                at libtest/lib.rs:1416
Oct 31 21:53:27.619 INFO blam!                                at libstd/sys_common/backtrace.rs:136
Oct 31 21:53:27.619 INFO blam!   12:     0x55b23726cd14 - std::panicking::try::do_call::h1f0578498122cc00
Oct 31 21:53:27.619 INFO blam!                                at libstd/thread/mod.rs:409
Oct 31 21:53:27.619 INFO blam!                                at libstd/panic.rs:313
Oct 31 21:53:27.620 INFO blam!                                at libstd/panicking.rs:310
Oct 31 21:53:27.620 INFO blam!   13:     0x55b2372b73e9 - __rust_maybe_catch_panic
Oct 31 21:53:27.620 INFO blam!                                at libpanic_unwind/lib.rs:103
Oct 31 21:53:27.620 INFO blam!   14:     0x55b23725d5e6 - <F as alloc::boxed::FnBox<A>>::call_box::h7b129f9f235ab460
Oct 31 21:53:27.621 INFO blam!                                at libstd/panicking.rs:289
Oct 31 21:53:27.621 INFO blam!                                at libstd/panic.rs:392
Oct 31 21:53:27.621 INFO blam!                                at libstd/thread/mod.rs:408
Oct 31 21:53:27.621 INFO blam!                                at liballoc/boxed.rs:646
Oct 31 21:53:27.622 INFO blam!   15:     0x55b2372a9e8a - std::sys_common::thread::start_thread::hb77935aee02382da
Oct 31 21:53:27.622 INFO blam!                                at liballoc/boxed.rs:656
Oct 31 21:53:27.622 INFO blam!                                at libstd/sys_common/thread.rs:24
Oct 31 21:53:27.623 INFO blam!   16:     0x55b23729ab85 - std::sys::unix::thread::Thread::new::thread_start::hd61f7429b3de1d75
Oct 31 21:53:27.623 INFO blam!                                at libstd/sys/unix/thread.rs:90
Oct 31 21:53:27.623 INFO blam!   17:     0x7fe0e27876b9 - start_thread
Oct 31 21:53:27.623 INFO blam!   18:     0x7fe0e22a741c - clone
Oct 31 21:53:27.624 INFO blam!   19:                0x0 - <unknown>
Oct 31 21:53:27.624 INFO blam! 
Oct 31 21:53:27.624 INFO blam! 
Oct 31 21:53:27.624 INFO blam! failures:
Oct 31 21:53:27.625 INFO blam!     defenses::deserialize
Oct 31 21:53:27.625 INFO blam! 
Oct 31 21:53:27.625 INFO blam! test result: FAILED. 13 passed; 1 failed; 0 ignored; 0 measured; 0 filtered out
Oct 31 21:53:27.625 INFO blam! 
Oct 31 21:53:27.899 INFO running `"docker" "rm" "-f" "c7a1fa7f2d72d5abe2739e05a70b35aa0ef4abc422468a0621356c362dbdfd4d"`
Oct 31 21:53:28.031 INFO blam! c7a1fa7f2d72d5abe2739e05a70b35aa0ef4abc422468a0621356c362dbdfd4d
