Oct 31 21:57:15.085 INFO testing scrolliris/nib against 1.30.0 for beta-1.31-1
Oct 31 21:57:15.087 INFO running `"docker" "create" "-v" "/mnt/big/crater/work/local/target-dirs/beta-1.31-1/worker-0/1.30.0:/target:rw,Z" "-v" "/mnt/big/crater/work/local/test-source/worker-0/beta-1.31-1/1.30.0:/source:ro,Z" "-v" "/mnt/big/crater/work/local/cargo-home:/cargo-home:ro,Z" "-v" "/mnt/big/crater/work/local/rustup-home:/rustup-home:ro,Z" "-e" "USER_ID=1000" "-e" "SOURCE_DIR=/source" "-e" "USER_ID=1000" "-e" "CMD=cargo +1.30.0 build --frozen" "-e" "CARGO_TARGET_DIR=/target" "-e" "CARGO_INCREMENTAL=0" "-e" "RUST_BACKTRACE=full" "-e" "RUSTFLAGS=--cap-lints=warn" "-e" "CARGO_HOME=/cargo-home" "-e" "RUSTUP_HOME=/rustup-home" "-m" "1536M" "--network" "none" "crater"`
Oct 31 21:57:15.437 INFO blam! 78a17567095ed51c38c399e992b741aa078709f4c6af4a9056e8303894ab18eb
Oct 31 21:57:15.439 INFO running `"docker" "start" "-a" "78a17567095ed51c38c399e992b741aa078709f4c6af4a9056e8303894ab18eb"`
Oct 31 21:57:16.177 INFO kablam! usermod: no changes
Oct 31 21:57:16.306 INFO kablam!    Compiling proc-macro2 v0.4.18
Oct 31 21:57:19.626 INFO kablam!    Compiling quote v0.6.8
Oct 31 21:57:21.011 INFO kablam!    Compiling syn v0.14.9
Oct 31 21:57:28.039 INFO kablam!    Compiling structopt-derive v0.2.10
Oct 31 21:57:31.693 INFO kablam!    Compiling structopt v0.2.10
Oct 31 21:57:32.057 INFO kablam!    Compiling nib v0.0.1 (/source)
Oct 31 21:57:33.306 INFO kablam!     Finished dev [unoptimized + debuginfo] target(s) in 17.07s
Oct 31 21:57:33.306 INFO kablam! su: No module specific data is present
Oct 31 21:57:33.695 INFO running `"docker" "rm" "-f" "78a17567095ed51c38c399e992b741aa078709f4c6af4a9056e8303894ab18eb"`
Oct 31 21:57:33.919 INFO blam! 78a17567095ed51c38c399e992b741aa078709f4c6af4a9056e8303894ab18eb
Oct 31 21:57:33.921 INFO running `"docker" "create" "-v" "/mnt/big/crater/work/local/target-dirs/beta-1.31-1/worker-0/1.30.0:/target:rw,Z" "-v" "/mnt/big/crater/work/local/test-source/worker-0/beta-1.31-1/1.30.0:/source:ro,Z" "-v" "/mnt/big/crater/work/local/cargo-home:/cargo-home:ro,Z" "-v" "/mnt/big/crater/work/local/rustup-home:/rustup-home:ro,Z" "-e" "USER_ID=1000" "-e" "SOURCE_DIR=/source" "-e" "USER_ID=1000" "-e" "CMD=cargo +1.30.0 test --frozen --no-run" "-e" "CARGO_TARGET_DIR=/target" "-e" "CARGO_INCREMENTAL=0" "-e" "RUST_BACKTRACE=full" "-e" "RUSTFLAGS=--cap-lints=warn" "-e" "CARGO_HOME=/cargo-home" "-e" "RUSTUP_HOME=/rustup-home" "-m" "1536M" "--network" "none" "crater"`
Oct 31 21:57:34.410 INFO blam! 6159c7195f699f3ca7ce22a35b386d3fce12f174935900e16d1aed9d0161bab2
Oct 31 21:57:34.412 INFO running `"docker" "start" "-a" "6159c7195f699f3ca7ce22a35b386d3fce12f174935900e16d1aed9d0161bab2"`
Oct 31 21:57:35.229 INFO kablam! usermod: no changes
Oct 31 21:57:35.348 INFO kablam!    Compiling nib v0.0.1 (/source)
Oct 31 21:57:36.454 INFO kablam!     Finished dev [unoptimized + debuginfo] target(s) in 1.20s
Oct 31 21:57:36.462 INFO kablam! su: No module specific data is present
Oct 31 21:57:36.779 INFO running `"docker" "rm" "-f" "6159c7195f699f3ca7ce22a35b386d3fce12f174935900e16d1aed9d0161bab2"`
Oct 31 21:57:37.000 INFO blam! 6159c7195f699f3ca7ce22a35b386d3fce12f174935900e16d1aed9d0161bab2
Oct 31 21:57:37.006 INFO running `"docker" "create" "-v" "/mnt/big/crater/work/local/target-dirs/beta-1.31-1/worker-0/1.30.0:/target:rw,Z" "-v" "/mnt/big/crater/work/local/test-source/worker-0/beta-1.31-1/1.30.0:/source:ro,Z" "-v" "/mnt/big/crater/work/local/cargo-home:/cargo-home:ro,Z" "-v" "/mnt/big/crater/work/local/rustup-home:/rustup-home:ro,Z" "-e" "USER_ID=1000" "-e" "SOURCE_DIR=/source" "-e" "USER_ID=1000" "-e" "CMD=cargo +1.30.0 test --frozen" "-e" "CARGO_TARGET_DIR=/target" "-e" "CARGO_INCREMENTAL=0" "-e" "RUST_BACKTRACE=full" "-e" "RUSTFLAGS=--cap-lints=warn" "-e" "CARGO_HOME=/cargo-home" "-e" "RUSTUP_HOME=/rustup-home" "-m" "1536M" "--network" "none" "crater"`
Oct 31 21:57:37.458 INFO blam! 4c6fd48d2b9eabfbfffb632538155989d8967b483bce6ad3f49377347f75d7b5
Oct 31 21:57:37.461 INFO running `"docker" "start" "-a" "4c6fd48d2b9eabfbfffb632538155989d8967b483bce6ad3f49377347f75d7b5"`
Oct 31 21:57:38.694 INFO kablam! usermod: no changes
Oct 31 21:57:38.807 INFO kablam!     Finished dev [unoptimized + debuginfo] target(s) in 0.08s
Oct 31 21:57:38.819 INFO blam! 
Oct 31 21:57:38.819 INFO blam! running 0 tests
Oct 31 21:57:38.819 INFO blam! 
Oct 31 21:57:38.819 INFO blam! test result: ok. 0 passed; 0 failed; 0 ignored; 0 measured; 0 filtered out
Oct 31 21:57:38.819 INFO blam! 
Oct 31 21:57:38.819 INFO kablam!      Running /target/debug/deps/nib-2de5b0fb2c5a49a6
Oct 31 21:57:38.819 INFO kablam!      Running /target/debug/deps/integration_test-c219b50bcbbcf7f9
Oct 31 21:57:38.824 INFO blam! 
Oct 31 21:57:38.824 INFO blam! running 2 tests
Oct 31 21:57:38.847 INFO kablam! error: test failed, to rerun pass '--test integration_test'
Oct 31 21:57:38.847 INFO blam! test integration_test::test_run_with_unknown_option ... FAILED
Oct 31 21:57:38.847 INFO blam! test integration_test::test_run_with_help ... FAILED
Oct 31 21:57:38.847 INFO blam! 
Oct 31 21:57:38.847 INFO blam! failures:
Oct 31 21:57:38.847 INFO blam! 
Oct 31 21:57:38.847 INFO blam! ---- integration_test::test_run_with_unknown_option stdout ----
Oct 31 21:57:38.847 INFO blam! thread 'integration_test::test_run_with_unknown_option' panicked at 'called `Result::unwrap()` on an `Err` value: Os { code: 2, kind: NotFound, message: "No such file or directory" }', libcore/result.rs:1009:5
Oct 31 21:57:38.847 INFO blam! stack backtrace:
Oct 31 21:57:38.847 INFO blam!    0:     0x55c609aaf29e - std::sys::unix::backtrace::tracing::imp::unwind_backtrace::hf5316c67202e23c8
Oct 31 21:57:38.847 INFO blam!                                at libstd/sys/unix/backtrace/tracing/gcc_s.rs:49
Oct 31 21:57:38.847 INFO blam!    1:     0x55c609a9e1d6 - std::sys_common::backtrace::print::h3068ed2a6dc7ac86
Oct 31 21:57:38.847 INFO blam!                                at libstd/sys_common/backtrace.rs:71
Oct 31 21:57:38.847 INFO blam!                                at libstd/sys_common/backtrace.rs:59
Oct 31 21:57:38.847 INFO blam!    2:     0x55c609a9c5ad - std::panicking::default_hook::{{closure}}::h1b9d29cc09d41897
Oct 31 21:57:38.847 INFO blam!                                at libstd/panicking.rs:211
Oct 31 21:57:38.847 INFO blam!    3:     0x55c609a9c2bb - std::panicking::default_hook::h3a27b204a313406b
Oct 31 21:57:38.847 INFO blam!                                at libstd/panicking.rs:221
Oct 31 21:57:38.847 INFO blam!    4:     0x55c609a9cc5c - std::panicking::rust_panic_with_hook::h0e12cb2fc86d00fa
Oct 31 21:57:38.847 INFO blam!                                at libstd/panicking.rs:477
Oct 31 21:57:38.847 INFO blam!    5:     0x55c609a9c819 - std::panicking::continue_panic_fmt::h141671b29fe0e27d
Oct 31 21:57:38.847 INFO blam!                                at libstd/panicking.rs:391
Oct 31 21:57:38.847 INFO blam!    6:     0x55c609a9c715 - rust_begin_unwind
Oct 31 21:57:38.847 INFO blam!                                at libstd/panicking.rs:326
Oct 31 21:57:38.847 INFO blam!    7:     0x55c609aec0eb - core::panicking::panic_fmt::h429a06507aba9228
Oct 31 21:57:38.847 INFO blam!                                at libcore/panicking.rs:77
Oct 31 21:57:38.847 INFO blam!    8:     0x55c609a55203 - core::result::unwrap_failed::h3802d666ec03fe98
Oct 31 21:57:38.847 INFO blam!                                at libcore/macros.rs:26
Oct 31 21:57:38.847 INFO blam!    9:     0x55c609a5505e - <core::result::Result<T, E>>::unwrap::hc2c6e4aa06f4df2a
Oct 31 21:57:38.847 INFO blam!                                at libcore/result.rs:808
Oct 31 21:57:38.847 INFO blam!   10:     0x55c609a5a1f3 - integration_test::integration_test::test_run_with_unknown_option::h074ee0023ca8391f
Oct 31 21:57:38.847 INFO blam!                                at tests/integration_test.rs:7
Oct 31 21:57:38.847 INFO blam!   11:     0x55c609a5a149 - integration_test::integration_test::test_run_with_unknown_option::{{closure}}::hbee24e9d4f6ea299
Oct 31 21:57:38.847 INFO blam!                                at tests/integration_test.rs:6
Oct 31 21:57:38.847 INFO blam!   12:     0x55c609a536ad - core::ops::function::FnOnce::call_once::hff9c69248e8d0302
Oct 31 21:57:38.847 INFO blam!                                at libcore/ops/function.rs:238
Oct 31 21:57:38.847 INFO blam!   13:     0x55c609a5cc4e - <F as alloc::boxed::FnBox<A>>::call_box::ha9910eac2d17ff23
Oct 31 21:57:38.847 INFO blam!                                at libtest/lib.rs:1461
Oct 31 21:57:38.847 INFO blam!                                at libcore/ops/function.rs:238
Oct 31 21:57:38.847 INFO blam!                                at liballoc/boxed.rs:646
Oct 31 21:57:38.847 INFO blam!   14:     0x55c609ac0e49 - __rust_maybe_catch_panic
Oct 31 21:57:38.847 INFO blam!                                at libpanic_unwind/lib.rs:103
Oct 31 21:57:38.847 INFO blam!   15:     0x55c609a6855d - std::sys_common::backtrace::__rust_begin_short_backtrace::h470b05235fe5e5ad
Oct 31 21:57:38.847 INFO blam!                                at libstd/panicking.rs:289
Oct 31 21:57:38.847 INFO blam!                                at libstd/panic.rs:392
Oct 31 21:57:38.847 INFO blam!                                at libtest/lib.rs:1416
Oct 31 21:57:38.847 INFO blam!                                at libstd/sys_common/backtrace.rs:136
Oct 31 21:57:38.847 INFO blam!   16:     0x55c609a80b94 - std::panicking::try::do_call::h1f0578498122cc00
Oct 31 21:57:38.847 INFO blam!                                at libstd/thread/mod.rs:409
Oct 31 21:57:38.847 INFO blam!                                at libstd/panic.rs:313
Oct 31 21:57:38.847 INFO blam!                                at libstd/panicking.rs:310
Oct 31 21:57:38.847 INFO blam!   17:     0x55c609ac0e49 - __rust_maybe_catch_panic
Oct 31 21:57:38.847 INFO blam!                                at libpanic_unwind/lib.rs:103
Oct 31 21:57:38.847 INFO blam!   18:     0x55c609a71466 - <F as alloc::boxed::FnBox<A>>::call_box::h7b129f9f235ab460
Oct 31 21:57:38.847 INFO blam!                                at libstd/panicking.rs:289
Oct 31 21:57:38.848 INFO blam!                                at libstd/panic.rs:392
Oct 31 21:57:38.848 INFO blam!                                at libstd/thread/mod.rs:408
Oct 31 21:57:38.848 INFO blam!                                at liballoc/boxed.rs:646
Oct 31 21:57:38.848 INFO blam!   19:     0x55c609ab11ba - std::sys_common::thread::start_thread::hb77935aee02382da
Oct 31 21:57:38.848 INFO blam!                                at liballoc/boxed.rs:656
Oct 31 21:57:38.848 INFO blam!                                at libstd/sys_common/thread.rs:24
Oct 31 21:57:38.848 INFO blam!   20:     0x55c609a9d415 - std::sys::unix::thread::Thread::new::thread_start::hd61f7429b3de1d75
Oct 31 21:57:38.848 INFO blam!                                at libstd/sys/unix/thread.rs:90
Oct 31 21:57:38.848 INFO blam!   21:     0x7f740ff246b9 - start_thread
Oct 31 21:57:38.848 INFO blam!   22:     0x7f740fa4441c - clone
Oct 31 21:57:38.848 INFO blam!   23:                0x0 - <unknown>
Oct 31 21:57:38.848 INFO blam! 
Oct 31 21:57:38.848 INFO blam! ---- integration_test::test_run_with_help stdout ----
Oct 31 21:57:38.848 INFO blam! thread 'integration_test::test_run_with_help' panicked at 'called `Result::unwrap()` on an `Err` value: Os { code: 2, kind: NotFound, message: "No such file or directory" }', libcore/result.rs:1009:5
Oct 31 21:57:38.848 INFO blam! stack backtrace:
Oct 31 21:57:38.848 INFO blam!    0:     0x55c609aaf29e - std::sys::unix::backtrace::tracing::imp::unwind_backtrace::hf5316c67202e23c8
Oct 31 21:57:38.848 INFO blam!                                at libstd/sys/unix/backtrace/tracing/gcc_s.rs:49
Oct 31 21:57:38.848 INFO blam!    1:     0x55c609a9e1d6 - std::sys_common::backtrace::print::h3068ed2a6dc7ac86
Oct 31 21:57:38.848 INFO blam!                                at libstd/sys_common/backtrace.rs:71
Oct 31 21:57:38.848 INFO blam!                                at libstd/sys_common/backtrace.rs:59
Oct 31 21:57:38.848 INFO blam!    2:     0x55c609a9c5ad - std::panicking::default_hook::{{closure}}::h1b9d29cc09d41897
Oct 31 21:57:38.848 INFO blam!                                at libstd/panicking.rs:211
Oct 31 21:57:38.848 INFO blam!    3:     0x55c609a9c2bb - std::panicking::default_hook::h3a27b204a313406b
Oct 31 21:57:38.848 INFO blam!                                at libstd/panicking.rs:221
Oct 31 21:57:38.848 INFO blam!    4:     0x55c609a9cc5c - std::panicking::rust_panic_with_hook::h0e12cb2fc86d00fa
Oct 31 21:57:38.848 INFO blam!                                at libstd/panicking.rs:477
Oct 31 21:57:38.848 INFO blam!    5:     0x55c609a9c819 - std::panicking::continue_panic_fmt::h141671b29fe0e27d
Oct 31 21:57:38.848 INFO blam!                                at libstd/panicking.rs:391
Oct 31 21:57:38.848 INFO blam!    6:     0x55c609a9c715 - rust_begin_unwind
Oct 31 21:57:38.848 INFO blam!                                at libstd/panicking.rs:326
Oct 31 21:57:38.848 INFO blam!    7:     0x55c609aec0eb - core::panicking::panic_fmt::h429a06507aba9228
Oct 31 21:57:38.848 INFO blam!                                at libcore/panicking.rs:77
Oct 31 21:57:38.848 INFO blam!    8:     0x55c609a55203 - core::result::unwrap_failed::h3802d666ec03fe98
Oct 31 21:57:38.848 INFO blam!                                at libcore/macros.rs:26
Oct 31 21:57:38.848 INFO blam!    9:     0x55c609a5505e - <core::result::Result<T, E>>::unwrap::hc2c6e4aa06f4df2a
Oct 31 21:57:38.848 INFO blam!                                at libcore/result.rs:808
Oct 31 21:57:38.848 INFO blam!   10:     0x55c609a5a5d3 - integration_test::integration_test::test_run_with_help::hf78f1b1219feb868
Oct 31 21:57:38.848 INFO blam!                                at tests/integration_test.rs:17
Oct 31 21:57:38.848 INFO blam!   11:     0x55c609a5a529 - integration_test::integration_test::test_run_with_help::{{closure}}::hfb5599524c4a2fcf
Oct 31 21:57:38.848 INFO blam!                                at tests/integration_test.rs:16
Oct 31 21:57:38.848 INFO blam!   12:     0x55c609a5366d - core::ops::function::FnOnce::call_once::h7af52b948026b8b6
Oct 31 21:57:38.848 INFO blam!                                at libcore/ops/function.rs:238
Oct 31 21:57:38.848 INFO blam!   13:     0x55c609a5cc4e - <F as alloc::boxed::FnBox<A>>::call_box::ha9910eac2d17ff23
Oct 31 21:57:38.848 INFO blam!                                at libtest/lib.rs:1461
Oct 31 21:57:38.848 INFO blam!                                at libcore/ops/function.rs:238
Oct 31 21:57:38.848 INFO blam!                                at liballoc/boxed.rs:646
Oct 31 21:57:38.848 INFO blam!   14:     0x55c609ac0e49 - __rust_maybe_catch_panic
Oct 31 21:57:38.848 INFO blam!                                at libpanic_unwind/lib.rs:103
Oct 31 21:57:38.848 INFO blam!   15:     0x55c609a6855d - std::sys_common::backtrace::__rust_begin_short_backtrace::h470b05235fe5e5ad
Oct 31 21:57:38.848 INFO blam!                                at libstd/panicking.rs:289
Oct 31 21:57:38.848 INFO blam!                                at libstd/panic.rs:392
Oct 31 21:57:38.848 INFO blam!                                at libtest/lib.rs:1416
Oct 31 21:57:38.848 INFO blam!                                at libstd/sys_common/backtrace.rs:136
Oct 31 21:57:38.848 INFO blam!   16:     0x55c609a80b94 - std::panicking::try::do_call::h1f0578498122cc00
Oct 31 21:57:38.848 INFO blam!                                at libstd/thread/mod.rs:409
Oct 31 21:57:38.848 INFO blam!                                at libstd/panic.rs:313
Oct 31 21:57:38.848 INFO blam!                                at libstd/panicking.rs:310
Oct 31 21:57:38.848 INFO blam!   17:     0x55c609ac0e49 - __rust_maybe_catch_panic
Oct 31 21:57:38.848 INFO blam!                                at libpanic_unwind/lib.rs:103
Oct 31 21:57:38.848 INFO blam!   18:     0x55c609a71466 - <F as alloc::boxed::FnBox<A>>::call_box::h7b129f9f235ab460
Oct 31 21:57:38.848 INFO blam!                                at libstd/panicking.rs:289
Oct 31 21:57:38.848 INFO blam!                                at libstd/panic.rs:392
Oct 31 21:57:38.848 INFO blam!                                at libstd/thread/mod.rs:408
Oct 31 21:57:38.848 INFO blam!                                at liballoc/boxed.rs:646
Oct 31 21:57:38.848 INFO blam!   19:     0x55c609ab11ba - std::sys_common::thread::start_thread::hb77935aee02382da
Oct 31 21:57:38.848 INFO blam!                                at liballoc/boxed.rs:656
Oct 31 21:57:38.848 INFO blam!                                at libstd/sys_common/thread.rs:24
Oct 31 21:57:38.848 INFO blam!   20:     0x55c609a9d415 - std::sys::unix::thread::Thread::new::thread_start::hd61f7429b3de1d75
Oct 31 21:57:38.848 INFO blam!                                at libstd/sys/unix/thread.rs:90
Oct 31 21:57:38.848 INFO blam!   21:     0x7f740ff246b9 - start_thread
Oct 31 21:57:38.848 INFO blam!   22:     0x7f740fa4441c - clone
Oct 31 21:57:38.848 INFO blam!   23:                0x0 - <unknown>
Oct 31 21:57:38.848 INFO blam! 
Oct 31 21:57:38.848 INFO blam! 
Oct 31 21:57:38.848 INFO blam! failures:
Oct 31 21:57:38.848 INFO blam!     integration_test::test_run_with_help
Oct 31 21:57:38.848 INFO blam!     integration_test::test_run_with_unknown_option
Oct 31 21:57:38.848 INFO blam! 
Oct 31 21:57:38.848 INFO blam! test result: FAILED. 0 passed; 2 failed; 0 ignored; 0 measured; 0 filtered out
Oct 31 21:57:38.848 INFO blam! 
Oct 31 21:57:38.851 INFO kablam! su: No module specific data is present
Oct 31 21:57:39.523 INFO running `"docker" "rm" "-f" "4c6fd48d2b9eabfbfffb632538155989d8967b483bce6ad3f49377347f75d7b5"`
Oct 31 21:57:39.859 INFO blam! 4c6fd48d2b9eabfbfffb632538155989d8967b483bce6ad3f49377347f75d7b5
