Oct 31 22:22:27.294 INFO testing saks/hb_api against beta-2018-10-30 for beta-1.31-1
Oct 31 22:22:27.294 INFO running `"docker" "create" "-v" "/mnt/big/crater/work/local/target-dirs/beta-1.31-1/worker-4/beta-2018-10-30:/target:rw,Z" "-v" "/mnt/big/crater/work/local/test-source/worker-4/beta-1.31-1/beta-2018-10-30:/source:ro,Z" "-v" "/mnt/big/crater/work/local/cargo-home:/cargo-home:ro,Z" "-v" "/mnt/big/crater/work/local/rustup-home:/rustup-home:ro,Z" "-e" "USER_ID=1000" "-e" "SOURCE_DIR=/source" "-e" "USER_ID=1000" "-e" "CMD=cargo +beta-2018-10-30 build --frozen" "-e" "CARGO_TARGET_DIR=/target" "-e" "CARGO_INCREMENTAL=0" "-e" "RUST_BACKTRACE=full" "-e" "RUSTFLAGS=--cap-lints=warn" "-e" "CARGO_HOME=/cargo-home" "-e" "RUSTUP_HOME=/rustup-home" "-m" "1536M" "--network" "none" "crater"`
Oct 31 22:22:27.552 INFO blam! aa06eccdd620f1bc5a752f0df7fb2bc0c2316092a78032204724b7fb37e6bc8d
Oct 31 22:22:27.557 INFO running `"docker" "start" "-a" "aa06eccdd620f1bc5a752f0df7fb2bc0c2316092a78032204724b7fb37e6bc8d"`
Oct 31 22:22:28.505 INFO kablam! usermod: no changes
Oct 31 22:22:29.035 INFO kablam!    Compiling num-traits v0.2.6
Oct 31 22:22:29.037 INFO kablam!    Compiling num-integer v0.1.39
Oct 31 22:22:29.046 INFO kablam!    Compiling cargon v0.0.1
Oct 31 22:22:29.046 INFO kablam!    Compiling fastpbkdf2 v0.1.0
Oct 31 22:22:29.046 INFO kablam!    Compiling r2d2 v0.8.2
Oct 31 22:22:29.058 INFO kablam!    Compiling syn v0.15.17
Oct 31 22:22:29.058 INFO kablam!    Compiling pwhash v0.2.0
Oct 31 22:22:29.058 INFO kablam!    Compiling frank_jwt v3.0.2
Oct 31 22:22:30.531 INFO kablam!    Compiling bcrypt v0.2.1
Oct 31 22:22:30.687 INFO kablam!    Compiling tokio-signal v0.2.6
Oct 31 22:22:30.915 INFO kablam!    Compiling trust-dns-proto v0.4.3
Oct 31 22:22:34.693 INFO kablam!    Compiling djangohashers v0.3.1
Oct 31 22:22:45.051 INFO kablam!    Compiling num-bigint v0.1.44
Oct 31 22:22:45.085 INFO kablam!    Compiling num-iter v0.1.37
Oct 31 22:22:46.099 INFO kablam!    Compiling chrono v0.4.6
Oct 31 22:22:47.092 INFO kablam!    Compiling trust-dns-resolver v0.9.1
Oct 31 22:22:56.071 INFO kablam!    Compiling num v0.1.42
Oct 31 22:22:56.547 INFO kablam!    Compiling bigdecimal v0.0.11
Oct 31 22:23:00.563 INFO kablam!    Compiling diesel v1.3.3
Oct 31 22:23:08.755 INFO kablam!    Compiling synstructure v0.10.1
Oct 31 22:23:08.757 INFO kablam!    Compiling actix_derive v0.3.1
Oct 31 22:23:08.758 INFO kablam!    Compiling serde_derive v1.0.80
Oct 31 22:23:21.148 INFO kablam!    Compiling failure_derive v0.1.3
Oct 31 22:23:27.825 INFO kablam!    Compiling failure v0.1.3
Oct 31 22:23:30.112 INFO kablam!    Compiling trust-dns-proto v0.5.0-alpha.5
Oct 31 22:23:30.123 INFO kablam!    Compiling actix v0.7.5
Oct 31 22:23:30.357 INFO kablam!    Compiling dotenv v0.13.0
Oct 31 22:23:48.533 INFO kablam!    Compiling trust-dns-resolver v0.10.0-alpha.3
Oct 31 22:23:55.639 INFO kablam!    Compiling actix-net v0.1.1
Oct 31 22:24:02.132 INFO kablam!    Compiling actix-web v0.7.13
Oct 31 22:24:36.500 INFO kablam!    Compiling octo-budget-api v0.1.0 (/source)
Oct 31 22:24:58.073 INFO kablam!     Finished dev [unoptimized + debuginfo] target(s) in 2m 29s
Oct 31 22:24:58.098 INFO kablam! su: No module specific data is present
Oct 31 22:24:59.951 INFO running `"docker" "rm" "-f" "aa06eccdd620f1bc5a752f0df7fb2bc0c2316092a78032204724b7fb37e6bc8d"`
Oct 31 22:25:00.287 INFO blam! aa06eccdd620f1bc5a752f0df7fb2bc0c2316092a78032204724b7fb37e6bc8d
Oct 31 22:25:00.299 INFO running `"docker" "create" "-v" "/mnt/big/crater/work/local/target-dirs/beta-1.31-1/worker-4/beta-2018-10-30:/target:rw,Z" "-v" "/mnt/big/crater/work/local/test-source/worker-4/beta-1.31-1/beta-2018-10-30:/source:ro,Z" "-v" "/mnt/big/crater/work/local/cargo-home:/cargo-home:ro,Z" "-v" "/mnt/big/crater/work/local/rustup-home:/rustup-home:ro,Z" "-e" "USER_ID=1000" "-e" "SOURCE_DIR=/source" "-e" "USER_ID=1000" "-e" "CMD=cargo +beta-2018-10-30 test --frozen --no-run" "-e" "CARGO_TARGET_DIR=/target" "-e" "CARGO_INCREMENTAL=0" "-e" "RUST_BACKTRACE=full" "-e" "RUSTFLAGS=--cap-lints=warn" "-e" "CARGO_HOME=/cargo-home" "-e" "RUSTUP_HOME=/rustup-home" "-m" "1536M" "--network" "none" "crater"`
Oct 31 22:25:00.691 INFO blam! a45b88f8b827b97e73fed1179fed3f353a5aad30397e3c3b2d13e8b902f31c8b
Oct 31 22:25:00.694 INFO running `"docker" "start" "-a" "a45b88f8b827b97e73fed1179fed3f353a5aad30397e3c3b2d13e8b902f31c8b"`
Oct 31 22:25:02.550 INFO kablam! usermod: no changes
Oct 31 22:25:02.993 INFO kablam!    Compiling octo-budget-api v0.1.0 (/source)
Oct 31 22:25:05.659 INFO kablam! warning: unused import: `super::*`
Oct 31 22:25:05.659 INFO kablam!   --> src/apps/records_app/db.rs:57:9
Oct 31 22:25:05.659 INFO kablam!    |
Oct 31 22:25:05.659 INFO kablam! 57 |     use super::*;
Oct 31 22:25:05.659 INFO kablam!    |         ^^^^^^^^
Oct 31 22:25:05.659 INFO kablam!    |
Oct 31 22:25:05.659 INFO kablam!    = note: #[warn(unused_imports)] on by default
Oct 31 22:25:05.659 INFO kablam! 
Oct 31 22:25:23.719 INFO kablam!     Finished dev [unoptimized + debuginfo] target(s) in 21.10s
Oct 31 22:25:23.743 INFO kablam! su: No module specific data is present
Oct 31 22:25:24.656 INFO running `"docker" "rm" "-f" "a45b88f8b827b97e73fed1179fed3f353a5aad30397e3c3b2d13e8b902f31c8b"`
Oct 31 22:25:24.903 INFO blam! a45b88f8b827b97e73fed1179fed3f353a5aad30397e3c3b2d13e8b902f31c8b
Oct 31 22:25:24.911 INFO running `"docker" "create" "-v" "/mnt/big/crater/work/local/target-dirs/beta-1.31-1/worker-4/beta-2018-10-30:/target:rw,Z" "-v" "/mnt/big/crater/work/local/test-source/worker-4/beta-1.31-1/beta-2018-10-30:/source:ro,Z" "-v" "/mnt/big/crater/work/local/cargo-home:/cargo-home:ro,Z" "-v" "/mnt/big/crater/work/local/rustup-home:/rustup-home:ro,Z" "-e" "USER_ID=1000" "-e" "SOURCE_DIR=/source" "-e" "USER_ID=1000" "-e" "CMD=cargo +beta-2018-10-30 test --frozen" "-e" "CARGO_TARGET_DIR=/target" "-e" "CARGO_INCREMENTAL=0" "-e" "RUST_BACKTRACE=full" "-e" "RUSTFLAGS=--cap-lints=warn" "-e" "CARGO_HOME=/cargo-home" "-e" "RUSTUP_HOME=/rustup-home" "-m" "1536M" "--network" "none" "crater"`
Oct 31 22:25:25.305 INFO blam! fe5c037a30fea2e396432af8bda10168e60bf323559bfae874fac9dfa641f0c9
Oct 31 22:25:25.308 INFO running `"docker" "start" "-a" "fe5c037a30fea2e396432af8bda10168e60bf323559bfae874fac9dfa641f0c9"`
Oct 31 22:25:26.490 INFO kablam! usermod: no changes
Oct 31 22:25:26.936 INFO kablam!     Finished dev [unoptimized + debuginfo] target(s) in 0.41s
Oct 31 22:25:26.971 INFO kablam!      Running /target/debug/deps/octo_budget_api-580625fedbd38552
Oct 31 22:25:26.991 INFO blam! 
Oct 31 22:25:26.991 INFO blam! running 13 tests
Oct 31 22:25:27.023 INFO blam! test apps::records_app::db::test::test_foo ... ok
Oct 31 22:25:27.081 INFO blam! test auth_token::test::test_create_token ... ok
Oct 31 22:25:27.087 INFO blam! test auth_token::test::test_verify_expired_token ... ok
Oct 31 22:25:27.103 INFO blam! test auth_token::test::test_verify_token ... ok
Oct 31 22:25:27.118 INFO blam! test auth_token::test::test_verify_token_with_wrong_signature ... ok
Oct 31 22:25:27.119 INFO blam! test db::auth::test::test_find_existing_user ... ok
Oct 31 22:25:27.171 INFO blam! test apps::auth_app::utils::test::test_validate_password_ok ... ok
Oct 31 22:25:27.230 INFO blam! test apps::auth_app::test::test_not_json_body ... FAILED
Oct 31 22:25:27.232 INFO blam! test apps::auth_app::test::test_validation ... FAILED
Oct 31 22:25:27.239 INFO blam! test apps::records_app::test::test_auth_success_for_records_app ... FAILED
Oct 31 22:25:27.239 INFO blam! test apps::records_app::test::test_auth_required_for_records_app ... FAILED
Oct 31 22:25:27.243 INFO blam! test apps::auth_app::utils::test::test_validate_password_err ... ok
Oct 31 22:25:27.251 INFO blam! test apps::auth_app::utils::test::test_generate_token ... ok
Oct 31 22:25:27.251 INFO blam! 
Oct 31 22:25:27.251 INFO blam! failures:
Oct 31 22:25:27.251 INFO blam! 
Oct 31 22:25:27.251 INFO blam! ---- apps::auth_app::test::test_not_json_body stdout ----
Oct 31 22:25:27.251 INFO blam! thread 'apps::auth_app::test::test_not_json_body' panicked at 'Failed to parse .env file', libcore/option.rs:1008:5
Oct 31 22:25:27.251 INFO blam! stack backtrace:
Oct 31 22:25:27.251 INFO blam!    0:     0x557e9d3c313f - std::sys::unix::backtrace::tracing::imp::unwind_backtrace::h3c55afa80a996a32
Oct 31 22:25:27.251 INFO blam!                                at libstd/sys/unix/backtrace/tracing/gcc_s.rs:49
Oct 31 22:25:27.251 INFO blam!    1:     0x557e9d3cd4b7 - std::sys_common::backtrace::print::hcef907ea7a07cd40
Oct 31 22:25:27.251 INFO blam!                                at libstd/sys_common/backtrace.rs:71
Oct 31 22:25:27.251 INFO blam!                                at libstd/sys_common/backtrace.rs:59
Oct 31 22:25:27.251 INFO blam!    2:     0x557e9d3c7d0f - std::panicking::default_hook::{{closure}}::hf541876c65f36ea7
Oct 31 22:25:27.251 INFO blam!                                at libstd/panicking.rs:211
Oct 31 22:25:27.251 INFO blam!    3:     0x557e9d3c7a0e - std::panicking::default_hook::h4ecc06b30ae4459d
Oct 31 22:25:27.251 INFO blam!                                at libstd/panicking.rs:221
Oct 31 22:25:27.251 INFO blam!    4:     0x557e9d3c83ee - std::panicking::rust_panic_with_hook::h0cc6d9cc9f34a947
Oct 31 22:25:27.251 INFO blam!                                at libstd/panicking.rs:476
Oct 31 22:25:27.251 INFO blam!    5:     0x557e9d3c7f91 - std::panicking::continue_panic_fmt::hc71ad5f01496e320
Oct 31 22:25:27.251 INFO blam!                                at libstd/panicking.rs:390
Oct 31 22:25:27.251 INFO blam!    6:     0x557e9d3c7e75 - rust_begin_unwind
Oct 31 22:25:27.251 INFO blam!                                at libstd/panicking.rs:325
Oct 31 22:25:27.251 INFO blam!    7:     0x557e9d40f41c - core::panicking::panic_fmt::ha71638b7d4f53c35
Oct 31 22:25:27.251 INFO blam!                                at libcore/panicking.rs:77
Oct 31 22:25:27.251 INFO blam!    8:     0x557e9d40f492 - core::option::expect_failed::h198e25b7ca945be5
Oct 31 22:25:27.251 INFO blam!                                at libcore/option.rs:1008
Oct 31 22:25:27.251 INFO blam!    9:     0x557e9c6c8d4a - <core::option::Option<T>>::expect::h5bc52174263a45ea
Oct 31 22:25:27.251 INFO blam!                                at libcore/option.rs:322
Oct 31 22:25:27.251 INFO blam!   10:     0x557e9c84959a - octo_budget_api::apps::auth_app::test::setup::h391cd55e6a4fd79e
Oct 31 22:25:27.251 INFO blam!                                at src/apps/auth_app/mod.rs:60
Oct 31 22:25:27.251 INFO blam!   11:     0x557e9c84a703 - octo_budget_api::apps::auth_app::test::test_not_json_body::h4dde5fdc4016efd0
Oct 31 22:25:27.251 INFO blam!                                at src/apps/auth_app/mod.rs:90
Oct 31 22:25:27.251 INFO blam!   12:     0x557e9c84a6d9 - octo_budget_api::apps::auth_app::test::test_not_json_body::{{closure}}::h186697e3971e9298
Oct 31 22:25:27.251 INFO blam!                                at src/apps/auth_app/mod.rs:89
Oct 31 22:25:27.251 INFO blam!   13:     0x557e9c82582d - core::ops::function::FnOnce::call_once::h3c38eaf79170f7f9
Oct 31 22:25:27.251 INFO blam!                                at libcore/ops/function.rs:238
Oct 31 22:25:27.251 INFO blam!   14:     0x557e9c864b6e - <F as alloc::boxed::FnBox<A>>::call_box::hf32558bd83684b60
Oct 31 22:25:27.251 INFO blam!                                at libtest/lib.rs:1468
Oct 31 22:25:27.251 INFO blam!                                at libcore/ops/function.rs:238
Oct 31 22:25:27.251 INFO blam!                                at liballoc/boxed.rs:672
Oct 31 22:25:27.251 INFO blam!   15:     0x557e9d3d86e9 - __rust_maybe_catch_panic
Oct 31 22:25:27.251 INFO blam!                                at libpanic_unwind/lib.rs:102
Oct 31 22:25:27.252 INFO blam!   16:     0x557e9c8867d2 - std::sys_common::backtrace::__rust_begin_short_backtrace::h1bb71a7386fd3269
Oct 31 22:25:27.252 INFO blam!                                at libstd/panicking.rs:289
Oct 31 22:25:27.252 INFO blam!                                at libstd/panic.rs:392
Oct 31 22:25:27.252 INFO blam!                                at libtest/lib.rs:1423
Oct 31 22:25:27.252 INFO blam!                                at libstd/sys_common/backtrace.rs:136
Oct 31 22:25:27.252 INFO blam!   17:     0x557e9c887284 - std::panicking::try::do_call::h9b94719c3074bb5c
Oct 31 22:25:27.252 INFO blam!                                at libstd/thread/mod.rs:409
Oct 31 22:25:27.252 INFO blam!                                at libstd/panic.rs:313
Oct 31 22:25:27.252 INFO blam!                                at libstd/panicking.rs:310
Oct 31 22:25:27.252 INFO blam!   18:     0x557e9d3d86e9 - __rust_maybe_catch_panic
Oct 31 22:25:27.252 INFO blam!                                at libpanic_unwind/lib.rs:102
Oct 31 22:25:27.252 INFO blam!   19:     0x557e9c8744ac - <F as alloc::boxed::FnBox<A>>::call_box::hb3bcd66d16fd3e84
Oct 31 22:25:27.252 INFO blam!                                at libstd/panicking.rs:289
Oct 31 22:25:27.252 INFO blam!                                at libstd/panic.rs:392
Oct 31 22:25:27.252 INFO blam!                                at libstd/thread/mod.rs:408
Oct 31 22:25:27.252 INFO blam!                                at liballoc/boxed.rs:672
Oct 31 22:25:27.252 INFO blam!   20:     0x557e9d3c5a5d - std::sys_common::thread::start_thread::had0c80d121669d29
Oct 31 22:25:27.252 INFO blam!                                at liballoc/boxed.rs:682
Oct 31 22:25:27.252 INFO blam!                                at libstd/sys_common/thread.rs:24
Oct 31 22:25:27.252 INFO blam!   21:     0x557e9d3b5fd5 - std::sys::unix::thread::Thread::new::thread_start::h4a5b66a70d76f47f
Oct 31 22:25:27.252 INFO blam!                                at libstd/sys/unix/thread.rs:90
Oct 31 22:25:27.252 INFO blam!   22:     0x7f2c9d13e6b9 - start_thread
Oct 31 22:25:27.252 INFO blam!   23:     0x7f2c9db9841c - clone
Oct 31 22:25:27.252 INFO blam!   24:                0x0 - <unknown>
Oct 31 22:25:27.252 INFO blam! 
Oct 31 22:25:27.252 INFO blam! ---- apps::auth_app::test::test_validation stdout ----
Oct 31 22:25:27.252 INFO blam! thread 'apps::auth_app::test::test_validation' panicked at 'Failed to parse .env file', libcore/option.rs:1008:5
Oct 31 22:25:27.252 INFO blam! stack backtrace:
Oct 31 22:25:27.252 INFO blam!    0:     0x557e9d3c313f - std::sys::unix::backtrace::tracing::imp::unwind_backtrace::h3c55afa80a996a32
Oct 31 22:25:27.252 INFO blam!                                at libstd/sys/unix/backtrace/tracing/gcc_s.rs:49
Oct 31 22:25:27.252 INFO blam!    1:     0x557e9d3cd4b7 - std::sys_common::backtrace::print::hcef907ea7a07cd40
Oct 31 22:25:27.252 INFO blam!                                at libstd/sys_common/backtrace.rs:71
Oct 31 22:25:27.252 INFO blam!                                at libstd/sys_common/backtrace.rs:59
Oct 31 22:25:27.252 INFO blam!    2:     0x557e9d3c7d0f - std::panicking::default_hook::{{closure}}::hf541876c65f36ea7
Oct 31 22:25:27.252 INFO blam!                                at libstd/panicking.rs:211
Oct 31 22:25:27.252 INFO blam!    3:     0x557e9d3c7a0e - std::panicking::default_hook::h4ecc06b30ae4459d
Oct 31 22:25:27.252 INFO blam!                                at libstd/panicking.rs:221
Oct 31 22:25:27.252 INFO blam!    4:     0x557e9d3c83ee - std::panicking::rust_panic_with_hook::h0cc6d9cc9f34a947
Oct 31 22:25:27.252 INFO blam!                                at libstd/panicking.rs:476
Oct 31 22:25:27.252 INFO blam!    5:     0x557e9d3c7f91 - std::panicking::continue_panic_fmt::hc71ad5f01496e320
Oct 31 22:25:27.252 INFO blam!                                at libstd/panicking.rs:390
Oct 31 22:25:27.252 INFO blam!    6:     0x557e9d3c7e75 - rust_begin_unwind
Oct 31 22:25:27.252 INFO blam!                                at libstd/panicking.rs:325
Oct 31 22:25:27.252 INFO blam!    7:     0x557e9d40f41c - core::panicking::panic_fmt::ha71638b7d4f53c35
Oct 31 22:25:27.252 INFO blam!                                at libcore/panicking.rs:77
Oct 31 22:25:27.252 INFO blam!    8:     0x557e9d40f492 - core::option::expect_failed::h198e25b7ca945be5
Oct 31 22:25:27.252 INFO blam!                                at libcore/option.rs:1008
Oct 31 22:25:27.252 INFO blam!    9:     0x557e9c6c8d4a - <core::option::Option<T>>::expect::h5bc52174263a45ea
Oct 31 22:25:27.252 INFO blam!                                at libcore/option.rs:322
Oct 31 22:25:27.252 INFO blam!   10:     0x557e9c84959a - octo_budget_api::apps::auth_app::test::setup::h391cd55e6a4fd79e
Oct 31 22:25:27.252 INFO blam!                                at src/apps/auth_app/mod.rs:60
Oct 31 22:25:27.252 INFO blam!   11:     0x557e9c849b11 - octo_budget_api::apps::auth_app::test::test_validation::hb0c8d4219c1ad623
Oct 31 22:25:27.252 INFO blam!                                at src/apps/auth_app/mod.rs:65
Oct 31 22:25:27.252 INFO blam!   12:     0x557e9c849ac9 - octo_budget_api::apps::auth_app::test::test_validation::{{closure}}::hb2f07e416654015b
Oct 31 22:25:27.252 INFO blam!                                at src/apps/auth_app/mod.rs:64
Oct 31 22:25:27.252 INFO blam!   13:     0x557e9c82658d - core::ops::function::FnOnce::call_once::hf2c2ca11b55b03f9
Oct 31 22:25:27.252 INFO blam!                                at libcore/ops/function.rs:238
Oct 31 22:25:27.252 INFO blam!   14:     0x557e9c864b6e - <F as alloc::boxed::FnBox<A>>::call_box::hf32558bd83684b60
Oct 31 22:25:27.252 INFO blam!                                at libtest/lib.rs:1468
Oct 31 22:25:27.252 INFO blam!                                at libcore/ops/function.rs:238
Oct 31 22:25:27.252 INFO blam!                                at liballoc/boxed.rs:672
Oct 31 22:25:27.252 INFO blam!   15:     0x557e9d3d86e9 - __rust_maybe_catch_panic
Oct 31 22:25:27.252 INFO blam!                                at libpanic_unwind/lib.rs:102
Oct 31 22:25:27.252 INFO blam!   16:     0x557e9c8867d2 - std::sys_common::backtrace::__rust_begin_short_backtrace::h1bb71a7386fd3269
Oct 31 22:25:27.252 INFO blam!                                at libstd/panicking.rs:289
Oct 31 22:25:27.252 INFO blam!                                at libstd/panic.rs:392
Oct 31 22:25:27.252 INFO blam!                                at libtest/lib.rs:1423
Oct 31 22:25:27.252 INFO blam!                                at libstd/sys_common/backtrace.rs:136
Oct 31 22:25:27.252 INFO blam!   17:     0x557e9c887284 - std::panicking::try::do_call::h9b94719c3074bb5c
Oct 31 22:25:27.252 INFO blam!                                at libstd/thread/mod.rs:409
Oct 31 22:25:27.252 INFO blam!                                at libstd/panic.rs:313
Oct 31 22:25:27.252 INFO blam!                                at libstd/panicking.rs:310
Oct 31 22:25:27.252 INFO blam!   18:     0x557e9d3d86e9 - __rust_maybe_catch_panic
Oct 31 22:25:27.252 INFO blam!                                at libpanic_unwind/lib.rs:102
Oct 31 22:25:27.252 INFO blam!   19:     0x557e9c8744ac - <F as alloc::boxed::FnBox<A>>::call_box::hb3bcd66d16fd3e84
Oct 31 22:25:27.252 INFO blam!                                at libstd/panicking.rs:289
Oct 31 22:25:27.252 INFO blam!                                at libstd/panic.rs:392
Oct 31 22:25:27.252 INFO blam!                                at libstd/thread/mod.rs:408
Oct 31 22:25:27.252 INFO blam!                                at liballoc/boxed.rs:672
Oct 31 22:25:27.252 INFO blam!   20:     0x557e9d3c5a5d - std::sys_common::thread::start_thread::had0c80d121669d29
Oct 31 22:25:27.252 INFO blam!                                at liballoc/boxed.rs:682
Oct 31 22:25:27.252 INFO blam!                                at libstd/sys_common/thread.rs:24
Oct 31 22:25:27.252 INFO blam!   21:     0x557e9d3b5fd5 - std::sys::unix::thread::Thread::new::thread_start::h4a5b66a70d76f47f
Oct 31 22:25:27.253 INFO blam!                                at libstd/sys/unix/thread.rs:90
Oct 31 22:25:27.253 INFO blam!   22:     0x7f2c9d13e6b9 - start_thread
Oct 31 22:25:27.253 INFO blam!   23:     0x7f2c9db9841c - clone
Oct 31 22:25:27.253 INFO blam!   24:                0x0 - <unknown>
Oct 31 22:25:27.253 INFO blam! 
Oct 31 22:25:27.253 INFO blam! ---- apps::records_app::test::test_auth_success_for_records_app stdout ----
Oct 31 22:25:27.253 INFO blam! thread 'apps::records_app::test::test_auth_success_for_records_app' panicked at 'Failed to parse .env file', libcore/option.rs:1008:5
Oct 31 22:25:27.253 INFO blam! stack backtrace:
Oct 31 22:25:27.253 INFO blam!    0:     0x557e9d3c313f - std::sys::unix::backtrace::tracing::imp::unwind_backtrace::h3c55afa80a996a32
Oct 31 22:25:27.253 INFO blam!                                at libstd/sys/unix/backtrace/tracing/gcc_s.rs:49
Oct 31 22:25:27.253 INFO blam!    1:     0x557e9d3cd4b7 - std::sys_common::backtrace::print::hcef907ea7a07cd40
Oct 31 22:25:27.253 INFO blam!                                at libstd/sys_common/backtrace.rs:71
Oct 31 22:25:27.253 INFO blam!                                at libstd/sys_common/backtrace.rs:59
Oct 31 22:25:27.253 INFO blam!    2:     0x557e9d3c7d0f - std::panicking::default_hook::{{closure}}::hf541876c65f36ea7
Oct 31 22:25:27.253 INFO blam!                                at libstd/panicking.rs:211
Oct 31 22:25:27.253 INFO blam!    3:     0x557e9d3c7a0e - std::panicking::default_hook::h4ecc06b30ae4459d
Oct 31 22:25:27.253 INFO blam!                                at libstd/panicking.rs:221
Oct 31 22:25:27.253 INFO blam!    4:     0x557e9d3c83ee - std::panicking::rust_panic_with_hook::h0cc6d9cc9f34a947
Oct 31 22:25:27.253 INFO blam!                                at libstd/panicking.rs:476
Oct 31 22:25:27.253 INFO blam!    5:     0x557e9d3c7f91 - std::panicking::continue_panic_fmt::hc71ad5f01496e320
Oct 31 22:25:27.253 INFO blam!                                at libstd/panicking.rs:390
Oct 31 22:25:27.253 INFO blam!    6:     0x557e9d3c7e75 - rust_begin_unwind
Oct 31 22:25:27.253 INFO blam!                                at libstd/panicking.rs:325
Oct 31 22:25:27.253 INFO blam!    7:     0x557e9d40f41c - core::panicking::panic_fmt::ha71638b7d4f53c35
Oct 31 22:25:27.253 INFO blam!                                at libcore/panicking.rs:77
Oct 31 22:25:27.253 INFO blam!    8:     0x557e9d40f492 - core::option::expect_failed::h198e25b7ca945be5
Oct 31 22:25:27.253 INFO blam!                                at libcore/option.rs:1008
Oct 31 22:25:27.253 INFO blam!    9:     0x557e9c6c8d4a - <core::option::Option<T>>::expect::h5bc52174263a45ea
Oct 31 22:25:27.253 INFO blam!                                at libcore/option.rs:322
Oct 31 22:25:27.253 INFO blam!   10:     0x557e9c79960a - octo_budget_api::apps::records_app::test::setup::hc89ad4556672d1b5
Oct 31 22:25:27.253 INFO blam!                                at src/apps/records_app/mod.rs:73
Oct 31 22:25:27.253 INFO blam!   11:     0x557e9c79a58b - octo_budget_api::apps::records_app::test::test_auth_success_for_records_app::hd6787f9a65fc8999
Oct 31 22:25:27.253 INFO blam!                                at src/apps/records_app/mod.rs:108
Oct 31 22:25:27.253 INFO blam!   12:     0x557e9c79a559 - octo_budget_api::apps::records_app::test::test_auth_success_for_records_app::{{closure}}::h9e526f0d52de02b2
Oct 31 22:25:27.253 INFO blam!                                at src/apps/records_app/mod.rs:107
Oct 31 22:25:27.253 INFO blam!   13:     0x557e9c82556d - core::ops::function::FnOnce::call_once::h375d948153c5a3d6
Oct 31 22:25:27.253 INFO blam!                                at libcore/ops/function.rs:238
Oct 31 22:25:27.253 INFO blam!   14:     0x557e9c864b6e - <F as alloc::boxed::FnBox<A>>::call_box::hf32558bd83684b60
Oct 31 22:25:27.253 INFO blam!                                at libtest/lib.rs:1468
Oct 31 22:25:27.253 INFO blam!                                at libcore/ops/function.rs:238
Oct 31 22:25:27.253 INFO blam!                                at liballoc/boxed.rs:672
Oct 31 22:25:27.253 INFO blam!   15:     0x557e9d3d86e9 - __rust_maybe_catch_panic
Oct 31 22:25:27.253 INFO blam!                                at libpanic_unwind/lib.rs:102
Oct 31 22:25:27.253 INFO blam!   16:     0x557e9c8867d2 - std::sys_common::backtrace::__rust_begin_short_backtrace::h1bb71a7386fd3269
Oct 31 22:25:27.253 INFO blam!                                at libstd/panicking.rs:289
Oct 31 22:25:27.253 INFO blam!                                at libstd/panic.rs:392
Oct 31 22:25:27.253 INFO blam!                                at libtest/lib.rs:1423
Oct 31 22:25:27.253 INFO blam!                                at libstd/sys_common/backtrace.rs:136
Oct 31 22:25:27.253 INFO blam!   17:     0x557e9c887284 - std::panicking::try::do_call::h9b94719c3074bb5c
Oct 31 22:25:27.253 INFO blam!                                at libstd/thread/mod.rs:409
Oct 31 22:25:27.253 INFO blam!                                at libstd/panic.rs:313
Oct 31 22:25:27.253 INFO blam!                                at libstd/panicking.rs:310
Oct 31 22:25:27.253 INFO blam!   18:     0x557e9d3d86e9 - __rust_maybe_catch_panic
Oct 31 22:25:27.253 INFO blam!                                at libpanic_unwind/lib.rs:102
Oct 31 22:25:27.253 INFO blam!   19:     0x557e9c8744ac - <F as alloc::boxed::FnBox<A>>::call_box::hb3bcd66d16fd3e84
Oct 31 22:25:27.253 INFO blam!                                at libstd/panicking.rs:289
Oct 31 22:25:27.253 INFO blam!                                at libstd/panic.rs:392
Oct 31 22:25:27.253 INFO blam!                                at libstd/thread/mod.rs:408
Oct 31 22:25:27.253 INFO blam!                                at liballoc/boxed.rs:672
Oct 31 22:25:27.253 INFO blam!   20:     0x557e9d3c5a5d - std::sys_common::thread::start_thread::had0c80d121669d29
Oct 31 22:25:27.253 INFO blam!                                at liballoc/boxed.rs:682
Oct 31 22:25:27.253 INFO blam!                                at libstd/sys_common/thread.rs:24
Oct 31 22:25:27.253 INFO blam!   21:     0x557e9d3b5fd5 - std::sys::unix::thread::Thread::new::thread_start::h4a5b66a70d76f47f
Oct 31 22:25:27.253 INFO blam!                                at libstd/sys/unix/thread.rs:90
Oct 31 22:25:27.253 INFO blam!   22:     0x7f2c9d13e6b9 - start_thread
Oct 31 22:25:27.253 INFO blam!   23:     0x7f2c9db9841c - clone
Oct 31 22:25:27.253 INFO blam!   24:                0x0 - <unknown>
Oct 31 22:25:27.253 INFO blam! 
Oct 31 22:25:27.253 INFO blam! ---- apps::records_app::test::test_auth_required_for_records_app stdout ----
Oct 31 22:25:27.253 INFO blam! thread 'apps::records_app::test::test_auth_required_for_records_app' panicked at 'Failed to parse .env file', libcore/option.rs:1008:5
Oct 31 22:25:27.253 INFO blam! stack backtrace:
Oct 31 22:25:27.253 INFO blam!    0:     0x557e9d3c313f - std::sys::unix::backtrace::tracing::imp::unwind_backtrace::h3c55afa80a996a32
Oct 31 22:25:27.253 INFO blam!                                at libstd/sys/unix/backtrace/tracing/gcc_s.rs:49
Oct 31 22:25:27.253 INFO blam!    1:     0x557e9d3cd4b7 - std::sys_common::backtrace::print::hcef907ea7a07cd40
Oct 31 22:25:27.253 INFO blam!                                at libstd/sys_common/backtrace.rs:71
Oct 31 22:25:27.253 INFO blam!                                at libstd/sys_common/backtrace.rs:59
Oct 31 22:25:27.253 INFO blam!    2:     0x557e9d3c7d0f - std::panicking::default_hook::{{closure}}::hf541876c65f36ea7
Oct 31 22:25:27.253 INFO blam!                                at libstd/panicking.rs:211
Oct 31 22:25:27.253 INFO blam!    3:     0x557e9d3c7a0e - std::panicking::default_hook::h4ecc06b30ae4459d
Oct 31 22:25:27.253 INFO blam!                                at libstd/panicking.rs:221
Oct 31 22:25:27.253 INFO blam!    4:     0x557e9d3c83ee - std::panicking::rust_panic_with_hook::h0cc6d9cc9f34a947
Oct 31 22:25:27.253 INFO blam!                                at libstd/panicking.rs:476
Oct 31 22:25:27.253 INFO blam!    5:     0x557e9d3c7f91 - std::panicking::continue_panic_fmt::hc71ad5f01496e320
Oct 31 22:25:27.254 INFO blam!                                at libstd/panicking.rs:390
Oct 31 22:25:27.254 INFO blam!    6:     0x557e9d3c7e75 - rust_begin_unwind
Oct 31 22:25:27.254 INFO blam!                                at libstd/panicking.rs:325
Oct 31 22:25:27.254 INFO blam!    7:     0x557e9d40f41c - core::panicking::panic_fmt::ha71638b7d4f53c35
Oct 31 22:25:27.254 INFO blam!                                at libcore/panicking.rs:77
Oct 31 22:25:27.254 INFO blam!    8:     0x557e9d40f492 - core::option::expect_failed::h198e25b7ca945be5
Oct 31 22:25:27.254 INFO blam!                                at libcore/option.rs:1008
Oct 31 22:25:27.254 INFO blam!    9:     0x557e9c6c8d4a - <core::option::Option<T>>::expect::h5bc52174263a45ea
Oct 31 22:25:27.254 INFO blam!                                at libcore/option.rs:322
Oct 31 22:25:27.254 INFO blam!   10:     0x557e9c79960a - octo_budget_api::apps::records_app::test::setup::hc89ad4556672d1b5
Oct 31 22:25:27.254 INFO blam!                                at src/apps/records_app/mod.rs:73
Oct 31 22:25:27.254 INFO blam!   11:     0x557e9c79a133 - octo_budget_api::apps::records_app::test::test_auth_required_for_records_app::hc65ce0a341aac33a
Oct 31 22:25:27.254 INFO blam!                                at src/apps/records_app/mod.rs:92
Oct 31 22:25:27.254 INFO blam!   12:     0x557e9c79a109 - octo_budget_api::apps::records_app::test::test_auth_required_for_records_app::{{closure}}::hc91d39ddadc00d6d
Oct 31 22:25:27.254 INFO blam!                                at src/apps/records_app/mod.rs:91
Oct 31 22:25:27.254 INFO blam!   13:     0x557e9c8253dd - core::ops::function::FnOnce::call_once::h1a6161caf3fab8aa
Oct 31 22:25:27.254 INFO blam!                                at libcore/ops/function.rs:238
Oct 31 22:25:27.254 INFO blam!   14:     0x557e9c864b6e - <F as alloc::boxed::FnBox<A>>::call_box::hf32558bd83684b60
Oct 31 22:25:27.254 INFO blam!                                at libtest/lib.rs:1468
Oct 31 22:25:27.254 INFO blam!                                at libcore/ops/function.rs:238
Oct 31 22:25:27.254 INFO blam!                                at liballoc/boxed.rs:672
Oct 31 22:25:27.254 INFO blam!   15:     0x557e9d3d86e9 - __rust_maybe_catch_panic
Oct 31 22:25:27.254 INFO blam!                                at libpanic_unwind/lib.rs:102
Oct 31 22:25:27.254 INFO blam!   16:     0x557e9c8867d2 - std::sys_common::backtrace::__rust_begin_short_backtrace::h1bb71a7386fd3269
Oct 31 22:25:27.254 INFO blam!                                at libstd/panicking.rs:289
Oct 31 22:25:27.254 INFO blam!                                at libstd/panic.rs:392
Oct 31 22:25:27.254 INFO blam!                                at libtest/lib.rs:1423
Oct 31 22:25:27.254 INFO blam!                                at libstd/sys_common/backtrace.rs:136
Oct 31 22:25:27.254 INFO blam!   17:     0x557e9c887284 - std::panicking::try::do_call::h9b94719c3074bb5c
Oct 31 22:25:27.254 INFO blam!                                at libstd/thread/mod.rs:409
Oct 31 22:25:27.254 INFO blam!                                at libstd/panic.rs:313
Oct 31 22:25:27.254 INFO blam!                                at libstd/panicking.rs:310
Oct 31 22:25:27.254 INFO blam!   18:     0x557e9d3d86e9 - __rust_maybe_catch_panic
Oct 31 22:25:27.254 INFO blam!                                at libpanic_unwind/lib.rs:102
Oct 31 22:25:27.254 INFO blam!   19:     0x557e9c8744ac - <F as alloc::boxed::FnBox<A>>::call_box::hb3bcd66d16fd3e84
Oct 31 22:25:27.254 INFO blam!                                at libstd/panicking.rs:289
Oct 31 22:25:27.254 INFO blam!                                at libstd/panic.rs:392
Oct 31 22:25:27.254 INFO blam!                                at libstd/thread/mod.rs:408
Oct 31 22:25:27.254 INFO blam!                                at liballoc/boxed.rs:672
Oct 31 22:25:27.254 INFO blam!   20:     0x557e9d3c5a5d - std::sys_common::thread::start_thread::had0c80d121669d29
Oct 31 22:25:27.254 INFO blam!                                at liballoc/boxed.rs:682
Oct 31 22:25:27.254 INFO blam!                                at libstd/sys_common/thread.rs:24
Oct 31 22:25:27.254 INFO blam!   21:     0x557e9d3b5fd5 - std::sys::unix::thread::Thread::new::thread_start::h4a5b66a70d76f47f
Oct 31 22:25:27.254 INFO blam!                                at libstd/sys/unix/thread.rs:90
Oct 31 22:25:27.254 INFO blam!   22:     0x7f2c9d13e6b9 - start_thread
Oct 31 22:25:27.254 INFO blam!   23:     0x7f2c9db9841c - clone
Oct 31 22:25:27.254 INFO blam!   24:                0x0 - <unknown>
Oct 31 22:25:27.254 INFO blam! 
Oct 31 22:25:27.254 INFO blam! 
Oct 31 22:25:27.254 INFO blam! failures:
Oct 31 22:25:27.254 INFO blam!     apps::auth_app::test::test_not_json_body
Oct 31 22:25:27.254 INFO blam!     apps::auth_app::test::test_validation
Oct 31 22:25:27.254 INFO blam!     apps::records_app::test::test_auth_required_for_records_app
Oct 31 22:25:27.254 INFO blam!     apps::records_app::test::test_auth_success_for_records_app
Oct 31 22:25:27.254 INFO blam! 
Oct 31 22:25:27.254 INFO blam! test result: FAILED. 9 passed; 4 failed; 0 ignored; 0 measured; 0 filtered out
Oct 31 22:25:27.254 INFO blam! 
Oct 31 22:25:27.269 INFO kablam! error: test failed, to rerun pass '--bin octo-budget-api'
Oct 31 22:25:27.271 INFO kablam! su: No module specific data is present
Oct 31 22:25:27.720 INFO running `"docker" "rm" "-f" "fe5c037a30fea2e396432af8bda10168e60bf323559bfae874fac9dfa641f0c9"`
Oct 31 22:25:27.829 INFO blam! fe5c037a30fea2e396432af8bda10168e60bf323559bfae874fac9dfa641f0c9
