Oct 31 22:24:01.394 INFO testing saghm/monger against beta-2018-10-30 for beta-1.31-1
Oct 31 22:24:01.396 INFO running `"docker" "create" "-v" "/mnt/big/crater/work/local/target-dirs/beta-1.31-1/worker-3/beta-2018-10-30:/target:rw,Z" "-v" "/mnt/big/crater/work/local/test-source/worker-3/beta-1.31-1/beta-2018-10-30:/source:ro,Z" "-v" "/mnt/big/crater/work/local/cargo-home:/cargo-home:ro,Z" "-v" "/mnt/big/crater/work/local/rustup-home:/rustup-home:ro,Z" "-e" "USER_ID=1000" "-e" "SOURCE_DIR=/source" "-e" "USER_ID=1000" "-e" "CMD=cargo +beta-2018-10-30 build --frozen" "-e" "CARGO_TARGET_DIR=/target" "-e" "CARGO_INCREMENTAL=0" "-e" "RUST_BACKTRACE=full" "-e" "RUSTFLAGS=--cap-lints=warn" "-e" "CARGO_HOME=/cargo-home" "-e" "RUSTUP_HOME=/rustup-home" "-m" "1536M" "--network" "none" "crater"`
Oct 31 22:24:01.803 INFO blam! 417954a587ce49a4dceb67379eced112f0dcd371981466c9c3ca081e89b2fe76
Oct 31 22:24:01.814 INFO running `"docker" "start" "-a" "417954a587ce49a4dceb67379eced112f0dcd371981466c9c3ca081e89b2fe76"`
Oct 31 22:24:03.246 INFO kablam! usermod: no changes
Oct 31 22:24:03.583 INFO kablam!    Compiling rs-release v0.1.7
Oct 31 22:24:03.635 INFO kablam!    Compiling hyperx v0.13.1
Oct 31 22:24:11.370 INFO kablam!    Compiling monger v0.5.6 (/source)
Oct 31 22:24:23.354 INFO kablam!     Finished dev [unoptimized + debuginfo] target(s) in 20.08s
Oct 31 22:24:23.383 INFO kablam! su: No module specific data is present
Oct 31 22:24:25.314 INFO running `"docker" "rm" "-f" "417954a587ce49a4dceb67379eced112f0dcd371981466c9c3ca081e89b2fe76"`
Oct 31 22:24:25.619 INFO blam! 417954a587ce49a4dceb67379eced112f0dcd371981466c9c3ca081e89b2fe76
Oct 31 22:24:25.623 INFO running `"docker" "create" "-v" "/mnt/big/crater/work/local/target-dirs/beta-1.31-1/worker-3/beta-2018-10-30:/target:rw,Z" "-v" "/mnt/big/crater/work/local/test-source/worker-3/beta-1.31-1/beta-2018-10-30:/source:ro,Z" "-v" "/mnt/big/crater/work/local/cargo-home:/cargo-home:ro,Z" "-v" "/mnt/big/crater/work/local/rustup-home:/rustup-home:ro,Z" "-e" "USER_ID=1000" "-e" "SOURCE_DIR=/source" "-e" "USER_ID=1000" "-e" "CMD=cargo +beta-2018-10-30 test --frozen --no-run" "-e" "CARGO_TARGET_DIR=/target" "-e" "CARGO_INCREMENTAL=0" "-e" "RUST_BACKTRACE=full" "-e" "RUSTFLAGS=--cap-lints=warn" "-e" "CARGO_HOME=/cargo-home" "-e" "RUSTUP_HOME=/rustup-home" "-m" "1536M" "--network" "none" "crater"`
Oct 31 22:24:26.184 INFO blam! 4c91ba04b8fab0d5c22e75fa3f087ebcb5a9ffdc3424e5c89839e2c397774a08
Oct 31 22:24:26.187 INFO running `"docker" "start" "-a" "4c91ba04b8fab0d5c22e75fa3f087ebcb5a9ffdc3424e5c89839e2c397774a08"`
Oct 31 22:24:28.431 INFO kablam! usermod: no changes
Oct 31 22:24:28.750 INFO kablam!    Compiling monger v0.5.6 (/source)
Oct 31 22:24:36.654 INFO kablam!     Finished dev [unoptimized + debuginfo] target(s) in 8.21s
Oct 31 22:24:36.679 INFO kablam! su: No module specific data is present
Oct 31 22:24:38.628 INFO running `"docker" "rm" "-f" "4c91ba04b8fab0d5c22e75fa3f087ebcb5a9ffdc3424e5c89839e2c397774a08"`
Oct 31 22:24:38.966 INFO blam! 4c91ba04b8fab0d5c22e75fa3f087ebcb5a9ffdc3424e5c89839e2c397774a08
Oct 31 22:24:38.976 INFO running `"docker" "create" "-v" "/mnt/big/crater/work/local/target-dirs/beta-1.31-1/worker-3/beta-2018-10-30:/target:rw,Z" "-v" "/mnt/big/crater/work/local/test-source/worker-3/beta-1.31-1/beta-2018-10-30:/source:ro,Z" "-v" "/mnt/big/crater/work/local/cargo-home:/cargo-home:ro,Z" "-v" "/mnt/big/crater/work/local/rustup-home:/rustup-home:ro,Z" "-e" "USER_ID=1000" "-e" "SOURCE_DIR=/source" "-e" "USER_ID=1000" "-e" "CMD=cargo +beta-2018-10-30 test --frozen" "-e" "CARGO_TARGET_DIR=/target" "-e" "CARGO_INCREMENTAL=0" "-e" "RUST_BACKTRACE=full" "-e" "RUSTFLAGS=--cap-lints=warn" "-e" "CARGO_HOME=/cargo-home" "-e" "RUSTUP_HOME=/rustup-home" "-m" "1536M" "--network" "none" "crater"`
Oct 31 22:24:39.399 INFO blam! 6a8f4e9bc48fa21a51309fe3b7f7945f046d8b42fcf028984a52fcc3d38b8292
Oct 31 22:24:39.403 INFO running `"docker" "start" "-a" "6a8f4e9bc48fa21a51309fe3b7f7945f046d8b42fcf028984a52fcc3d38b8292"`
Oct 31 22:24:40.767 INFO kablam! usermod: no changes
Oct 31 22:24:41.047 INFO kablam!     Finished dev [unoptimized + debuginfo] target(s) in 0.24s
Oct 31 22:24:41.069 INFO kablam!      Running /target/debug/deps/monger-8708008740bb1784
Oct 31 22:24:41.079 INFO blam! 
Oct 31 22:24:41.079 INFO blam! running 36 tests
Oct 31 22:24:41.079 INFO blam! test os::linux::tests::amazon_path ... ok
Oct 31 22:24:41.079 INFO blam! test os::linux::tests::debian7_path ... ok
Oct 31 22:24:41.079 INFO blam! test os::linux::tests::ubuntu1204_path ... ok
Oct 31 22:24:41.099 INFO blam! test os::linux::tests::suse11_path ... ok
Oct 31 22:24:41.099 INFO blam! test os::linux::tests::debian8_path ... ok
Oct 31 22:24:41.099 INFO blam! test os::linux::tests::rhel7_path ... ok
Oct 31 22:24:41.100 INFO blam! test os::linux::tests::rhel6_path ... ok
Oct 31 22:24:41.100 INFO blam! test os::macos::tests::nonssl_path ... ok
Oct 31 22:24:41.100 INFO blam! test os::linux::tests::suse12_path ... ok
Oct 31 22:24:41.100 INFO blam! test os::linux::tests::legacy_path ... ok
Oct 31 22:24:41.100 INFO blam! test os::linux::tests::ubuntu1604_arm_path ... ok
Oct 31 22:24:41.101 INFO blam! test os::linux::tests::ubuntu1604_x86_64_path ... ok
Oct 31 22:24:41.101 INFO blam! test os::linux::tests::ubuntu1404_path ... ok
Oct 31 22:24:41.101 INFO blam! test os::macos::tests::ssl_path ... ok
Oct 31 22:24:41.101 INFO blam! test os::tests::amazon_linux_url ... ok
Oct 31 22:24:41.101 INFO blam! test os::tests::debian7_linux_url ... ok
Oct 31 22:24:41.101 INFO blam! test os::tests::debian8_linux_url ... ok
Oct 31 22:24:41.101 INFO blam! test os::tests::server2008_r2_windows_url ... ok
Oct 31 22:24:41.101 INFO blam! test os::tests::server2008_windows_url ... ok
Oct 31 22:24:41.102 INFO blam! test os::tests::ssl_macos_url ... ok
Oct 31 22:24:41.102 INFO blam! test os::tests::ssl_osx_url ... ok
Oct 31 22:24:41.102 INFO blam! test os::tests::suse11_linux_url ... ok
Oct 31 22:24:41.102 INFO blam! test os::tests::suse12_linux_url ... ok
Oct 31 22:24:41.102 INFO blam! test os::tests::ubuntu1204_linux_url ... ok
Oct 31 22:24:41.102 INFO blam! test os::tests::ubuntu1604_x86_64_linux_url ... ok
Oct 31 22:24:41.102 INFO blam! test os::tests::ubunutu1404_linux_url ... ok
Oct 31 22:24:41.102 INFO blam! test os::tests::ubunutu1604_arm_linux_url ... ok
Oct 31 22:24:41.102 INFO blam! test os::windows::tests::server2008_path ... ok
Oct 31 22:24:41.102 INFO blam! test os::windows::tests::server2008_r2_path ... ok
Oct 31 22:24:41.102 INFO blam! test os::windows::tests::server2008_r2_ssl_path ... ok
Oct 31 22:24:41.115 INFO blam! test os::tests::legacy_linux_url ... ok
Oct 31 22:24:41.115 INFO blam! test os::tests::rhel7_linux_url ... ok
Oct 31 22:24:41.115 INFO blam! test os::tests::rhel6_linux_url ... ok
Oct 31 22:24:41.115 INFO blam! test os::tests::nonssl_osx_url ... ok
Oct 31 22:24:41.115 INFO blam! test os::tests::server2008_r2_ssl_windows_url ... ok
Oct 31 22:24:41.617 INFO blam! test client::tests::download_test ... FAILED
Oct 31 22:24:41.617 INFO blam! 
Oct 31 22:24:41.617 INFO blam! failures:
Oct 31 22:24:41.617 INFO blam! 
Oct 31 22:24:41.617 INFO blam! ---- client::tests::download_test stdout ----
Oct 31 22:24:41.617 INFO blam! downloading https://httpbin.org/robots.txt...
Oct 31 22:24:41.617 INFO blam! thread 'client::tests::download_test' panicked at 'called `Result::unwrap()` on an `Err` value: Error(Http(Inner { kind: Hyper(Error { kind: Connect, cause: Some(Custom { kind: Other, error: StringError("failed to lookup address information: Temporary failure in name resolution") }) }), url: Some("https://httpbin.org/robots.txt") }), State { next_error: None, backtrace: InternalBacktrace { backtrace: Some(stack backtrace:
Oct 31 22:24:41.617 INFO blam!    0:     0x55674a1070d6 - backtrace::backtrace::libunwind::trace::hd6edc1410af20c6c
Oct 31 22:24:41.617 INFO blam!                         at /cargo-home/registry/src/github.com-1ecc6299db9ec823/backtrace-0.3.9/src/backtrace/libunwind.rs:53
Oct 31 22:24:41.617 INFO blam!                          - backtrace::backtrace::trace::h25b162d18dbaa783
Oct 31 22:24:41.617 INFO blam!                         at /cargo-home/registry/src/github.com-1ecc6299db9ec823/backtrace-0.3.9/src/backtrace/mod.rs:42
Oct 31 22:24:41.617 INFO blam!    1:     0x55674a101793 - backtrace::capture::Backtrace::new_unresolved::h370f691066a5f974
Oct 31 22:24:41.617 INFO blam!                         at /cargo-home/registry/src/github.com-1ecc6299db9ec823/backtrace-0.3.9/src/capture.rs:88
Oct 31 22:24:41.617 INFO blam!    2:     0x55674a0fffb6 - error_chain::backtrace::imp::InternalBacktrace::new::hf784531d3ab39863
Oct 31 22:24:41.617 INFO blam!                         at /cargo-home/registry/src/github.com-1ecc6299db9ec823/error-chain-0.12.0/src/backtrace.rs:56
Oct 31 22:24:41.617 INFO blam!    3:     0x55674a0feb12 - <error_chain::State as core::default::Default>::default::h8306b3857e3cd82b
Oct 31 22:24:41.617 INFO blam!                         at /cargo-home/registry/src/github.com-1ecc6299db9ec823/error-chain-0.12.0/src/lib.rs:666
Oct 31 22:24:41.617 INFO blam!    4:     0x556749bb4b93 - monger::error::Error::from_kind::h46d65e3815084075
Oct 31 22:24:41.617 INFO blam!                         at /source/<::error_chain::error_chain::impl_error_chain_processed macros>:53
Oct 31 22:24:41.617 INFO blam!    5:     0x556749bb4c2c - <monger::error::Error as core::convert::From<reqwest::error::Error>>::from::h5f0cfb1784c124a1
Oct 31 22:24:41.617 INFO blam!                         at src/error.rs:1
Oct 31 22:24:41.617 INFO blam!    6:     0x556749bb7a3a - monger::client::HttpClient::download_file::hbfe2fb9c422c241c
Oct 31 22:24:41.617 INFO blam!                         at src/client.rs:26
Oct 31 22:24:41.617 INFO blam!    7:     0x556749bb0bfb - monger::client::tests::download_test::h08205f1999213b97
Oct 31 22:24:41.617 INFO blam!                         at src/client.rs:45
Oct 31 22:24:41.617 INFO blam!    8:     0x556749bb0b89 - monger::client::tests::download_test::{{closure}}::h4e220b1978b16fd5
Oct 31 22:24:41.617 INFO blam!                         at src/client.rs:43
Oct 31 22:24:41.617 INFO blam!    9:     0x556749bb191d - core::ops::function::FnOnce::call_once::h4e16cb8378e620b4
Oct 31 22:24:41.617 INFO blam!                         at libcore/ops/function.rs:238
Oct 31 22:24:41.617 INFO blam!   10:     0x556749bbba9e - test::run_test::{{closure}}::hfa3a8fd573445dff
Oct 31 22:24:41.617 INFO blam!                         at libtest/lib.rs:1468
Oct 31 22:24:41.617 INFO blam!                          - core::ops::function::FnOnce::call_once::hd862dc4104f75416
Oct 31 22:24:41.617 INFO blam!                         at libcore/ops/function.rs:238
Oct 31 22:24:41.617 INFO blam!                          - <F as alloc::boxed::FnBox<A>>::call_box::hf32558bd83684b60
Oct 31 22:24:41.617 INFO blam!                         at liballoc/boxed.rs:672
Oct 31 22:24:41.617 INFO blam!   11:     0x55674a1512f9 - __rust_maybe_catch_panic
Oct 31 22:24:41.617 INFO blam!                         at libpanic_unwind/lib.rs:102
Oct 31 22:24:41.617 INFO blam!   12:     0x556749bdd702 - std::panicking::try::h78f39a8b26f7637f
Oct 31 22:24:41.617 INFO blam!                         at libstd/panicking.rs:289
Oct 31 22:24:41.617 INFO blam!                          - std::panic::catch_unwind::haae2186b5a52d2ab
Oct 31 22:24:41.617 INFO blam!                         at libstd/panic.rs:392
Oct 31 22:24:41.617 INFO blam!                          - test::run_test::run_test_inner::{{closure}}::h65b9ec19896a6fb4
Oct 31 22:24:41.617 INFO blam!                         at libtest/lib.rs:1423
Oct 31 22:24:41.617 INFO blam!                          - std::sys_common::backtrace::__rust_begin_short_backtrace::h1bb71a7386fd3269
Oct 31 22:24:41.617 INFO blam!                         at libstd/sys_common/backtrace.rs:136
Oct 31 22:24:41.617 INFO blam!   13:     0x556749bde1b4 - std::thread::Builder::spawn::{{closure}}::{{closure}}::hfd302b4f22dc5f6d
Oct 31 22:24:41.617 INFO blam!                         at libstd/thread/mod.rs:409
Oct 31 22:24:41.617 INFO blam!                          - <std::panic::AssertUnwindSafe<F> as core::ops::function::FnOnce<()>>::call_once::h1af03ce0e837f371
Oct 31 22:24:41.617 INFO blam!                         at libstd/panic.rs:313
Oct 31 22:24:41.618 INFO blam!                          - std::panicking::try::do_call::h9b94719c3074bb5c
Oct 31 22:24:41.618 INFO blam!                         at libstd/panicking.rs:310
Oct 31 22:24:41.618 INFO blam!   14:     0x55674a1512f9 - __rust_maybe_catch_panic
Oct 31 22:24:41.618 INFO blam!                         at libpanic_unwind/lib.rs:102
Oct 31 22:24:41.618 INFO blam!   15:     0x556749bcb3dc - std::panicking::try::h2c686e96bd8a384f
Oct 31 22:24:41.618 INFO blam!                         at libstd/panicking.rs:289
Oct 31 22:24:41.618 INFO blam!                          - std::panic::catch_unwind::hed8f372b275096cf
Oct 31 22:24:41.618 INFO blam!                         at libstd/panic.rs:392
Oct 31 22:24:41.618 INFO blam!                          - std::thread::Builder::spawn::{{closure}}::h082395d62156662d
Oct 31 22:24:41.618 INFO blam!                         at libstd/thread/mod.rs:408
Oct 31 22:24:41.618 INFO blam!                          - <F as alloc::boxed::FnBox<A>>::call_box::hb3bcd66d16fd3e84
Oct 31 22:24:41.618 INFO blam!                         at liballoc/boxed.rs:672
Oct 31 22:24:41.618 INFO blam!   16:     0x55674a13e66d - <alloc::boxed::Box<(dyn alloc::boxed::FnBox<A, Output=R> + 'a)> as core::ops::function::FnOnce<A>>::call_once::h2e69ee95a52cd9a2
Oct 31 22:24:41.618 INFO blam!                         at liballoc/boxed.rs:682
Oct 31 22:24:41.618 INFO blam!                          - std::sys_common::thread::start_thread::had0c80d121669d29
Oct 31 22:24:41.618 INFO blam!                         at libstd/sys_common/thread.rs:24
Oct 31 22:24:41.618 INFO blam!   17:     0x55674a130bc5 - std::sys::unix::thread::Thread::new::thread_start::h4a5b66a70d76f47f
Oct 31 22:24:41.618 INFO blam!                         at libstd/sys/unix/thread.rs:90
Oct 31 22:24:41.618 INFO blam!   18:     0x7f1304bd86b9 - start_thread
Oct 31 22:24:41.618 INFO blam!   19:     0x7f13046f841c - clone
Oct 31 22:24:41.618 INFO blam!   20:                0x0 - <unknown>) } })', libcore/result.rs:1009:5
Oct 31 22:24:41.618 INFO blam! stack backtrace:
Oct 31 22:24:41.618 INFO blam!    0:     0x55674a13c55f - std::sys::unix::backtrace::tracing::imp::unwind_backtrace::h3c55afa80a996a32
Oct 31 22:24:41.618 INFO blam!                                at libstd/sys/unix/backtrace/tracing/gcc_s.rs:49
Oct 31 22:24:41.618 INFO blam!    1:     0x55674a1460c7 - std::sys_common::backtrace::print::hcef907ea7a07cd40
Oct 31 22:24:41.618 INFO blam!                                at libstd/sys_common/backtrace.rs:71
Oct 31 22:24:41.618 INFO blam!                                at libstd/sys_common/backtrace.rs:59
Oct 31 22:24:41.618 INFO blam!    2:     0x55674a14097f - std::panicking::default_hook::{{closure}}::hf541876c65f36ea7
Oct 31 22:24:41.618 INFO blam!                                at libstd/panicking.rs:211
Oct 31 22:24:41.618 INFO blam!    3:     0x55674a14067e - std::panicking::default_hook::h4ecc06b30ae4459d
Oct 31 22:24:41.618 INFO blam!                                at libstd/panicking.rs:221
Oct 31 22:24:41.618 INFO blam!    4:     0x55674a14105e - std::panicking::rust_panic_with_hook::h0cc6d9cc9f34a947
Oct 31 22:24:41.618 INFO blam!                                at libstd/panicking.rs:476
Oct 31 22:24:41.618 INFO blam!    5:     0x55674a140c01 - std::panicking::continue_panic_fmt::hc71ad5f01496e320
Oct 31 22:24:41.618 INFO blam!                                at libstd/panicking.rs:390
Oct 31 22:24:41.618 INFO blam!    6:     0x55674a140ae5 - rust_begin_unwind
Oct 31 22:24:41.618 INFO blam!                                at libstd/panicking.rs:325
Oct 31 22:24:41.618 INFO blam!    7:     0x55674a181fdc - core::panicking::panic_fmt::ha71638b7d4f53c35
Oct 31 22:24:41.618 INFO blam!                                at libcore/panicking.rs:77
Oct 31 22:24:41.618 INFO blam!    8:     0x556749baf07b - core::result::unwrap_failed::h3569ce7d949223f2
Oct 31 22:24:41.618 INFO blam!                                at libcore/macros.rs:26
Oct 31 22:24:41.618 INFO blam!    9:     0x556749baeed5 - <core::result::Result<T, E>>::unwrap::hfaba6a5a1e5506f3
Oct 31 22:24:41.618 INFO blam!                                at libcore/result.rs:808
Oct 31 22:24:41.618 INFO blam!   10:     0x556749bb0c12 - monger::client::tests::download_test::h08205f1999213b97
Oct 31 22:24:41.618 INFO blam!                                at src/client.rs:45
Oct 31 22:24:41.618 INFO blam!   11:     0x556749bb0b89 - monger::client::tests::download_test::{{closure}}::h4e220b1978b16fd5
Oct 31 22:24:41.618 INFO blam!                                at src/client.rs:43
Oct 31 22:24:41.618 INFO blam!   12:     0x556749bb191d - core::ops::function::FnOnce::call_once::h4e16cb8378e620b4
Oct 31 22:24:41.618 INFO blam!                                at libcore/ops/function.rs:238
Oct 31 22:24:41.618 INFO blam!   13:     0x556749bbba9e - <F as alloc::boxed::FnBox<A>>::call_box::hf32558bd83684b60
Oct 31 22:24:41.618 INFO blam!                                at libtest/lib.rs:1468
Oct 31 22:24:41.618 INFO blam!                                at libcore/ops/function.rs:238
Oct 31 22:24:41.618 INFO blam!                                at liballoc/boxed.rs:672
Oct 31 22:24:41.618 INFO blam!   14:     0x55674a1512f9 - __rust_maybe_catch_panic
Oct 31 22:24:41.618 INFO blam!                                at libpanic_unwind/lib.rs:102
Oct 31 22:24:41.618 INFO blam!   15:     0x556749bdd702 - std::sys_common::backtrace::__rust_begin_short_backtrace::h1bb71a7386fd3269
Oct 31 22:24:41.618 INFO blam!                                at libstd/panicking.rs:289
Oct 31 22:24:41.618 INFO blam!                                at libstd/panic.rs:392
Oct 31 22:24:41.618 INFO blam!                                at libtest/lib.rs:1423
Oct 31 22:24:41.618 INFO blam!                                at libstd/sys_common/backtrace.rs:136
Oct 31 22:24:41.618 INFO blam!   16:     0x556749bde1b4 - std::panicking::try::do_call::h9b94719c3074bb5c
Oct 31 22:24:41.618 INFO blam!                                at libstd/thread/mod.rs:409
Oct 31 22:24:41.618 INFO blam!                                at libstd/panic.rs:313
Oct 31 22:24:41.618 INFO blam!                                at libstd/panicking.rs:310
Oct 31 22:24:41.618 INFO blam!   17:     0x55674a1512f9 - __rust_maybe_catch_panic
Oct 31 22:24:41.618 INFO blam!                                at libpanic_unwind/lib.rs:102
Oct 31 22:24:41.618 INFO blam!   18:     0x556749bcb3dc - <F as alloc::boxed::FnBox<A>>::call_box::hb3bcd66d16fd3e84
Oct 31 22:24:41.618 INFO blam!                                at libstd/panicking.rs:289
Oct 31 22:24:41.618 INFO blam!                                at libstd/panic.rs:392
Oct 31 22:24:41.618 INFO blam!                                at libstd/thread/mod.rs:408
Oct 31 22:24:41.618 INFO blam!                                at liballoc/boxed.rs:672
Oct 31 22:24:41.618 INFO blam!   19:     0x55674a13e66d - std::sys_common::thread::start_thread::had0c80d121669d29
Oct 31 22:24:41.618 INFO blam!                                at liballoc/boxed.rs:682
Oct 31 22:24:41.618 INFO blam!                                at libstd/sys_common/thread.rs:24
Oct 31 22:24:41.618 INFO blam!   20:     0x55674a130bc5 - std::sys::unix::thread::Thread::new::thread_start::h4a5b66a70d76f47f
Oct 31 22:24:41.618 INFO blam!                                at libstd/sys/unix/thread.rs:90
Oct 31 22:24:41.618 INFO blam!   21:     0x7f1304bd86b9 - start_thread
Oct 31 22:24:41.618 INFO blam!   22:     0x7f13046f841c - clone
Oct 31 22:24:41.618 INFO blam!   23:                0x0 - <unknown>
Oct 31 22:24:41.618 INFO blam! 
Oct 31 22:24:41.619 INFO blam! 
Oct 31 22:24:41.619 INFO blam! failures:
Oct 31 22:24:41.619 INFO blam!     client::tests::download_test
Oct 31 22:24:41.619 INFO blam! 
Oct 31 22:24:41.619 INFO blam! test result: FAILED. 35 passed; 1 failed; 0 ignored; 0 measured; 0 filtered out
Oct 31 22:24:41.619 INFO blam! 
Oct 31 22:24:41.655 INFO kablam! error: test failed, to rerun pass '--bin monger'
Oct 31 22:24:41.655 INFO kablam! su: No module specific data is present
Oct 31 22:24:43.078 INFO running `"docker" "rm" "-f" "6a8f4e9bc48fa21a51309fe3b7f7945f046d8b42fcf028984a52fcc3d38b8292"`
Oct 31 22:24:43.451 INFO blam! 6a8f4e9bc48fa21a51309fe3b7f7945f046d8b42fcf028984a52fcc3d38b8292
