Oct 31 22:24:01.936 INFO testing saghm/monger against 1.30.0 for beta-1.31-1
Oct 31 22:24:01.936 INFO running `"docker" "create" "-v" "/mnt/big/crater/work/local/target-dirs/beta-1.31-1/worker-7/1.30.0:/target:rw,Z" "-v" "/mnt/big/crater/work/local/test-source/worker-7/beta-1.31-1/1.30.0:/source:ro,Z" "-v" "/mnt/big/crater/work/local/cargo-home:/cargo-home:ro,Z" "-v" "/mnt/big/crater/work/local/rustup-home:/rustup-home:ro,Z" "-e" "USER_ID=1000" "-e" "SOURCE_DIR=/source" "-e" "USER_ID=1000" "-e" "CMD=cargo +1.30.0 build --frozen" "-e" "CARGO_TARGET_DIR=/target" "-e" "CARGO_INCREMENTAL=0" "-e" "RUST_BACKTRACE=full" "-e" "RUSTFLAGS=--cap-lints=warn" "-e" "CARGO_HOME=/cargo-home" "-e" "RUSTUP_HOME=/rustup-home" "-m" "1536M" "--network" "none" "crater"`
Oct 31 22:24:02.522 INFO blam! fb338a87bb900ed2e1434bfd3121b89f826a3aa8628cc0169bc986d8413cba68
Oct 31 22:24:02.523 INFO running `"docker" "start" "-a" "fb338a87bb900ed2e1434bfd3121b89f826a3aa8628cc0169bc986d8413cba68"`
Oct 31 22:24:03.791 INFO kablam! usermod: no changes
Oct 31 22:24:04.203 INFO kablam!    Compiling rs-release v0.1.7
Oct 31 22:24:04.203 INFO kablam!    Compiling dirs v1.0.4
Oct 31 22:24:04.207 INFO kablam!    Compiling hyperx v0.13.1
Oct 31 22:24:04.207 INFO kablam!    Compiling error-chain v0.12.0
Oct 31 22:24:13.759 INFO kablam!    Compiling monger v0.5.6 (/source)
Oct 31 22:24:25.833 INFO kablam!     Finished dev [unoptimized + debuginfo] target(s) in 22.01s
Oct 31 22:24:25.851 INFO kablam! su: No module specific data is present
Oct 31 22:24:26.953 INFO running `"docker" "rm" "-f" "fb338a87bb900ed2e1434bfd3121b89f826a3aa8628cc0169bc986d8413cba68"`
Oct 31 22:24:27.275 INFO blam! fb338a87bb900ed2e1434bfd3121b89f826a3aa8628cc0169bc986d8413cba68
Oct 31 22:24:27.276 INFO running `"docker" "create" "-v" "/mnt/big/crater/work/local/target-dirs/beta-1.31-1/worker-7/1.30.0:/target:rw,Z" "-v" "/mnt/big/crater/work/local/test-source/worker-7/beta-1.31-1/1.30.0:/source:ro,Z" "-v" "/mnt/big/crater/work/local/cargo-home:/cargo-home:ro,Z" "-v" "/mnt/big/crater/work/local/rustup-home:/rustup-home:ro,Z" "-e" "USER_ID=1000" "-e" "SOURCE_DIR=/source" "-e" "USER_ID=1000" "-e" "CMD=cargo +1.30.0 test --frozen --no-run" "-e" "CARGO_TARGET_DIR=/target" "-e" "CARGO_INCREMENTAL=0" "-e" "RUST_BACKTRACE=full" "-e" "RUSTFLAGS=--cap-lints=warn" "-e" "CARGO_HOME=/cargo-home" "-e" "RUSTUP_HOME=/rustup-home" "-m" "1536M" "--network" "none" "crater"`
Oct 31 22:24:27.845 INFO blam! 43cff78343874c25995fcc33d9ff0192e1aae63aae85e08b32c17fe5f81818b5
Oct 31 22:24:27.847 INFO running `"docker" "start" "-a" "43cff78343874c25995fcc33d9ff0192e1aae63aae85e08b32c17fe5f81818b5"`
Oct 31 22:24:29.663 INFO kablam! usermod: no changes
Oct 31 22:24:29.982 INFO kablam!    Compiling monger v0.5.6 (/source)
Oct 31 22:24:38.228 INFO kablam!     Finished dev [unoptimized + debuginfo] target(s) in 8.52s
Oct 31 22:24:38.248 INFO kablam! su: No module specific data is present
Oct 31 22:24:38.967 INFO running `"docker" "rm" "-f" "43cff78343874c25995fcc33d9ff0192e1aae63aae85e08b32c17fe5f81818b5"`
Oct 31 22:24:39.359 INFO blam! 43cff78343874c25995fcc33d9ff0192e1aae63aae85e08b32c17fe5f81818b5
Oct 31 22:24:39.365 INFO running `"docker" "create" "-v" "/mnt/big/crater/work/local/target-dirs/beta-1.31-1/worker-7/1.30.0:/target:rw,Z" "-v" "/mnt/big/crater/work/local/test-source/worker-7/beta-1.31-1/1.30.0:/source:ro,Z" "-v" "/mnt/big/crater/work/local/cargo-home:/cargo-home:ro,Z" "-v" "/mnt/big/crater/work/local/rustup-home:/rustup-home:ro,Z" "-e" "USER_ID=1000" "-e" "SOURCE_DIR=/source" "-e" "USER_ID=1000" "-e" "CMD=cargo +1.30.0 test --frozen" "-e" "CARGO_TARGET_DIR=/target" "-e" "CARGO_INCREMENTAL=0" "-e" "RUST_BACKTRACE=full" "-e" "RUSTFLAGS=--cap-lints=warn" "-e" "CARGO_HOME=/cargo-home" "-e" "RUSTUP_HOME=/rustup-home" "-m" "1536M" "--network" "none" "crater"`
Oct 31 22:24:39.732 INFO blam! 69bfde66445b8d6c5252125b002128a798b16e228944040f8920cab4920035cc
Oct 31 22:24:39.739 INFO running `"docker" "start" "-a" "69bfde66445b8d6c5252125b002128a798b16e228944040f8920cab4920035cc"`
Oct 31 22:24:41.442 INFO kablam! usermod: no changes
Oct 31 22:24:41.712 INFO kablam!     Finished dev [unoptimized + debuginfo] target(s) in 0.25s
Oct 31 22:24:41.752 INFO kablam!      Running /target/debug/deps/monger-7c3123b4ab0487b9
Oct 31 22:24:41.755 INFO blam! 
Oct 31 22:24:41.755 INFO blam! running 36 tests
Oct 31 22:24:41.760 INFO blam! test os::linux::tests::debian7_path ... ok
Oct 31 22:24:41.760 INFO blam! test os::linux::tests::rhel6_path ... ok
Oct 31 22:24:41.760 INFO blam! test os::linux::tests::legacy_path ... ok
Oct 31 22:24:41.760 INFO blam! test os::linux::tests::rhel7_path ... ok
Oct 31 22:24:41.760 INFO blam! test os::linux::tests::amazon_path ... ok
Oct 31 22:24:41.763 INFO blam! test os::linux::tests::debian8_path ... ok
Oct 31 22:24:41.763 INFO blam! test os::linux::tests::ubuntu1404_path ... ok
Oct 31 22:24:41.763 INFO blam! test os::linux::tests::suse12_path ... ok
Oct 31 22:24:41.763 INFO blam! test os::linux::tests::ubuntu1204_path ... ok
Oct 31 22:24:41.763 INFO blam! test os::macos::tests::ssl_path ... ok
Oct 31 22:24:41.763 INFO blam! test os::tests::amazon_linux_url ... ok
Oct 31 22:24:41.763 INFO blam! test os::tests::debian7_linux_url ... ok
Oct 31 22:24:41.764 INFO blam! test os::linux::tests::suse11_path ... ok
Oct 31 22:24:41.764 INFO blam! test os::tests::debian8_linux_url ... ok
Oct 31 22:24:41.764 INFO blam! test os::tests::legacy_linux_url ... ok
Oct 31 22:24:41.771 INFO blam! test os::tests::nonssl_osx_url ... ok
Oct 31 22:24:41.771 INFO blam! test os::tests::rhel6_linux_url ... ok
Oct 31 22:24:41.771 INFO blam! test os::tests::rhel7_linux_url ... ok
Oct 31 22:24:41.771 INFO blam! test os::tests::server2008_r2_ssl_windows_url ... ok
Oct 31 22:24:41.771 INFO blam! test os::macos::tests::nonssl_path ... ok
Oct 31 22:24:41.771 INFO blam! test os::tests::ssl_osx_url ... ok
Oct 31 22:24:41.803 INFO blam! test os::linux::tests::ubuntu1604_x86_64_path ... ok
Oct 31 22:24:41.803 INFO blam! test os::tests::suse11_linux_url ... ok
Oct 31 22:24:41.803 INFO blam! test os::tests::server2008_r2_windows_url ... ok
Oct 31 22:24:41.803 INFO blam! test os::tests::server2008_windows_url ... ok
Oct 31 22:24:41.803 INFO blam! test os::tests::suse12_linux_url ... ok
Oct 31 22:24:41.803 INFO blam! test os::tests::ssl_macos_url ... ok
Oct 31 22:24:41.803 INFO blam! test os::linux::tests::ubuntu1604_arm_path ... ok
Oct 31 22:24:41.811 INFO blam! test os::tests::ubuntu1204_linux_url ... ok
Oct 31 22:24:41.827 INFO blam! test os::tests::ubuntu1604_x86_64_linux_url ... ok
Oct 31 22:24:41.827 INFO blam! test os::tests::ubunutu1604_arm_linux_url ... ok
Oct 31 22:24:41.827 INFO blam! test os::windows::tests::server2008_r2_path ... ok
Oct 31 22:24:41.827 INFO blam! test os::windows::tests::server2008_r2_ssl_path ... ok
Oct 31 22:24:41.827 INFO blam! test os::tests::ubunutu1404_linux_url ... ok
Oct 31 22:24:41.827 INFO blam! test os::windows::tests::server2008_path ... ok
Oct 31 22:24:42.163 INFO blam! test client::tests::download_test ... FAILED
Oct 31 22:24:42.163 INFO blam! 
Oct 31 22:24:42.163 INFO blam! failures:
Oct 31 22:24:42.163 INFO blam! 
Oct 31 22:24:42.163 INFO blam! ---- client::tests::download_test stdout ----
Oct 31 22:24:42.163 INFO blam! downloading https://httpbin.org/robots.txt...
Oct 31 22:24:42.163 INFO blam! thread 'client::tests::download_test' panicked at 'called `Result::unwrap()` on an `Err` value: Error(Http(Inner { kind: Hyper(Error { kind: Connect, cause: Some(Custom { kind: Other, error: StringError("failed to lookup address information: Temporary failure in name resolution") }) }), url: Some("https://httpbin.org/robots.txt") }), State { next_error: None, backtrace: InternalBacktrace { backtrace: Some(stack backtrace:
Oct 31 22:24:42.163 INFO blam!    0:     0x564c09d60195 - backtrace::backtrace::libunwind::trace::hf44c22fad7d74627
Oct 31 22:24:42.163 INFO blam!                         at /cargo-home/registry/src/github.com-1ecc6299db9ec823/backtrace-0.3.9/src/backtrace/libunwind.rs:53
Oct 31 22:24:42.163 INFO blam!                          - backtrace::backtrace::trace::h0749eb5dd04566a8
Oct 31 22:24:42.163 INFO blam!                         at /cargo-home/registry/src/github.com-1ecc6299db9ec823/backtrace-0.3.9/src/backtrace/mod.rs:42
Oct 31 22:24:42.163 INFO blam!    1:     0x564c09d5a92e - backtrace::capture::Backtrace::new_unresolved::h6e4fa3794f901826
Oct 31 22:24:42.163 INFO blam!                         at /cargo-home/registry/src/github.com-1ecc6299db9ec823/backtrace-0.3.9/src/capture.rs:88
Oct 31 22:24:42.163 INFO blam!    2:     0x564c09d5969f - error_chain::backtrace::imp::InternalBacktrace::new::h784adfd8e03af144
Oct 31 22:24:42.163 INFO blam!                         at /cargo-home/registry/src/github.com-1ecc6299db9ec823/error-chain-0.12.0/src/backtrace.rs:56
Oct 31 22:24:42.164 INFO blam!    3:     0x564c09d5774e - <error_chain::State as core::default::Default>::default::h64ba940203713afe
Oct 31 22:24:42.164 INFO blam!                         at /cargo-home/registry/src/github.com-1ecc6299db9ec823/error-chain-0.12.0/src/lib.rs:666
Oct 31 22:24:42.164 INFO blam!    4:     0x564c098344df - monger::error::Error::from_kind::hc82ac7f49d7f0107
Oct 31 22:24:42.164 INFO blam!                         at /source/<::error_chain::error_chain::impl_error_chain_processed macros>:53
Oct 31 22:24:42.164 INFO blam!    5:     0x564c0983457c - <monger::error::Error as core::convert::From<reqwest::error::Error>>::from::h723e28758f72867b
Oct 31 22:24:42.164 INFO blam!                         at src/error.rs:1
Oct 31 22:24:42.164 INFO blam!    6:     0x564c098374c3 - monger::client::HttpClient::download_file::h7cd19b80f0658672
Oct 31 22:24:42.164 INFO blam!                         at src/client.rs:26
Oct 31 22:24:42.164 INFO blam!    7:     0x564c0983073b - monger::client::tests::download_test::h06b1d58b21bca14b
Oct 31 22:24:42.164 INFO blam!                         at src/client.rs:45
Oct 31 22:24:42.164 INFO blam!    8:     0x564c098306c9 - monger::client::tests::download_test::{{closure}}::h24a2576d46171358
Oct 31 22:24:42.164 INFO blam!                         at src/client.rs:43
Oct 31 22:24:42.164 INFO blam!    9:     0x564c0983131d - core::ops::function::FnOnce::call_once::h927ebe492bf35c9f
Oct 31 22:24:42.164 INFO blam!                         at libcore/ops/function.rs:238
Oct 31 22:24:42.164 INFO blam!   10:     0x564c0983b27e - test::run_test::{{closure}}::hf4068a250838d27b
Oct 31 22:24:42.164 INFO blam!                         at libtest/lib.rs:1461
Oct 31 22:24:42.164 INFO blam!                          - core::ops::function::FnOnce::call_once::hdfd4feedf352750f
Oct 31 22:24:42.164 INFO blam!                         at libcore/ops/function.rs:238
Oct 31 22:24:42.164 INFO blam!                          - <F as alloc::boxed::FnBox<A>>::call_box::ha9910eac2d17ff23
Oct 31 22:24:42.164 INFO blam!                         at liballoc/boxed.rs:646
Oct 31 22:24:42.164 INFO blam!   11:     0x564c09daa0e9 - __rust_maybe_catch_panic
Oct 31 22:24:42.164 INFO blam!                         at libpanic_unwind/lib.rs:103
Oct 31 22:24:42.164 INFO blam!   12:     0x564c09846b8d - std::panicking::try::hd0ee8dcb07136cac
Oct 31 22:24:42.164 INFO blam!                         at libstd/panicking.rs:289
Oct 31 22:24:42.164 INFO blam!                          - std::panic::catch_unwind::h3d4bd0497112eda5
Oct 31 22:24:42.164 INFO blam!                         at libstd/panic.rs:392
Oct 31 22:24:42.164 INFO blam!                          - test::run_test::run_test_inner::{{closure}}::h260797d90c7e6a75
Oct 31 22:24:42.164 INFO blam!                         at libtest/lib.rs:1416
Oct 31 22:24:42.164 INFO blam!                          - std::sys_common::backtrace::__rust_begin_short_backtrace::h470b05235fe5e5ad
Oct 31 22:24:42.164 INFO blam!                         at libstd/sys_common/backtrace.rs:136
Oct 31 22:24:42.164 INFO blam!   13:     0x564c0985f1c4 - std::thread::Builder::spawn::{{closure}}::{{closure}}::h7b31ebf82e700f54
Oct 31 22:24:42.164 INFO blam!                         at libstd/thread/mod.rs:409
Oct 31 22:24:42.164 INFO blam!                          - <std::panic::AssertUnwindSafe<F> as core::ops::function::FnOnce<()>>::call_once::hd582f65cf50021bb
Oct 31 22:24:42.164 INFO blam!                         at libstd/panic.rs:313
Oct 31 22:24:42.164 INFO blam!                          - std::panicking::try::do_call::h1f0578498122cc00
Oct 31 22:24:42.164 INFO blam!                         at libstd/panicking.rs:310
Oct 31 22:24:42.164 INFO blam!   14:     0x564c09daa0e9 - __rust_maybe_catch_panic
Oct 31 22:24:42.164 INFO blam!                         at libpanic_unwind/lib.rs:103
Oct 31 22:24:42.164 INFO blam!   15:     0x564c0984fa96 - std::panicking::try::h98677b2e7ed3000c
Oct 31 22:24:42.164 INFO blam!                         at libstd/panicking.rs:289
Oct 31 22:24:42.164 INFO blam!                          - std::panic::catch_unwind::hc09c3094254e9a1f
Oct 31 22:24:42.164 INFO blam!                         at libstd/panic.rs:392
Oct 31 22:24:42.164 INFO blam!                          - std::thread::Builder::spawn::{{closure}}::h34f16bcb619e5d45
Oct 31 22:24:42.164 INFO blam!                         at libstd/thread/mod.rs:408
Oct 31 22:24:42.164 INFO blam!                          - <F as alloc::boxed::FnBox<A>>::call_box::h7b129f9f235ab460
Oct 31 22:24:42.164 INFO blam!                         at liballoc/boxed.rs:646
Oct 31 22:24:42.164 INFO blam!   16:     0x564c09d9ca5a - <alloc::boxed::Box<(dyn alloc::boxed::FnBox<A, Output=R> + 'a)> as core::ops::function::FnOnce<A>>::call_once::hd022a0500f5eee13
Oct 31 22:24:42.164 INFO blam!                         at liballoc/boxed.rs:656
Oct 31 22:24:42.164 INFO blam!                          - std::sys_common::thread::start_thread::hb77935aee02382da
Oct 31 22:24:42.164 INFO blam!                         at libstd/sys_common/thread.rs:24
Oct 31 22:24:42.164 INFO blam!   17:     0x564c09d8bc45 - std::sys::unix::thread::Thread::new::thread_start::hd61f7429b3de1d75
Oct 31 22:24:42.164 INFO blam!                         at libstd/sys/unix/thread.rs:90
Oct 31 22:24:42.164 INFO blam!   18:     0x7f44331176b9 - start_thread
Oct 31 22:24:42.164 INFO blam!   19:     0x7f4432c3741c - clone
Oct 31 22:24:42.164 INFO blam!   20:                0x0 - <unknown>) } })', libcore/result.rs:1009:5
Oct 31 22:24:42.164 INFO blam! stack backtrace:
Oct 31 22:24:42.164 INFO blam!    0:     0x564c09d9aece - std::sys::unix::backtrace::tracing::imp::unwind_backtrace::hf5316c67202e23c8
Oct 31 22:24:42.164 INFO blam!                                at libstd/sys/unix/backtrace/tracing/gcc_s.rs:49
Oct 31 22:24:42.164 INFO blam!    1:     0x564c09d8caa6 - std::sys_common::backtrace::print::h3068ed2a6dc7ac86
Oct 31 22:24:42.164 INFO blam!                                at libstd/sys_common/backtrace.rs:71
Oct 31 22:24:42.164 INFO blam!                                at libstd/sys_common/backtrace.rs:59
Oct 31 22:24:42.164 INFO blam!    2:     0x564c09d8ad1d - std::panicking::default_hook::{{closure}}::h1b9d29cc09d41897
Oct 31 22:24:42.164 INFO blam!                                at libstd/panicking.rs:211
Oct 31 22:24:42.164 INFO blam!    3:     0x564c09d8aa2b - std::panicking::default_hook::h3a27b204a313406b
Oct 31 22:24:42.164 INFO blam!                                at libstd/panicking.rs:221
Oct 31 22:24:42.164 INFO blam!    4:     0x564c09d8b3cc - std::panicking::rust_panic_with_hook::h0e12cb2fc86d00fa
Oct 31 22:24:42.164 INFO blam!                                at libstd/panicking.rs:477
Oct 31 22:24:42.164 INFO blam!    5:     0x564c09d8af89 - std::panicking::continue_panic_fmt::h141671b29fe0e27d
Oct 31 22:24:42.164 INFO blam!                                at libstd/panicking.rs:391
Oct 31 22:24:42.164 INFO blam!    6:     0x564c09d8ae85 - rust_begin_unwind
Oct 31 22:24:42.164 INFO blam!                                at libstd/panicking.rs:326
Oct 31 22:24:42.164 INFO blam!    7:     0x564c09dd584b - core::panicking::panic_fmt::h429a06507aba9228
Oct 31 22:24:42.164 INFO blam!                                at libcore/panicking.rs:77
Oct 31 22:24:42.164 INFO blam!    8:     0x564c0982eb13 - core::result::unwrap_failed::h3e69c20e75fdddb1
Oct 31 22:24:42.164 INFO blam!                                at libcore/macros.rs:26
Oct 31 22:24:42.164 INFO blam!    9:     0x564c0982e902 - <core::result::Result<T, E>>::unwrap::hf0ffccbb1f5ccea7
Oct 31 22:24:42.164 INFO blam!                                at libcore/result.rs:808
Oct 31 22:24:42.164 INFO blam!   10:     0x564c09830752 - monger::client::tests::download_test::h06b1d58b21bca14b
Oct 31 22:24:42.164 INFO blam!                                at src/client.rs:45
Oct 31 22:24:42.164 INFO blam!   11:     0x564c098306c9 - monger::client::tests::download_test::{{closure}}::h24a2576d46171358
Oct 31 22:24:42.164 INFO blam!                                at src/client.rs:43
Oct 31 22:24:42.164 INFO blam!   12:     0x564c0983131d - core::ops::function::FnOnce::call_once::h927ebe492bf35c9f
Oct 31 22:24:42.164 INFO blam!                                at libcore/ops/function.rs:238
Oct 31 22:24:42.164 INFO blam!   13:     0x564c0983b27e - <F as alloc::boxed::FnBox<A>>::call_box::ha9910eac2d17ff23
Oct 31 22:24:42.164 INFO blam!                                at libtest/lib.rs:1461
Oct 31 22:24:42.164 INFO blam!                                at libcore/ops/function.rs:238
Oct 31 22:24:42.164 INFO blam!                                at liballoc/boxed.rs:646
Oct 31 22:24:42.164 INFO blam!   14:     0x564c09daa0e9 - __rust_maybe_catch_panic
Oct 31 22:24:42.164 INFO blam!                                at libpanic_unwind/lib.rs:103
Oct 31 22:24:42.165 INFO blam!   15:     0x564c09846b8d - std::sys_common::backtrace::__rust_begin_short_backtrace::h470b05235fe5e5ad
Oct 31 22:24:42.165 INFO blam!                                at libstd/panicking.rs:289
Oct 31 22:24:42.165 INFO blam!                                at libstd/panic.rs:392
Oct 31 22:24:42.165 INFO blam!                                at libtest/lib.rs:1416
Oct 31 22:24:42.165 INFO blam!                                at libstd/sys_common/backtrace.rs:136
Oct 31 22:24:42.165 INFO blam!   16:     0x564c0985f1c4 - std::panicking::try::do_call::h1f0578498122cc00
Oct 31 22:24:42.165 INFO blam!                                at libstd/thread/mod.rs:409
Oct 31 22:24:42.165 INFO blam!                                at libstd/panic.rs:313
Oct 31 22:24:42.165 INFO blam!                                at libstd/panicking.rs:310
Oct 31 22:24:42.165 INFO blam!   17:     0x564c09daa0e9 - __rust_maybe_catch_panic
Oct 31 22:24:42.165 INFO blam!                                at libpanic_unwind/lib.rs:103
Oct 31 22:24:42.165 INFO blam!   18:     0x564c0984fa96 - <F as alloc::boxed::FnBox<A>>::call_box::h7b129f9f235ab460
Oct 31 22:24:42.165 INFO blam!                                at libstd/panicking.rs:289
Oct 31 22:24:42.165 INFO blam!                                at libstd/panic.rs:392
Oct 31 22:24:42.165 INFO blam!                                at libstd/thread/mod.rs:408
Oct 31 22:24:42.165 INFO blam!                                at liballoc/boxed.rs:646
Oct 31 22:24:42.165 INFO blam!   19:     0x564c09d9ca5a - std::sys_common::thread::start_thread::hb77935aee02382da
Oct 31 22:24:42.165 INFO blam!                                at liballoc/boxed.rs:656
Oct 31 22:24:42.165 INFO blam!                                at libstd/sys_common/thread.rs:24
Oct 31 22:24:42.165 INFO blam!   20:     0x564c09d8bc45 - std::sys::unix::thread::Thread::new::thread_start::hd61f7429b3de1d75
Oct 31 22:24:42.165 INFO blam!                                at libstd/sys/unix/thread.rs:90
Oct 31 22:24:42.165 INFO blam!   21:     0x7f44331176b9 - start_thread
Oct 31 22:24:42.165 INFO blam!   22:     0x7f4432c3741c - clone
Oct 31 22:24:42.165 INFO blam!   23:                0x0 - <unknown>
Oct 31 22:24:42.165 INFO blam! 
Oct 31 22:24:42.165 INFO blam! 
Oct 31 22:24:42.165 INFO blam! failures:
Oct 31 22:24:42.165 INFO blam!     client::tests::download_test
Oct 31 22:24:42.165 INFO blam! 
Oct 31 22:24:42.165 INFO blam! test result: FAILED. 35 passed; 1 failed; 0 ignored; 0 measured; 0 filtered out
Oct 31 22:24:42.165 INFO blam! 
Oct 31 22:24:42.172 INFO kablam! error: test failed, to rerun pass '--bin monger'
Oct 31 22:24:42.173 INFO kablam! su: No module specific data is present
Oct 31 22:24:43.267 INFO running `"docker" "rm" "-f" "69bfde66445b8d6c5252125b002128a798b16e228944040f8920cab4920035cc"`
Oct 31 22:24:43.499 INFO blam! 69bfde66445b8d6c5252125b002128a798b16e228944040f8920cab4920035cc
