Oct 31 23:24:57.477 INFO testing rharel/rust-squid-downloader against 1.30.0 for beta-1.31-1
Oct 31 23:24:57.477 INFO running `"docker" "create" "-v" "/mnt/big/crater/work/local/target-dirs/beta-1.31-1/worker-1/1.30.0:/target:rw,Z" "-v" "/mnt/big/crater/work/local/test-source/worker-1/beta-1.31-1/1.30.0:/source:ro,Z" "-v" "/mnt/big/crater/work/local/cargo-home:/cargo-home:ro,Z" "-v" "/mnt/big/crater/work/local/rustup-home:/rustup-home:ro,Z" "-e" "USER_ID=1000" "-e" "SOURCE_DIR=/source" "-e" "USER_ID=1000" "-e" "CMD=cargo +1.30.0 build --frozen" "-e" "CARGO_TARGET_DIR=/target" "-e" "CARGO_INCREMENTAL=0" "-e" "RUST_BACKTRACE=full" "-e" "RUSTFLAGS=--cap-lints=warn" "-e" "CARGO_HOME=/cargo-home" "-e" "RUSTUP_HOME=/rustup-home" "-m" "1536M" "--network" "none" "crater"`
Oct 31 23:24:57.910 INFO blam! 81aba9392355598b3e202c6fb19fe5d70514ffbac5f33f20463b7161b8de0942
Oct 31 23:24:57.923 INFO running `"docker" "start" "-a" "81aba9392355598b3e202c6fb19fe5d70514ffbac5f33f20463b7161b8de0942"`
Oct 31 23:24:59.379 INFO kablam! usermod: no changes
Oct 31 23:24:59.591 INFO kablam!    Compiling openssl v0.9.12
Oct 31 23:24:59.615 INFO kablam!    Compiling openssl-sys v0.9.12
Oct 31 23:24:59.615 INFO kablam!    Compiling unicode-bidi v0.2.6
Oct 31 23:24:59.615 INFO kablam!    Compiling num_cpus v1.4.0
Oct 31 23:24:59.615 INFO kablam!    Compiling hyper v0.10.10
Oct 31 23:25:03.924 INFO kablam!    Compiling idna v0.1.1
Oct 31 23:25:06.935 INFO kablam!    Compiling url v1.4.0
Oct 31 23:25:12.743 INFO kablam!    Compiling native-tls v0.1.2
Oct 31 23:25:22.139 INFO kablam!    Compiling hyper-native-tls v0.2.2
Oct 31 23:25:23.125 INFO kablam!    Compiling squid-downloader v0.1.0 (/source)
Oct 31 23:25:28.904 INFO kablam!     Finished dev [unoptimized + debuginfo] target(s) in 29.49s
Oct 31 23:25:28.911 INFO kablam! su: No module specific data is present
Oct 31 23:25:29.657 INFO running `"docker" "rm" "-f" "81aba9392355598b3e202c6fb19fe5d70514ffbac5f33f20463b7161b8de0942"`
Oct 31 23:25:29.963 INFO blam! 81aba9392355598b3e202c6fb19fe5d70514ffbac5f33f20463b7161b8de0942
Oct 31 23:25:29.976 INFO running `"docker" "create" "-v" "/mnt/big/crater/work/local/target-dirs/beta-1.31-1/worker-1/1.30.0:/target:rw,Z" "-v" "/mnt/big/crater/work/local/test-source/worker-1/beta-1.31-1/1.30.0:/source:ro,Z" "-v" "/mnt/big/crater/work/local/cargo-home:/cargo-home:ro,Z" "-v" "/mnt/big/crater/work/local/rustup-home:/rustup-home:ro,Z" "-e" "USER_ID=1000" "-e" "SOURCE_DIR=/source" "-e" "USER_ID=1000" "-e" "CMD=cargo +1.30.0 test --frozen --no-run" "-e" "CARGO_TARGET_DIR=/target" "-e" "CARGO_INCREMENTAL=0" "-e" "RUST_BACKTRACE=full" "-e" "RUSTFLAGS=--cap-lints=warn" "-e" "CARGO_HOME=/cargo-home" "-e" "RUSTUP_HOME=/rustup-home" "-m" "1536M" "--network" "none" "crater"`
Oct 31 23:25:30.350 INFO blam! 4006b38af61483c72d0c5c30d44651cecca0494e28ff51cb4c16ce0fa9231bf5
Oct 31 23:25:30.351 INFO running `"docker" "start" "-a" "4006b38af61483c72d0c5c30d44651cecca0494e28ff51cb4c16ce0fa9231bf5"`
Oct 31 23:25:32.407 INFO kablam! usermod: no changes
Oct 31 23:25:32.619 INFO kablam!    Compiling squid-downloader v0.1.0 (/source)
Oct 31 23:25:36.963 INFO kablam!     Finished dev [unoptimized + debuginfo] target(s) in 4.53s
Oct 31 23:25:36.971 INFO kablam! su: No module specific data is present
Oct 31 23:25:38.610 INFO running `"docker" "rm" "-f" "4006b38af61483c72d0c5c30d44651cecca0494e28ff51cb4c16ce0fa9231bf5"`
Oct 31 23:25:38.997 INFO blam! 4006b38af61483c72d0c5c30d44651cecca0494e28ff51cb4c16ce0fa9231bf5
Oct 31 23:25:39.003 INFO running `"docker" "create" "-v" "/mnt/big/crater/work/local/target-dirs/beta-1.31-1/worker-1/1.30.0:/target:rw,Z" "-v" "/mnt/big/crater/work/local/test-source/worker-1/beta-1.31-1/1.30.0:/source:ro,Z" "-v" "/mnt/big/crater/work/local/cargo-home:/cargo-home:ro,Z" "-v" "/mnt/big/crater/work/local/rustup-home:/rustup-home:ro,Z" "-e" "USER_ID=1000" "-e" "SOURCE_DIR=/source" "-e" "USER_ID=1000" "-e" "CMD=cargo +1.30.0 test --frozen" "-e" "CARGO_TARGET_DIR=/target" "-e" "CARGO_INCREMENTAL=0" "-e" "RUST_BACKTRACE=full" "-e" "RUSTFLAGS=--cap-lints=warn" "-e" "CARGO_HOME=/cargo-home" "-e" "RUSTUP_HOME=/rustup-home" "-m" "1536M" "--network" "none" "crater"`
Oct 31 23:25:39.438 INFO blam! 846c889fc86e2592f8a36f47b543d914c0797fed43b5a30c749fe64525bdd667
Oct 31 23:25:39.440 INFO running `"docker" "start" "-a" "846c889fc86e2592f8a36f47b543d914c0797fed43b5a30c749fe64525bdd667"`
Oct 31 23:25:41.362 INFO kablam! usermod: no changes
Oct 31 23:25:41.566 INFO kablam!     Finished dev [unoptimized + debuginfo] target(s) in 0.16s
Oct 31 23:25:41.582 INFO kablam!      Running /target/debug/deps/squid-403c9c7601023afa
Oct 31 23:25:41.596 INFO blam! 
Oct 31 23:25:41.596 INFO blam! running 3 tests
Oct 31 23:25:41.597 INFO blam! test download::tests::new ... ignored
Oct 31 23:25:41.631 INFO blam! test download::tests::new_with_invalid_target_url ... ok
Oct 31 23:25:41.723 INFO blam! test download::tests::new_with_invalid_output_directory ... FAILED
Oct 31 23:25:41.723 INFO blam! 
Oct 31 23:25:41.723 INFO blam! failures:
Oct 31 23:25:41.723 INFO blam! 
Oct 31 23:25:41.723 INFO blam! ---- download::tests::new_with_invalid_output_directory stdout ----
Oct 31 23:25:41.723 INFO blam! thread 'download::tests::new_with_invalid_output_directory' panicked at 'Expected an output-related error, got 'Err(Http(Io(Custom { kind: Other, error: StringError("failed to lookup address information: Temporary failure in name resolution") })))' instead.', src/download.rs:928:16
Oct 31 23:25:41.723 INFO blam! stack backtrace:
Oct 31 23:25:41.723 INFO blam!    0:     0x5580b391dabe - std::sys::unix::backtrace::tracing::imp::unwind_backtrace::hf5316c67202e23c8
Oct 31 23:25:41.724 INFO blam!                                at libstd/sys/unix/backtrace/tracing/gcc_s.rs:49
Oct 31 23:25:41.724 INFO blam!    1:     0x5580b390fd96 - std::sys_common::backtrace::print::h3068ed2a6dc7ac86
Oct 31 23:25:41.724 INFO blam!                                at libstd/sys_common/backtrace.rs:71
Oct 31 23:25:41.724 INFO blam!                                at libstd/sys_common/backtrace.rs:59
Oct 31 23:25:41.724 INFO blam!    2:     0x5580b390e0ad - std::panicking::default_hook::{{closure}}::h1b9d29cc09d41897
Oct 31 23:25:41.724 INFO blam!                                at libstd/panicking.rs:211
Oct 31 23:25:41.724 INFO blam!    3:     0x5580b390ddbb - std::panicking::default_hook::h3a27b204a313406b
Oct 31 23:25:41.724 INFO blam!                                at libstd/panicking.rs:221
Oct 31 23:25:41.724 INFO blam!    4:     0x5580b390e75c - std::panicking::rust_panic_with_hook::h0e12cb2fc86d00fa
Oct 31 23:25:41.724 INFO blam!                                at libstd/panicking.rs:477
Oct 31 23:25:41.724 INFO blam!    5:     0x5580b390e319 - std::panicking::continue_panic_fmt::h141671b29fe0e27d
Oct 31 23:25:41.724 INFO blam!                                at libstd/panicking.rs:391
Oct 31 23:25:41.724 INFO blam!    6:     0x5580b390e27d - std::panicking::begin_panic_fmt::h598547fc766c278a
Oct 31 23:25:41.724 INFO blam!                                at libstd/panicking.rs:346
Oct 31 23:25:41.724 INFO blam!    7:     0x5580b37d4524 - squid::download::tests::new_with_invalid_output_directory::h77d502f7aacdb4fc
Oct 31 23:25:41.724 INFO blam!                                at src/download.rs:928
Oct 31 23:25:41.724 INFO blam!    8:     0x5580b37d4379 - squid::download::tests::new_with_invalid_output_directory::{{closure}}::he2475e042277b972
Oct 31 23:25:41.724 INFO blam!                                at src/download.rs:917
Oct 31 23:25:41.724 INFO blam!    9:     0x5580b37c06cd - core::ops::function::FnOnce::call_once::h275a178f2717af59
Oct 31 23:25:41.724 INFO blam!                                at libcore/ops/function.rs:238
Oct 31 23:25:41.724 INFO blam!   10:     0x5580b37d6cfe - <F as alloc::boxed::FnBox<A>>::call_box::ha9910eac2d17ff23
Oct 31 23:25:41.724 INFO blam!                                at libtest/lib.rs:1461
Oct 31 23:25:41.724 INFO blam!                                at libcore/ops/function.rs:238
Oct 31 23:25:41.724 INFO blam!                                at liballoc/boxed.rs:646
Oct 31 23:25:41.724 INFO blam!   11:     0x5580b392d1c9 - __rust_maybe_catch_panic
Oct 31 23:25:41.724 INFO blam!                                at libpanic_unwind/lib.rs:103
Oct 31 23:25:41.724 INFO blam!   12:     0x5580b37e260d - std::sys_common::backtrace::__rust_begin_short_backtrace::h470b05235fe5e5ad
Oct 31 23:25:41.724 INFO blam!                                at libstd/panicking.rs:289
Oct 31 23:25:41.724 INFO blam!                                at libstd/panic.rs:392
Oct 31 23:25:41.724 INFO blam!                                at libtest/lib.rs:1416
Oct 31 23:25:41.724 INFO blam!                                at libstd/sys_common/backtrace.rs:136
Oct 31 23:25:41.724 INFO blam!   13:     0x5580b37fac44 - std::panicking::try::do_call::h1f0578498122cc00
Oct 31 23:25:41.724 INFO blam!                                at libstd/thread/mod.rs:409
Oct 31 23:25:41.724 INFO blam!                                at libstd/panic.rs:313
Oct 31 23:25:41.724 INFO blam!                                at libstd/panicking.rs:310
Oct 31 23:25:41.724 INFO blam!   14:     0x5580b392d1c9 - __rust_maybe_catch_panic
Oct 31 23:25:41.724 INFO blam!                                at libpanic_unwind/lib.rs:103
Oct 31 23:25:41.724 INFO blam!   15:     0x5580b37eb516 - <F as alloc::boxed::FnBox<A>>::call_box::h7b129f9f235ab460
Oct 31 23:25:41.724 INFO blam!                                at libstd/panicking.rs:289
Oct 31 23:25:41.724 INFO blam!                                at libstd/panic.rs:392
Oct 31 23:25:41.724 INFO blam!                                at libstd/thread/mod.rs:408
Oct 31 23:25:41.724 INFO blam!                                at liballoc/boxed.rs:646
Oct 31 23:25:41.724 INFO blam!   16:     0x5580b391f60a - std::sys_common::thread::start_thread::hb77935aee02382da
Oct 31 23:25:41.724 INFO blam!                                at liballoc/boxed.rs:656
Oct 31 23:25:41.724 INFO blam!                                at libstd/sys_common/thread.rs:24
Oct 31 23:25:41.724 INFO blam!   17:     0x5580b390efd5 - std::sys::unix::thread::Thread::new::thread_start::hd61f7429b3de1d75
Oct 31 23:25:41.724 INFO blam!                                at libstd/sys/unix/thread.rs:90
Oct 31 23:25:41.724 INFO blam!   18:     0x7fab1406f6b9 - start_thread
Oct 31 23:25:41.724 INFO blam!   19:     0x7fab13b8f41c - clone
Oct 31 23:25:41.724 INFO blam!   20:                0x0 - <unknown>
Oct 31 23:25:41.724 INFO blam! 
Oct 31 23:25:41.724 INFO blam! 
Oct 31 23:25:41.724 INFO blam! failures:
Oct 31 23:25:41.724 INFO blam!     download::tests::new_with_invalid_output_directory
Oct 31 23:25:41.724 INFO blam! 
Oct 31 23:25:41.724 INFO blam! test result: FAILED. 1 passed; 1 failed; 1 ignored; 0 measured; 0 filtered out
Oct 31 23:25:41.724 INFO blam! 
Oct 31 23:25:41.739 INFO kablam! error: test failed, to rerun pass '--lib'
Oct 31 23:25:41.740 INFO kablam! su: No module specific data is present
Oct 31 23:25:43.218 INFO running `"docker" "rm" "-f" "846c889fc86e2592f8a36f47b543d914c0797fed43b5a30c749fe64525bdd667"`
Oct 31 23:25:43.541 INFO blam! 846c889fc86e2592f8a36f47b543d914c0797fed43b5a30c749fe64525bdd667
