Oct 31 23:41:59.775 INFO testing raventid/soap-rs against 1.30.0 for beta-1.31-1
Oct 31 23:41:59.776 INFO running `"docker" "create" "-v" "/mnt/big/crater/work/local/target-dirs/beta-1.31-1/worker-5/1.30.0:/target:rw,Z" "-v" "/mnt/big/crater/work/local/test-source/worker-5/beta-1.31-1/1.30.0:/source:ro,Z" "-v" "/mnt/big/crater/work/local/cargo-home:/cargo-home:ro,Z" "-v" "/mnt/big/crater/work/local/rustup-home:/rustup-home:ro,Z" "-e" "USER_ID=1000" "-e" "SOURCE_DIR=/source" "-e" "USER_ID=1000" "-e" "CMD=cargo +1.30.0 build --frozen" "-e" "CARGO_TARGET_DIR=/target" "-e" "CARGO_INCREMENTAL=0" "-e" "RUST_BACKTRACE=full" "-e" "RUSTFLAGS=--cap-lints=warn" "-e" "CARGO_HOME=/cargo-home" "-e" "RUSTUP_HOME=/rustup-home" "-m" "1536M" "--network" "none" "crater"`
Oct 31 23:42:00.244 INFO blam! 864a249be900f9cb4a31e077f141fd457b5a773cfce2bf54223ca983e54afea0
Oct 31 23:42:00.247 INFO running `"docker" "start" "-a" "864a249be900f9cb4a31e077f141fd457b5a773cfce2bf54223ca983e54afea0"`
Oct 31 23:42:01.743 INFO kablam! usermod: no changes
Oct 31 23:42:01.979 INFO kablam!    Compiling cc v1.0.5
Oct 31 23:42:01.979 INFO kablam!    Compiling time v0.1.39
Oct 31 23:42:01.979 INFO kablam!    Compiling xml-rs v0.4.1
Oct 31 23:42:05.360 INFO kablam!    Compiling hyper v0.10.13
Oct 31 23:42:09.715 INFO kablam!    Compiling backtrace-sys v0.1.16
Oct 31 23:42:26.188 INFO kablam!    Compiling backtrace v0.3.5
Oct 31 23:42:27.031 INFO kablam!    Compiling error-chain v0.10.0
Oct 31 23:42:27.810 INFO kablam!    Compiling soap v0.0.1 (/source)
Oct 31 23:42:29.759 INFO kablam!     Finished dev [unoptimized + debuginfo] target(s) in 27.97s
Oct 31 23:42:29.771 INFO kablam! su: No module specific data is present
Oct 31 23:42:30.309 INFO running `"docker" "rm" "-f" "864a249be900f9cb4a31e077f141fd457b5a773cfce2bf54223ca983e54afea0"`
Oct 31 23:42:30.439 INFO blam! 864a249be900f9cb4a31e077f141fd457b5a773cfce2bf54223ca983e54afea0
Oct 31 23:42:30.445 INFO running `"docker" "create" "-v" "/mnt/big/crater/work/local/target-dirs/beta-1.31-1/worker-5/1.30.0:/target:rw,Z" "-v" "/mnt/big/crater/work/local/test-source/worker-5/beta-1.31-1/1.30.0:/source:ro,Z" "-v" "/mnt/big/crater/work/local/cargo-home:/cargo-home:ro,Z" "-v" "/mnt/big/crater/work/local/rustup-home:/rustup-home:ro,Z" "-e" "USER_ID=1000" "-e" "SOURCE_DIR=/source" "-e" "USER_ID=1000" "-e" "CMD=cargo +1.30.0 test --frozen --no-run" "-e" "CARGO_TARGET_DIR=/target" "-e" "CARGO_INCREMENTAL=0" "-e" "RUST_BACKTRACE=full" "-e" "RUSTFLAGS=--cap-lints=warn" "-e" "CARGO_HOME=/cargo-home" "-e" "RUSTUP_HOME=/rustup-home" "-m" "1536M" "--network" "none" "crater"`
Oct 31 23:42:30.636 INFO blam! ebfa3b85c6b5bb1bca22706d4bea936889eac7d6c2dea7c37835f54f7254488c
Oct 31 23:42:30.637 INFO running `"docker" "start" "-a" "ebfa3b85c6b5bb1bca22706d4bea936889eac7d6c2dea7c37835f54f7254488c"`
Oct 31 23:42:31.044 INFO kablam! usermod: no changes
Oct 31 23:42:31.147 INFO kablam!    Compiling soap v0.0.1 (/source)
Oct 31 23:42:34.882 INFO kablam!     Finished dev [unoptimized + debuginfo] target(s) in 3.82s
Oct 31 23:42:34.891 INFO kablam! su: No module specific data is present
Oct 31 23:42:35.601 INFO running `"docker" "rm" "-f" "ebfa3b85c6b5bb1bca22706d4bea936889eac7d6c2dea7c37835f54f7254488c"`
Oct 31 23:42:35.892 INFO blam! ebfa3b85c6b5bb1bca22706d4bea936889eac7d6c2dea7c37835f54f7254488c
Oct 31 23:42:35.893 INFO running `"docker" "create" "-v" "/mnt/big/crater/work/local/target-dirs/beta-1.31-1/worker-5/1.30.0:/target:rw,Z" "-v" "/mnt/big/crater/work/local/test-source/worker-5/beta-1.31-1/1.30.0:/source:ro,Z" "-v" "/mnt/big/crater/work/local/cargo-home:/cargo-home:ro,Z" "-v" "/mnt/big/crater/work/local/rustup-home:/rustup-home:ro,Z" "-e" "USER_ID=1000" "-e" "SOURCE_DIR=/source" "-e" "USER_ID=1000" "-e" "CMD=cargo +1.30.0 test --frozen" "-e" "CARGO_TARGET_DIR=/target" "-e" "CARGO_INCREMENTAL=0" "-e" "RUST_BACKTRACE=full" "-e" "RUSTFLAGS=--cap-lints=warn" "-e" "CARGO_HOME=/cargo-home" "-e" "RUSTUP_HOME=/rustup-home" "-m" "1536M" "--network" "none" "crater"`
Oct 31 23:42:36.156 INFO blam! daf9c306e9dd40bcaf4ce3e702ae0deb852a2eae009559151b327d91261bded7
Oct 31 23:42:36.163 INFO running `"docker" "start" "-a" "daf9c306e9dd40bcaf4ce3e702ae0deb852a2eae009559151b327d91261bded7"`
Oct 31 23:42:37.339 INFO kablam! usermod: no changes
Oct 31 23:42:37.539 INFO kablam!     Finished dev [unoptimized + debuginfo] target(s) in 0.17s
Oct 31 23:42:37.547 INFO kablam!      Running /target/debug/deps/soap-295820f3d8a81af5
Oct 31 23:42:37.547 INFO blam! 
Oct 31 23:42:37.547 INFO blam! running 6 tests
Oct 31 23:42:37.547 INFO blam! test wsdl::schema::tests::must_check_depth ... ok
Oct 31 23:42:37.563 INFO blam! test wsdl::file::tests::load_file_test ... ok
Oct 31 23:42:37.563 INFO blam! test wsdl::file::tests::load_file_fail_test ... ok
Oct 31 23:42:37.563 INFO blam! test tests::it_works ... ok
Oct 31 23:42:37.711 INFO blam! test wsdl::http::tests::get_url_fail_test ... ok
Oct 31 23:42:37.727 INFO blam! test wsdl::http::tests::get_url_test ... FAILED
Oct 31 23:42:37.727 INFO blam! 
Oct 31 23:42:37.727 INFO blam! failures:
Oct 31 23:42:37.727 INFO blam! 
Oct 31 23:42:37.727 INFO blam! ---- wsdl::http::tests::get_url_test stdout ----
Oct 31 23:42:37.727 INFO blam! thread 'wsdl::http::tests::get_url_test' panicked at 'assertion failed: result.is_ok()', src/wsdl/http.rs:25:9
Oct 31 23:42:37.727 INFO blam! stack backtrace:
Oct 31 23:42:37.727 INFO blam!    0:     0x563e6e17a27e - std::sys::unix::backtrace::tracing::imp::unwind_backtrace::hf5316c67202e23c8
Oct 31 23:42:37.727 INFO blam!                                at libstd/sys/unix/backtrace/tracing/gcc_s.rs:49
Oct 31 23:42:37.727 INFO blam!    1:     0x563e6e16c536 - std::sys_common::backtrace::print::h3068ed2a6dc7ac86
Oct 31 23:42:37.727 INFO blam!                                at libstd/sys_common/backtrace.rs:71
Oct 31 23:42:37.727 INFO blam!                                at libstd/sys_common/backtrace.rs:59
Oct 31 23:42:37.727 INFO blam!    2:     0x563e6e16a90d - std::panicking::default_hook::{{closure}}::h1b9d29cc09d41897
Oct 31 23:42:37.727 INFO blam!                                at libstd/panicking.rs:211
Oct 31 23:42:37.727 INFO blam!    3:     0x563e6e16a61b - std::panicking::default_hook::h3a27b204a313406b
Oct 31 23:42:37.727 INFO blam!                                at libstd/panicking.rs:221
Oct 31 23:42:37.727 INFO blam!    4:     0x563e6e16afbc - std::panicking::rust_panic_with_hook::h0e12cb2fc86d00fa
Oct 31 23:42:37.727 INFO blam!                                at libstd/panicking.rs:477
Oct 31 23:42:37.727 INFO blam!    5:     0x563e6e05c24f - std::panicking::begin_panic::hf51283fb8faec84f
Oct 31 23:42:37.727 INFO blam!                                at libstd/panicking.rs:411
Oct 31 23:42:37.727 INFO blam!    6:     0x563e6dff8876 - soap::wsdl::http::tests::get_url_test::h439bceddacca6833
Oct 31 23:42:37.727 INFO blam!                                at src/wsdl/http.rs:25
Oct 31 23:42:37.727 INFO blam!    7:     0x563e6dff87e9 - soap::wsdl::http::tests::get_url_test::{{closure}}::hc1a5af4ce2474ba5
Oct 31 23:42:37.727 INFO blam!                                at src/wsdl/http.rs:22
Oct 31 23:42:37.727 INFO blam!    8:     0x563e6dfe717d - core::ops::function::FnOnce::call_once::h6868848026b75664
Oct 31 23:42:37.727 INFO blam!                                at libcore/ops/function.rs:238
Oct 31 23:42:37.727 INFO blam!    9:     0x563e6dffa85e - <F as alloc::boxed::FnBox<A>>::call_box::ha9910eac2d17ff23
Oct 31 23:42:37.727 INFO blam!                                at libtest/lib.rs:1461
Oct 31 23:42:37.727 INFO blam!                                at libcore/ops/function.rs:238
Oct 31 23:42:37.727 INFO blam!                                at liballoc/boxed.rs:646
Oct 31 23:42:37.727 INFO blam!   10:     0x563e6e1891e9 - __rust_maybe_catch_panic
Oct 31 23:42:37.727 INFO blam!                                at libpanic_unwind/lib.rs:103
Oct 31 23:42:37.727 INFO blam!   11:     0x563e6e00616d - std::sys_common::backtrace::__rust_begin_short_backtrace::h470b05235fe5e5ad
Oct 31 23:42:37.727 INFO blam!                                at libstd/panicking.rs:289
Oct 31 23:42:37.727 INFO blam!                                at libstd/panic.rs:392
Oct 31 23:42:37.727 INFO blam!                                at libtest/lib.rs:1416
Oct 31 23:42:37.727 INFO blam!                                at libstd/sys_common/backtrace.rs:136
Oct 31 23:42:37.727 INFO blam!   12:     0x563e6e01e7a4 - std::panicking::try::do_call::h1f0578498122cc00
Oct 31 23:42:37.727 INFO blam!                                at libstd/thread/mod.rs:409
Oct 31 23:42:37.727 INFO blam!                                at libstd/panic.rs:313
Oct 31 23:42:37.727 INFO blam!                                at libstd/panicking.rs:310
Oct 31 23:42:37.727 INFO blam!   13:     0x563e6e1891e9 - __rust_maybe_catch_panic
Oct 31 23:42:37.727 INFO blam!                                at libpanic_unwind/lib.rs:103
Oct 31 23:42:37.727 INFO blam!   14:     0x563e6e00f076 - <F as alloc::boxed::FnBox<A>>::call_box::h7b129f9f235ab460
Oct 31 23:42:37.727 INFO blam!                                at libstd/panicking.rs:289
Oct 31 23:42:37.727 INFO blam!                                at libstd/panic.rs:392
Oct 31 23:42:37.727 INFO blam!                                at libstd/thread/mod.rs:408
Oct 31 23:42:37.727 INFO blam!                                at liballoc/boxed.rs:646
Oct 31 23:42:37.727 INFO blam!   15:     0x563e6e17bd8a - std::sys_common::thread::start_thread::hb77935aee02382da
Oct 31 23:42:37.727 INFO blam!                                at liballoc/boxed.rs:656
Oct 31 23:42:37.727 INFO blam!                                at libstd/sys_common/thread.rs:24
Oct 31 23:42:37.727 INFO blam!   16:     0x563e6e16b775 - std::sys::unix::thread::Thread::new::thread_start::hd61f7429b3de1d75
Oct 31 23:42:37.727 INFO blam!                                at libstd/sys/unix/thread.rs:90
Oct 31 23:42:37.727 INFO blam!   17:     0x7f838e0dc6b9 - start_thread
Oct 31 23:42:37.727 INFO blam!   18:     0x7f838dbfc41c - clone
Oct 31 23:42:37.727 INFO blam!   19:                0x0 - <unknown>
Oct 31 23:42:37.727 INFO blam! 
Oct 31 23:42:37.727 INFO blam! 
Oct 31 23:42:37.727 INFO blam! failures:
Oct 31 23:42:37.727 INFO blam!     wsdl::http::tests::get_url_test
Oct 31 23:42:37.727 INFO blam! 
Oct 31 23:42:37.727 INFO blam! test result: FAILED. 5 passed; 1 failed; 0 ignored; 0 measured; 0 filtered out
Oct 31 23:42:37.727 INFO blam! 
Oct 31 23:42:37.734 INFO kablam! error: test failed, to rerun pass '--lib'
Oct 31 23:42:37.735 INFO kablam! su: No module specific data is present
Oct 31 23:42:38.515 INFO running `"docker" "rm" "-f" "daf9c306e9dd40bcaf4ce3e702ae0deb852a2eae009559151b327d91261bded7"`
Oct 31 23:42:38.775 INFO blam! daf9c306e9dd40bcaf4ce3e702ae0deb852a2eae009559151b327d91261bded7
