Nov 01 00:36:50.492 INFO testing peterdn/shutter against beta-2018-10-30 for beta-1.31-1
Nov 01 00:36:50.494 INFO running `"docker" "create" "-v" "/mnt/big/crater/work/local/target-dirs/beta-1.31-1/worker-0/beta-2018-10-30:/target:rw,Z" "-v" "/mnt/big/crater/work/local/test-source/worker-0/beta-1.31-1/beta-2018-10-30:/source:ro,Z" "-v" "/mnt/big/crater/work/local/cargo-home:/cargo-home:ro,Z" "-v" "/mnt/big/crater/work/local/rustup-home:/rustup-home:ro,Z" "-e" "USER_ID=1000" "-e" "SOURCE_DIR=/source" "-e" "USER_ID=1000" "-e" "CMD=cargo +beta-2018-10-30 build --frozen" "-e" "CARGO_TARGET_DIR=/target" "-e" "CARGO_INCREMENTAL=0" "-e" "RUST_BACKTRACE=full" "-e" "RUSTFLAGS=--cap-lints=warn" "-e" "CARGO_HOME=/cargo-home" "-e" "RUSTUP_HOME=/rustup-home" "-m" "1536M" "--network" "none" "crater"`
Nov 01 00:36:50.947 INFO blam! 1ab2fbcc1d5663e863ae4f534c652fa2c326ebd5f3c4de56055ad11555f48152
Nov 01 00:36:50.950 INFO running `"docker" "start" "-a" "1ab2fbcc1d5663e863ae4f534c652fa2c326ebd5f3c4de56055ad11555f48152"`
Nov 01 00:36:52.310 INFO kablam! usermod: no changes
Nov 01 00:36:52.691 INFO kablam!    Compiling serde v1.0.64
Nov 01 00:36:52.691 INFO kablam!    Compiling openssl-sys v0.9.31
Nov 01 00:36:52.691 INFO kablam!    Compiling clap v2.31.2
Nov 01 00:36:52.691 INFO kablam!    Compiling backtrace-sys v0.1.23
Nov 01 00:36:52.691 INFO kablam!    Compiling syn v0.14.1
Nov 01 00:36:52.691 INFO kablam!    Compiling rayon-core v1.4.0
Nov 01 00:36:52.691 INFO kablam!    Compiling tokio-core v0.1.17
Nov 01 00:36:53.795 INFO kablam!    Compiling backtrace v0.3.8
Nov 01 00:36:57.999 INFO kablam!    Compiling failure v0.1.1
Nov 01 00:36:58.135 INFO kablam!    Compiling openssl v0.9.24
Nov 01 00:37:03.127 INFO kablam!    Compiling tokio-proto v0.1.1
Nov 01 00:37:03.127 INFO kablam!    Compiling rayon v1.0.1
Nov 01 00:37:11.959 INFO kablam!    Compiling hyper v0.11.27
Nov 01 00:37:27.675 INFO kablam!    Compiling native-tls v0.1.5
Nov 01 00:37:29.231 INFO kablam!    Compiling serde_derive v1.0.65
Nov 01 00:37:30.283 INFO kablam!    Compiling tokio-tls v0.1.4
Nov 01 00:37:35.107 INFO kablam!    Compiling hyper-tls v0.1.3
Nov 01 00:37:35.333 INFO kablam!    Compiling serde_urlencoded v0.5.2
Nov 01 00:37:35.333 INFO kablam!    Compiling serde_json v1.0.19
Nov 01 00:37:39.231 INFO kablam!    Compiling reqwest v0.8.6
Nov 01 00:37:47.849 INFO kablam!    Compiling instagram-scraper v0.1.0 (/source)
Nov 01 00:37:59.111 INFO kablam!     Finished dev [unoptimized + debuginfo] target(s) in 1m 06s
Nov 01 00:37:59.131 INFO kablam! su: No module specific data is present
Nov 01 00:37:59.857 INFO running `"docker" "rm" "-f" "1ab2fbcc1d5663e863ae4f534c652fa2c326ebd5f3c4de56055ad11555f48152"`
Nov 01 00:38:00.171 INFO blam! 1ab2fbcc1d5663e863ae4f534c652fa2c326ebd5f3c4de56055ad11555f48152
Nov 01 00:38:00.179 INFO running `"docker" "create" "-v" "/mnt/big/crater/work/local/target-dirs/beta-1.31-1/worker-0/beta-2018-10-30:/target:rw,Z" "-v" "/mnt/big/crater/work/local/test-source/worker-0/beta-1.31-1/beta-2018-10-30:/source:ro,Z" "-v" "/mnt/big/crater/work/local/cargo-home:/cargo-home:ro,Z" "-v" "/mnt/big/crater/work/local/rustup-home:/rustup-home:ro,Z" "-e" "USER_ID=1000" "-e" "SOURCE_DIR=/source" "-e" "USER_ID=1000" "-e" "CMD=cargo +beta-2018-10-30 test --frozen --no-run" "-e" "CARGO_TARGET_DIR=/target" "-e" "CARGO_INCREMENTAL=0" "-e" "RUST_BACKTRACE=full" "-e" "RUSTFLAGS=--cap-lints=warn" "-e" "CARGO_HOME=/cargo-home" "-e" "RUSTUP_HOME=/rustup-home" "-m" "1536M" "--network" "none" "crater"`
Nov 01 00:38:01.107 INFO blam! 575b874e15d90729d78ff87466651f98a4cc8afdaa03bbb0bba93c9064d7734c
Nov 01 00:38:01.110 INFO running `"docker" "start" "-a" "575b874e15d90729d78ff87466651f98a4cc8afdaa03bbb0bba93c9064d7734c"`
Nov 01 00:38:02.455 INFO kablam! usermod: no changes
Nov 01 00:38:02.795 INFO kablam!    Compiling assert_matches v1.2.0
Nov 01 00:38:03.043 INFO kablam!    Compiling instagram-scraper v0.1.0 (/source)
Nov 01 00:38:11.411 INFO kablam!     Finished dev [unoptimized + debuginfo] target(s) in 8.92s
Nov 01 00:38:11.427 INFO kablam! su: No module specific data is present
Nov 01 00:38:12.087 INFO running `"docker" "rm" "-f" "575b874e15d90729d78ff87466651f98a4cc8afdaa03bbb0bba93c9064d7734c"`
Nov 01 00:38:12.415 INFO blam! 575b874e15d90729d78ff87466651f98a4cc8afdaa03bbb0bba93c9064d7734c
Nov 01 00:38:12.424 INFO running `"docker" "create" "-v" "/mnt/big/crater/work/local/target-dirs/beta-1.31-1/worker-0/beta-2018-10-30:/target:rw,Z" "-v" "/mnt/big/crater/work/local/test-source/worker-0/beta-1.31-1/beta-2018-10-30:/source:ro,Z" "-v" "/mnt/big/crater/work/local/cargo-home:/cargo-home:ro,Z" "-v" "/mnt/big/crater/work/local/rustup-home:/rustup-home:ro,Z" "-e" "USER_ID=1000" "-e" "SOURCE_DIR=/source" "-e" "USER_ID=1000" "-e" "CMD=cargo +beta-2018-10-30 test --frozen" "-e" "CARGO_TARGET_DIR=/target" "-e" "CARGO_INCREMENTAL=0" "-e" "RUST_BACKTRACE=full" "-e" "RUSTFLAGS=--cap-lints=warn" "-e" "CARGO_HOME=/cargo-home" "-e" "RUSTUP_HOME=/rustup-home" "-m" "1536M" "--network" "none" "crater"`
Nov 01 00:38:12.855 INFO blam! 025087f3c4f30ed7ecfeb2d1f0307540a07655ba512a9dfddd1b99258bd6ee64
Nov 01 00:38:12.868 INFO running `"docker" "start" "-a" "025087f3c4f30ed7ecfeb2d1f0307540a07655ba512a9dfddd1b99258bd6ee64"`
Nov 01 00:38:14.135 INFO kablam! usermod: no changes
Nov 01 00:38:14.431 INFO kablam!     Finished dev [unoptimized + debuginfo] target(s) in 0.26s
Nov 01 00:38:14.449 INFO kablam!      Running /target/debug/deps/shutter-fbcbbab6a4894116
Nov 01 00:38:14.452 INFO blam! 
Nov 01 00:38:14.452 INFO blam! running 4 tests
Nov 01 00:38:14.452 INFO blam! test profile::tests::test_from_json_profile ... ok
Nov 01 00:38:14.453 INFO blam! test scrape::tests::test_get_profile_json_data ... ok
Nov 01 00:38:14.459 INFO blam! test scrape::tests::test_extract_instagram_json_text ... ok
Nov 01 00:38:14.592 INFO blam! test profile::tests::test_get_instagram_profile ... FAILED
Nov 01 00:38:14.592 INFO blam! 
Nov 01 00:38:14.592 INFO blam! failures:
Nov 01 00:38:14.592 INFO blam! 
Nov 01 00:38:14.592 INFO blam! ---- profile::tests::test_get_instagram_profile stdout ----
Nov 01 00:38:14.592 INFO blam! thread 'profile::tests::test_get_instagram_profile' panicked at 'assertion failed: profile.is_ok()', src/profile.rs:102:9
Nov 01 00:38:14.592 INFO blam! stack backtrace:
Nov 01 00:38:14.592 INFO blam!    0:     0x55637408a5af - std::sys::unix::backtrace::tracing::imp::unwind_backtrace::h3c55afa80a996a32
Nov 01 00:38:14.592 INFO blam!                                at libstd/sys/unix/backtrace/tracing/gcc_s.rs:49
Nov 01 00:38:14.592 INFO blam!    1:     0x556374093e57 - std::sys_common::backtrace::print::hcef907ea7a07cd40
Nov 01 00:38:14.592 INFO blam!                                at libstd/sys_common/backtrace.rs:71
Nov 01 00:38:14.592 INFO blam!                                at libstd/sys_common/backtrace.rs:59
Nov 01 00:38:14.592 INFO blam!    2:     0x55637408e92f - std::panicking::default_hook::{{closure}}::hf541876c65f36ea7
Nov 01 00:38:14.592 INFO blam!                                at libstd/panicking.rs:211
Nov 01 00:38:14.592 INFO blam!    3:     0x55637408e62e - std::panicking::default_hook::h4ecc06b30ae4459d
Nov 01 00:38:14.592 INFO blam!                                at libstd/panicking.rs:221
Nov 01 00:38:14.592 INFO blam!    4:     0x55637408f00e - std::panicking::rust_panic_with_hook::h0cc6d9cc9f34a947
Nov 01 00:38:14.592 INFO blam!                                at libstd/panicking.rs:476
Nov 01 00:38:14.592 INFO blam!    5:     0x55637400bc17 - std::panicking::begin_panic::h5bf39ca73e567812
Nov 01 00:38:14.592 INFO blam!                                at libstd/panicking.rs:410
Nov 01 00:38:14.592 INFO blam!    6:     0x556373c19d76 - shutter::profile::tests::test_get_instagram_profile::h64bd1023a777c1d0
Nov 01 00:38:14.592 INFO blam!                                at src/profile.rs:102
Nov 01 00:38:14.592 INFO blam!    7:     0x556373c19cd9 - shutter::profile::tests::test_get_instagram_profile::{{closure}}::h41559f9411b76e24
Nov 01 00:38:14.592 INFO blam!                                at src/profile.rs:99
Nov 01 00:38:14.592 INFO blam!    8:     0x556373c1586d - core::ops::function::FnOnce::call_once::ha83faee99d3c1526
Nov 01 00:38:14.592 INFO blam!                                at libcore/ops/function.rs:238
Nov 01 00:38:14.592 INFO blam!    9:     0x556373c2ef2e - <F as alloc::boxed::FnBox<A>>::call_box::hf32558bd83684b60
Nov 01 00:38:14.592 INFO blam!                                at libtest/lib.rs:1468
Nov 01 00:38:14.592 INFO blam!                                at libcore/ops/function.rs:238
Nov 01 00:38:14.592 INFO blam!                                at liballoc/boxed.rs:672
Nov 01 00:38:14.592 INFO blam!   10:     0x55637409f089 - __rust_maybe_catch_panic
Nov 01 00:38:14.592 INFO blam!                                at libpanic_unwind/lib.rs:102
Nov 01 00:38:14.592 INFO blam!   11:     0x556373c50b92 - std::sys_common::backtrace::__rust_begin_short_backtrace::h1bb71a7386fd3269
Nov 01 00:38:14.592 INFO blam!                                at libstd/panicking.rs:289
Nov 01 00:38:14.592 INFO blam!                                at libstd/panic.rs:392
Nov 01 00:38:14.592 INFO blam!                                at libtest/lib.rs:1423
Nov 01 00:38:14.592 INFO blam!                                at libstd/sys_common/backtrace.rs:136
Nov 01 00:38:14.592 INFO blam!   12:     0x556373c51644 - std::panicking::try::do_call::h9b94719c3074bb5c
Nov 01 00:38:14.592 INFO blam!                                at libstd/thread/mod.rs:409
Nov 01 00:38:14.593 INFO blam!                                at libstd/panic.rs:313
Nov 01 00:38:14.593 INFO blam!                                at libstd/panicking.rs:310
Nov 01 00:38:14.593 INFO blam!   13:     0x55637409f089 - __rust_maybe_catch_panic
Nov 01 00:38:14.593 INFO blam!                                at libpanic_unwind/lib.rs:102
Nov 01 00:38:14.593 INFO blam!   14:     0x556373c3e86c - <F as alloc::boxed::FnBox<A>>::call_box::hb3bcd66d16fd3e84
Nov 01 00:38:14.593 INFO blam!                                at libstd/panicking.rs:289
Nov 01 00:38:14.593 INFO blam!                                at libstd/panic.rs:392
Nov 01 00:38:14.593 INFO blam!                                at libstd/thread/mod.rs:408
Nov 01 00:38:14.593 INFO blam!                                at liballoc/boxed.rs:672
Nov 01 00:38:14.593 INFO blam!   15:     0x55637408c62d - std::sys_common::thread::start_thread::had0c80d121669d29
Nov 01 00:38:14.593 INFO blam!                                at liballoc/boxed.rs:682
Nov 01 00:38:14.593 INFO blam!                                at libstd/sys_common/thread.rs:24
Nov 01 00:38:14.593 INFO blam!   16:     0x55637407f135 - std::sys::unix::thread::Thread::new::thread_start::h4a5b66a70d76f47f
Nov 01 00:38:14.593 INFO blam!                                at libstd/sys/unix/thread.rs:90
Nov 01 00:38:14.593 INFO blam!   17:     0x7ff23b9876b9 - start_thread
Nov 01 00:38:14.593 INFO blam!   18:     0x7ff23b4a741c - clone
Nov 01 00:38:14.593 INFO blam!   19:                0x0 - <unknown>
Nov 01 00:38:14.593 INFO blam! 
Nov 01 00:38:14.593 INFO blam! 
Nov 01 00:38:14.593 INFO blam! failures:
Nov 01 00:38:14.593 INFO blam!     profile::tests::test_get_instagram_profile
Nov 01 00:38:14.593 INFO blam! 
Nov 01 00:38:14.593 INFO blam! test result: FAILED. 3 passed; 1 failed; 0 ignored; 0 measured; 0 filtered out
Nov 01 00:38:14.593 INFO blam! 
Nov 01 00:38:14.603 INFO kablam! error: test failed, to rerun pass '--lib'
Nov 01 00:38:14.603 INFO kablam! su: No module specific data is present
Nov 01 00:38:15.767 INFO running `"docker" "rm" "-f" "025087f3c4f30ed7ecfeb2d1f0307540a07655ba512a9dfddd1b99258bd6ee64"`
Nov 01 00:38:16.191 INFO blam! 025087f3c4f30ed7ecfeb2d1f0307540a07655ba512a9dfddd1b99258bd6ee64
